-- Table structure for journal_kinds
-- ----------------------------
CREATE TABLE `journal_kinds`  (
  `id` int UNSIGNED NOT NULL AUTO_INCREMENT,
  `name` varchar(255) CHARACTER SET utf8mb4 COLLATE utf8mb4_unicode_ci NOT NULL,
  `foreign_name` varchar(255) CHARACTER SET utf8mb4 COLLATE utf8mb4_unicode_ci NULL DEFAULT NULL,
  `number` varchar(255) CHARACTER SET utf8mb4 COLLATE utf8mb4_unicode_ci NULL DEFAULT NULL,
  `created_by` int UNSIGNED NULL DEFAULT NULL,
  `deleted_by` int UNSIGNED NULL DEFAULT NULL,
  `approved_by` int UNSIGNED NULL DEFAULT NULL,
  `approved_date` date NULL DEFAULT NULL,
  `approved_state_id` int UNSIGNED NULL DEFAULT NULL,
  `note` text CHARACTER SET utf8mb4 COLLATE utf8mb4_unicode_ci NULL,
  `created_at` timestamp NULL DEFAULT NULL,
  `updated_at` timestamp NULL DEFAULT NULL,
  `deleted_at` timestamp NULL DEFAULT NULL,
  PRIMARY KEY (`id`) USING BTREE,
  INDEX `journal_kinds_approved_state_id_foreign`(`approved_state_id` ASC) USING BTREE,
  INDEX `journal_kinds_created_by_foreign`(`created_by` ASC) USING BTREE,
  INDEX `journal_kinds_deleted_by_foreign`(`deleted_by` ASC) USING BTREE,
  CONSTRAINT `journal_kinds_approved_state_id_foreign` FOREIGN KEY (`approved_state_id`) REFERENCES `approval_status` (`id`) ON DELETE RESTRICT ON UPDATE RESTRICT,
  CONSTRAINT `journal_kinds_created_by_foreign` FOREIGN KEY (`created_by`) REFERENCES `users` (`id`) ON DELETE RESTRICT ON UPDATE RESTRICT,
  CONSTRAINT `journal_kinds_deleted_by_foreign` FOREIGN KEY (`deleted_by`) REFERENCES `users` (`id`) ON DELETE RESTRICT ON UPDATE RESTRICT
) ENGINE = InnoDB AUTO_INCREMENT = 13 CHARACTER SET = utf8mb4 COLLATE = utf8mb4_unicode_ci ROW_FORMAT = DYNAMIC;

-- ----------------------------
-- Records of journal_kinds
-- ----------------------------
INSERT INTO `journal_kinds` VALUES (1, 'قيد', 'journal', '1', 1, NULL, NULL, NULL, NULL, NULL, '2025-06-12 14:05:49', '2025-06-12 14:05:49', NULL);
INSERT INTO `journal_kinds` VALUES (2, 'قيد اقفال', 'Closing journal', '2', 1, NULL, NULL, NULL, NULL, NULL, '2025-06-12 14:05:49', '2025-06-12 14:05:49', NULL);
INSERT INTO `journal_kinds` VALUES (3, 'سند قبض', 'Cash receipt', '3', 1, NULL, NULL, NULL, NULL, NULL, '2025-06-12 14:05:49', '2025-06-12 14:05:49', NULL);
INSERT INTO `journal_kinds` VALUES (4, 'سند صرف', 'Payment voucher', '4', 1, NULL, NULL, NULL, NULL, NULL, '2025-06-12 14:05:49', '2025-06-12 14:05:49', NULL);
INSERT INTO `journal_kinds` VALUES (5, 'قيد افتتاحي', 'Opening entry voucher', '5', 1, NULL, NULL, NULL, NULL, NULL, '2025-06-12 14:05:49', '2025-06-12 14:05:49', NULL);
INSERT INTO `journal_kinds` VALUES (6, 'فاتورة مبيعات', 'Sales invoice', '6', 1, NULL, NULL, NULL, NULL, NULL, '2025-06-12 14:05:49', '2025-06-12 14:05:49', NULL);
INSERT INTO `journal_kinds` VALUES (7, 'فاتورة مردودات مبيعات', 'Refund sales invoice', '7', 1, NULL, NULL, NULL, NULL, NULL, '2025-06-12 14:05:49', '2025-06-12 14:05:49', NULL);
INSERT INTO `journal_kinds` VALUES (8, 'فاتورة مشتريات', 'Purchase invoice', '8', 1, NULL, NULL, NULL, NULL, NULL, '2025-06-12 14:05:49', '2025-06-12 14:05:49', NULL);
INSERT INTO `journal_kinds` VALUES (9, 'فاتورة مردودات مشتريات', 'Refund purchase invoice', '9', 1, NULL, NULL, NULL, NULL, NULL, '2025-06-12 14:05:49', '2025-06-12 14:05:49', NULL);
INSERT INTO `journal_kinds` VALUES (10, 'فاتورة نقطة بيع', 'Pos invoice', '10', 1, NULL, NULL, NULL, NULL, NULL, '2025-06-12 14:05:49', '2025-06-12 14:05:49', NULL);
INSERT INTO `journal_kinds` VALUES (11, 'فاتورة مرتجع نقطة بيع', 'Refund Pos invoice', '11', 1, NULL, NULL, NULL, NULL, NULL, '2025-06-12 14:05:49', '2025-06-12 14:05:49', NULL);
INSERT INTO `journal_kinds` VALUES (12, 'فاتورة مشتريات خارجية', 'External purchase invoice', '12', 1, NULL, NULL, NULL, NULL, NULL, '2025-06-12 14:05:49', '2025-06-12 14:05:49', NULL);

-- ----------------------------
-- Table structure for journal_types
-- ----------------------------
CREATE TABLE `journal_types`  (
  `id` int UNSIGNED NOT NULL AUTO_INCREMENT,
  `name` varchar(255) CHARACTER SET utf8mb4 COLLATE utf8mb4_unicode_ci NOT NULL,
  `number` varchar(255) CHARACTER SET utf8mb4 COLLATE utf8mb4_unicode_ci NULL DEFAULT NULL,
  `foreign_name` varchar(255) CHARACTER SET utf8mb4 COLLATE utf8mb4_unicode_ci NULL DEFAULT NULL,
  `created_by` int UNSIGNED NULL DEFAULT NULL,
  `deleted_by` int UNSIGNED NULL DEFAULT NULL,
  `created_at` timestamp NULL DEFAULT NULL,
  `updated_at` timestamp NULL DEFAULT NULL,
  `deleted_at` timestamp NULL DEFAULT NULL,
  PRIMARY KEY (`id`) USING BTREE,
  INDEX `journal_types_created_by_foreign`(`created_by` ASC) USING BTREE,
  INDEX `journal_types_deleted_by_foreign`(`deleted_by` ASC) USING BTREE,
  CONSTRAINT `journal_types_created_by_foreign` FOREIGN KEY (`created_by`) REFERENCES `users` (`id`) ON DELETE RESTRICT ON UPDATE RESTRICT,
  CONSTRAINT `journal_types_deleted_by_foreign` FOREIGN KEY (`deleted_by`) REFERENCES `users` (`id`) ON DELETE RESTRICT ON UPDATE RESTRICT
) ENGINE = InnoDB AUTO_INCREMENT = 6 CHARACTER SET = utf8mb4 COLLATE = utf8mb4_unicode_ci ROW_FORMAT = DYNAMIC;

-- ----------------------------
-- Records of journal_types
-- ----------------------------
INSERT INTO `journal_types` VALUES (1, 'مبيعات', '1', 'Sales', 1, NULL, '2025-06-12 14:05:49', '2025-06-12 14:05:49', NULL);
INSERT INTO `journal_types` VALUES (2, 'مشتريات', '2', 'Purchase', 1, NULL, '2025-06-12 14:05:49', '2025-06-12 14:05:49', NULL);
INSERT INTO `journal_types` VALUES (3, 'كاش', '3', 'Cash', 1, NULL, '2025-06-12 14:05:49', '2025-06-12 14:05:49', NULL);
INSERT INTO `journal_types` VALUES (4, 'بنك', '4', 'Bank', 1, NULL, '2025-06-12 14:05:49', '2025-06-12 14:05:49', NULL);
INSERT INTO `journal_types` VALUES (5, 'متفرقة', '5', 'Miscellaneous', 1, NULL, '2025-06-12 14:05:49', '2025-06-12 14:05:49', NULL);

-- ----------------------------
-- Table structure for journals
-- ----------------------------
CREATE TABLE `journals`  (
  `id` int UNSIGNED NOT NULL AUTO_INCREMENT,
  `name` varchar(255) CHARACTER SET utf8mb4 COLLATE utf8mb4_unicode_ci NOT NULL,
  `foreign_name` varchar(255) CHARACTER SET utf8mb4 COLLATE utf8mb4_unicode_ci NULL DEFAULT NULL,
  `number` varchar(255) CHARACTER SET utf8mb4 COLLATE utf8mb4_unicode_ci NULL DEFAULT NULL,
  `next_number` varchar(255) CHARACTER SET utf8mb4 COLLATE utf8mb4_unicode_ci NULL DEFAULT NULL,
  `cost_center_state` int UNSIGNED NOT NULL,
  `check_state` int UNSIGNED NULL DEFAULT NULL,
  `active_on_navbar` int UNSIGNED NULL DEFAULT NULL,
  `journal_type_id` int UNSIGNED NOT NULL,
  `numbering_type_id` int UNSIGNED NOT NULL,
  `default_debit_account_id` int UNSIGNED NULL DEFAULT NULL,
  `default_credit_account_id` int UNSIGNED NULL DEFAULT NULL,
  `journal_group_id` int UNSIGNED NULL DEFAULT NULL,
  `transfer_type_id` int UNSIGNED NULL DEFAULT NULL,
  `journal_kind_id` int UNSIGNED NULL DEFAULT NULL,
  `refund_journal_id` int UNSIGNED NULL DEFAULT NULL,
  `branch_id` int UNSIGNED NULL DEFAULT NULL,
  `tax_state_id` int UNSIGNED NULL DEFAULT NULL,
  `default_payment_method_id` int UNSIGNED NULL DEFAULT NULL,
  `default_partner_id` int UNSIGNED NULL DEFAULT NULL,
  `is_it_for_orders` int UNSIGNED NULL DEFAULT NULL,
  `warehouse_id` int UNSIGNED NULL DEFAULT NULL,
  `cost_center_id` int UNSIGNED NULL DEFAULT NULL,
  `sales_account` int UNSIGNED NULL DEFAULT NULL,
  `refund_sales_account` int UNSIGNED NULL DEFAULT NULL,
  `none_tax_account` int UNSIGNED NULL DEFAULT NULL,
  `zero_tax_account` int UNSIGNED NULL DEFAULT NULL,
  `transport_account` int UNSIGNED NULL DEFAULT NULL,
  `tax_account` int UNSIGNED NULL DEFAULT NULL,
  `the_name_of_the_note` varchar(255) CHARACTER SET utf8mb4 COLLATE utf8mb4_unicode_ci NULL DEFAULT NULL,
  `header` text CHARACTER SET utf8mb4 COLLATE utf8mb4_unicode_ci NULL,
  `receipt_header` text CHARACTER SET utf8mb4 COLLATE utf8mb4_unicode_ci NULL,
  `footer` text CHARACTER SET utf8mb4 COLLATE utf8mb4_unicode_ci NULL,
  `terms` text CHARACTER SET utf8mb4 COLLATE utf8mb4_unicode_ci NULL,
  `code` varchar(255) CHARACTER SET utf8mb4 COLLATE utf8mb4_unicode_ci NULL DEFAULT NULL,
  `approved_by` int UNSIGNED NULL DEFAULT NULL,
  `approved_date` date NULL DEFAULT NULL,
  `approved_state_id` int UNSIGNED NULL DEFAULT NULL,
  `note` text CHARACTER SET utf8mb4 COLLATE utf8mb4_unicode_ci NULL,
  `created_by` int UNSIGNED NULL DEFAULT NULL,
  `deleted_by` int UNSIGNED NULL DEFAULT NULL,
  `created_at` timestamp NULL DEFAULT NULL,
  `updated_at` timestamp NULL DEFAULT NULL,
  `deleted_at` timestamp NULL DEFAULT NULL,
  PRIMARY KEY (`id`) USING BTREE,
  INDEX `journals_cost_center_state_foreign`(`cost_center_state` ASC) USING BTREE,
  INDEX `journals_tax_state_id_foreign`(`tax_state_id` ASC) USING BTREE,
  INDEX `journals_check_state_foreign`(`check_state` ASC) USING BTREE,
  INDEX `journals_journal_type_id_foreign`(`journal_type_id` ASC) USING BTREE,
  INDEX `journals_numbering_type_id_foreign`(`numbering_type_id` ASC) USING BTREE,
  INDEX `journals_default_debit_account_id_foreign`(`default_debit_account_id` ASC) USING BTREE,
  INDEX `journals_default_credit_account_id_foreign`(`default_credit_account_id` ASC) USING BTREE,
  INDEX `journals_journal_group_id_foreign`(`journal_group_id` ASC) USING BTREE,
  INDEX `journals_transfer_type_id_foreign`(`transfer_type_id` ASC) USING BTREE,
  INDEX `journals_journal_kind_id_foreign`(`journal_kind_id` ASC) USING BTREE,
  INDEX `journals_refund_journal_id_foreign`(`refund_journal_id` ASC) USING BTREE,
  INDEX `journals_approved_state_id_foreign`(`approved_state_id` ASC) USING BTREE,
  INDEX `journals_created_by_foreign`(`created_by` ASC) USING BTREE,
  INDEX `journals_deleted_by_foreign`(`deleted_by` ASC) USING BTREE,
  CONSTRAINT `journals_approved_state_id_foreign` FOREIGN KEY (`approved_state_id`) REFERENCES `approval_status` (`id`) ON DELETE RESTRICT ON UPDATE RESTRICT,
  CONSTRAINT `journals_check_state_foreign` FOREIGN KEY (`check_state`) REFERENCES `status` (`id`) ON DELETE RESTRICT ON UPDATE RESTRICT,
  CONSTRAINT `journals_cost_center_state_foreign` FOREIGN KEY (`cost_center_state`) REFERENCES `status` (`id`) ON DELETE RESTRICT ON UPDATE RESTRICT,
  CONSTRAINT `journals_created_by_foreign` FOREIGN KEY (`created_by`) REFERENCES `users` (`id`) ON DELETE RESTRICT ON UPDATE RESTRICT,
  CONSTRAINT `journals_default_credit_account_id_foreign` FOREIGN KEY (`default_credit_account_id`) REFERENCES `users` (`id`) ON DELETE RESTRICT ON UPDATE RESTRICT,
  CONSTRAINT `journals_default_debit_account_id_foreign` FOREIGN KEY (`default_debit_account_id`) REFERENCES `users` (`id`) ON DELETE RESTRICT ON UPDATE RESTRICT,
  CONSTRAINT `journals_deleted_by_foreign` FOREIGN KEY (`deleted_by`) REFERENCES `users` (`id`) ON DELETE RESTRICT ON UPDATE RESTRICT,
  CONSTRAINT `journals_journal_group_id_foreign` FOREIGN KEY (`journal_group_id`) REFERENCES `journal_groups` (`id`) ON DELETE RESTRICT ON UPDATE RESTRICT,
  CONSTRAINT `journals_journal_kind_id_foreign` FOREIGN KEY (`journal_kind_id`) REFERENCES `journal_kinds` (`id`) ON DELETE RESTRICT ON UPDATE RESTRICT,
  CONSTRAINT `journals_journal_type_id_foreign` FOREIGN KEY (`journal_type_id`) REFERENCES `journal_types` (`id`) ON DELETE RESTRICT ON UPDATE RESTRICT,
  CONSTRAINT `journals_numbering_type_id_foreign` FOREIGN KEY (`numbering_type_id`) REFERENCES `numbering_types` (`id`) ON DELETE RESTRICT ON UPDATE RESTRICT,
  CONSTRAINT `journals_refund_journal_id_foreign` FOREIGN KEY (`refund_journal_id`) REFERENCES `journals` (`id`) ON DELETE RESTRICT ON UPDATE RESTRICT,
  CONSTRAINT `journals_tax_state_id_foreign` FOREIGN KEY (`tax_state_id`) REFERENCES `tax_status` (`id`) ON DELETE RESTRICT ON UPDATE RESTRICT,
  CONSTRAINT `journals_transfer_type_id_foreign` FOREIGN KEY (`transfer_type_id`) REFERENCES `transfer_types` (`id`) ON DELETE RESTRICT ON UPDATE RESTRICT
) ENGINE = InnoDB AUTO_INCREMENT = 11 CHARACTER SET = utf8mb4 COLLATE = utf8mb4_unicode_ci ROW_FORMAT = DYNAMIC;

-- ----------------------------
-- Records of journals
-- ----------------------------
INSERT INTO `journals` VALUES (1, 'قيد', 'Journal entry', '1', '22', 1, 1, 1, 1, 4, NULL, NULL, NULL, NULL, 1, NULL, 1, NULL, NULL, NULL, NULL, NULL, NULL, NULL, NULL, NULL, NULL, NULL, NULL, NULL, '<div class=\"row\">\r\n    <div class=\"col-5 center\">\r\n        <div class=\"bold\" style=\"font-size:30px\">مجمع عيسى الطباخي وشركاه</div>\r\n    </div>\r\n    <div class=\"col-2 center\">\r\n        <img width=\"180px\" height=\"100px\" src=\"https://eesa.cyberlapaccounts.com/main/public/storage/eesa.cyberlapaccounts.com/logo.png\" />\r\n    </div>\r\n    <div class=\"col-5 center\">\r\n        <div class=\"bold\" style=\"font-size:30px\">مجمع عيسى الطباخي وشركاه</div>\r\n    </div>\r\n</div>', NULL, NULL, NULL, NULL, NULL, NULL, NULL, NULL, 1, NULL, '2025-06-12 14:05:49', '2025-08-06 15:23:45', NULL);
INSERT INTO `journals` VALUES (2, 'قبض', 'Receipt', '2', '1633', 1, 2, 1, 1, 4, NULL, NULL, NULL, NULL, 3, NULL, 1, NULL, NULL, NULL, NULL, NULL, NULL, NULL, NULL, NULL, NULL, NULL, NULL, NULL, '<div class=\"row\">\r\n    <div class=\"col-5 center\">\r\n        <div class=\"bold\" style=\"font-size:30px\">مجمع عيسى الطباخي وشركاه</div>\r\n    </div>\r\n    <div class=\"col-2 center\">\r\n        <img width=\"180px\" height=\"100px\" src=\"https://eesa.cyberlapaccounts.com/main/public/storage/eesa.cyberlapaccounts.com/logo.png\" />\r\n    </div>\r\n    <div class=\"col-5 center\">\r\n        <div class=\"bold\" style=\"font-size:30px\">مجمع عيسى الطباخي وشركاه</div>\r\n    </div>\r\n</div>', NULL, NULL, NULL, NULL, NULL, NULL, NULL, NULL, 1, NULL, '2025-06-12 14:05:49', '2025-08-10 15:16:10', NULL);
INSERT INTO `journals` VALUES (3, 'صرف', 'Payment', '3', '224', 1, 1, 1, 1, 4, NULL, NULL, NULL, NULL, 4, NULL, 1, NULL, NULL, NULL, NULL, NULL, NULL, NULL, NULL, NULL, NULL, NULL, NULL, NULL, '<div class=\"row\">\r\n    <div class=\"col-5 center\">\r\n        <div class=\"bold\" style=\"font-size:30px\">مجمع عيسى الطباخي وشركاه</div>\r\n    </div>\r\n    <div class=\"col-2 center\">\r\n        <img width=\"180px\" height=\"100px\" src=\"https://eesa.cyberlapaccounts.com/main/public/storage/eesa.cyberlapaccounts.com/logo.png\" />\r\n    </div>\r\n    <div class=\"col-5 center\">\r\n        <div class=\"bold\" style=\"font-size:30px\">مجمع عيسى الطباخي وشركاه</div>\r\n    </div>\r\n</div>', NULL, NULL, NULL, NULL, NULL, NULL, NULL, NULL, 1, NULL, '2025-06-12 14:05:49', '2025-08-10 15:15:39', NULL);
INSERT INTO `journals` VALUES (4, 'فاتورة بيع', 'Sales invoice', '4', NULL, 1, 1, 1, 1, 1, NULL, NULL, NULL, 2, 6, NULL, 1, 1, 1, NULL, 2, 1, 1, 243, NULL, NULL, NULL, NULL, NULL, NULL, '<div class=\"row\">\r\n    <div class=\"col-5 center\">\r\n        <div class=\"bold\" style=\"font-size:30px\">مجمع عيسى الطباخي وشركاه</div>\r\n    </div>\r\n    <div class=\"col-2 center\">\r\n        <img width=\"180px\" height=\"100px\" src=\"https://eesa.cyberlapaccounts.com/main/public/storage/eesa.cyberlapaccounts.com/logo.png\" />\r\n    </div>\r\n    <div class=\"col-5 center\">\r\n        <div class=\"bold\" style=\"font-size:30px\">مجمع عيسى الطباخي وشركاه</div>\r\n    </div>\r\n</div>', NULL, '<div class=\"end-footer\">\r\n                    <div class=\"bold center\">\r\n                        تعتبر جميع المواد المدونة في الفاتورة قد سلمت للعميل وفي حالة جيدة وصالحة\r\n                        وأن المشتري قد استلمها بعد المعاينة والقبول\r\n                    </div>\r\n                    <div>\r\n                        <div class=\"row\">\r\n                            <div class=\"col-6\"><h1>اسم المستلم:  ________________</h1></div>\r\n                            <div class=\"col-6\"><h1>توقيع المستلم :  ________________</h1></div>\r\n                        </div>\r\n                        <br />\r\n                        <div class=\"bg\" style=\"height: 40px; background-color:#3498db\"></div>\r\n                    </div>\r\n                </div>', 'invoice terms', NULL, NULL, NULL, NULL, NULL, 1, NULL, '2025-06-12 14:05:49', '2025-07-09 13:56:31', NULL);
INSERT INTO `journals` VALUES (5, 'فاتورة مردودات بيع', 'Refund sales invoice', '5', NULL, 1, 1, 1, 1, 1, NULL, NULL, NULL, 1, 7, NULL, 1, NULL, NULL, NULL, 2, NULL, NULL, 38, NULL, NULL, NULL, NULL, NULL, NULL, '<div class=\"row\">\r\n    <div class=\"col-5 center\">\r\n        <div class=\"bold\" style=\"font-size:30px\">مجمع عيسى الطباخي وشركاه</div>\r\n    </div>\r\n    <div class=\"col-2 center\">\r\n        <img width=\"180px\" height=\"100px\" src=\"https://eesa.cyberlapaccounts.com/main/public/storage/eesa.cyberlapaccounts.com/logo.png\" />\r\n    </div>\r\n    <div class=\"col-5 center\">\r\n        <div class=\"bold\" style=\"font-size:30px\">مجمع عيسى الطباخي وشركاه</div>\r\n    </div>\r\n</div>', NULL, '<div class=\"end-footer\">\r\n                    <div class=\"bold center\">\r\n                        تعتبر جميع المواد المدونة في الفاتورة قد سلمت للعميل وفي حالة جيدة وصالحة\r\n                        وأن المشتري قد استلمها بعد المعاينة والقبول\r\n                    </div>\r\n                    <div>\r\n                        <div class=\"row\">\r\n                            <div class=\"col-6\"><h1>اسم المستلم:  ________________</h1></div>\r\n                            <div class=\"col-6\"><h1>توقيع المستلم :  ________________</h1></div>\r\n                        </div>\r\n                        <br />\r\n                        <div class=\"bg\" style=\"height: 40px; background-color:#3498db\"></div>\r\n                    </div>\r\n                </div>', 'invoice terms', NULL, NULL, NULL, NULL, NULL, 1, NULL, '2025-06-12 14:05:49', '2025-07-09 10:36:06', NULL);
INSERT INTO `journals` VALUES (6, 'فاتورة مشتريات', 'Purchases invoice', '6', NULL, 1, 1, 1, 2, 1, NULL, NULL, NULL, 1, 8, NULL, 1, NULL, NULL, NULL, 2, NULL, NULL, 44, NULL, NULL, NULL, NULL, NULL, NULL, '<div class=\"row\">\r\n    <div class=\"col-5 center\">\r\n        <div class=\"bold\" style=\"font-size:30px\">مجمع عيسى الطباخي وشركاه</div>\r\n    </div>\r\n    <div class=\"col-2 center\">\r\n        <img width=\"180px\" height=\"100px\" src=\"https://eesa.cyberlapaccounts.com/main/public/storage/eesa.cyberlapaccounts.com/logo.png\" />\r\n    </div>\r\n    <div class=\"col-5 center\">\r\n        <div class=\"bold\" style=\"font-size:30px\">مجمع عيسى الطباخي وشركاه</div>\r\n    </div>\r\n</div>', NULL, '<div class=\"end-footer\">\r\n                    <div class=\"bold center\">\r\n                        تعتبر جميع المواد المدونة في الفاتورة قد سلمت للعميل وفي حالة جيدة وصالحة\r\n                        وأن المشتري قد استلمها بعد المعاينة والقبول\r\n                    </div>\r\n                    <div>\r\n                        <div class=\"row\">\r\n                            <div class=\"col-6\"><h1>اسم المستلم:  ________________</h1></div>\r\n                            <div class=\"col-6\"><h1>توقيع المستلم :  ________________</h1></div>\r\n                        </div>\r\n                        <br />\r\n                        <div class=\"bg\" style=\"height: 40px; background-color:#3498db\"></div>\r\n                    </div>\r\n                </div>', 'invoice terms', NULL, NULL, NULL, NULL, NULL, 1, NULL, '2025-06-12 14:05:49', '2025-07-09 10:36:09', NULL);
INSERT INTO `journals` VALUES (7, 'فاتورة مردود مشتريات', 'Refund purchases invoice', '7', NULL, 1, 1, 1, 2, 1, NULL, NULL, NULL, 2, 9, NULL, 1, NULL, NULL, NULL, 2, NULL, NULL, 45, NULL, NULL, NULL, NULL, NULL, NULL, '<div class=\"row\">\r\n    <div class=\"col-5 center\">\r\n        <div class=\"bold\" style=\"font-size:30px\">مجمع عيسى الطباخي وشركاه</div>\r\n    </div>\r\n    <div class=\"col-2 center\">\r\n        <img width=\"180px\" height=\"100px\" src=\"https://eesa.cyberlapaccounts.com/main/public/storage/eesa.cyberlapaccounts.com/logo.png\" />\r\n    </div>\r\n    <div class=\"col-5 center\">\r\n        <div class=\"bold\" style=\"font-size:30px\">مجمع عيسى الطباخي وشركاه</div>\r\n    </div>\r\n</div>', NULL, '<div class=\"end-footer\">\r\n                    <div class=\"bold center\">\r\n                        تعتبر جميع المواد المدونة في الفاتورة قد سلمت للعميل وفي حالة جيدة وصالحة\r\n                        وأن المشتري قد استلمها بعد المعاينة والقبول\r\n                    </div>\r\n                    <div>\r\n                        <div class=\"row\">\r\n                            <div class=\"col-6\"><h1>اسم المستلم:  ________________</h1></div>\r\n                            <div class=\"col-6\"><h1>توقيع المستلم :  ________________</h1></div>\r\n                        </div>\r\n                        <br />\r\n                        <div class=\"bg\" style=\"height: 40px; background-color:#3498db\"></div>\r\n                    </div>\r\n                </div>', 'invoice terms', NULL, NULL, NULL, NULL, NULL, 1, NULL, '2025-06-12 14:05:49', '2025-07-09 10:36:11', NULL);
INSERT INTO `journals` VALUES (8, 'فاتورة نقطة بيع', 'Pos invoice', '8', NULL, 1, 1, 1, 1, 1, NULL, NULL, NULL, 2, 10, NULL, 1, NULL, NULL, NULL, 2, NULL, NULL, 37, NULL, NULL, NULL, NULL, NULL, NULL, '<div class=\"row\">\r\n    <div class=\"col-5 center\">\r\n        <div class=\"bold\" style=\"font-size:30px\">مجمع عيسى الطباخي وشركاه</div>\r\n    </div>\r\n    <div class=\"col-2 center\">\r\n        <img width=\"180px\" height=\"100px\" src=\"https://eesa.cyberlapaccounts.com/main/public/storage/eesa.cyberlapaccounts.com/logo.png\" />\r\n    </div>\r\n    <div class=\"col-5 center\">\r\n        <div class=\"bold\" style=\"font-size:30px\">مجمع عيسى الطباخي وشركاه</div>\r\n    </div>\r\n</div>', NULL, NULL, NULL, NULL, NULL, NULL, NULL, NULL, 1, NULL, '2025-06-12 14:05:49', '2025-07-09 10:36:13', NULL);
INSERT INTO `journals` VALUES (9, 'فاتورة مرتجع نقطة بيع', 'Refund Pos invoice', '9', NULL, 1, 1, 1, 1, 1, NULL, NULL, NULL, 1, 11, NULL, 1, NULL, NULL, NULL, 2, NULL, NULL, 38, NULL, NULL, NULL, NULL, NULL, NULL, '<div class=\"row\">\r\n    <div class=\"col-5 center\">\r\n        <div class=\"bold\" style=\"font-size:30px\">مجمع عيسى الطباخي وشركاه</div>\r\n    </div>\r\n    <div class=\"col-2 center\">\r\n        <img width=\"180px\" height=\"100px\" src=\"https://eesa.cyberlapaccounts.com/main/public/storage/eesa.cyberlapaccounts.com/logo.png\" />\r\n    </div>\r\n    <div class=\"col-5 center\">\r\n        <div class=\"bold\" style=\"font-size:30px\">مجمع عيسى الطباخي وشركاه</div>\r\n    </div>\r\n</div>', NULL, NULL, NULL, NULL, NULL, NULL, NULL, NULL, 1, NULL, '2025-06-12 14:05:49', '2025-07-09 10:36:16', NULL);
INSERT INTO `journals` VALUES (10, 'فاتورة مشتريات خارجية', 'External purchase invoice', '10', NULL, 1, 1, 1, 1, 1, NULL, NULL, NULL, 1, 12, NULL, 1, NULL, NULL, NULL, 2, NULL, NULL, 44, NULL, NULL, NULL, NULL, NULL, NULL, '<div class=\"row\">\r\n    <div class=\"col-5 center\">\r\n        <div class=\"bold\" style=\"font-size:30px\">مجمع عيسى الطباخي وشركاه</div>\r\n    </div>\r\n    <div class=\"col-2 center\">\r\n        <img width=\"180px\" height=\"100px\" src=\"https://eesa.cyberlapaccounts.com/main/public/storage/eesa.cyberlapaccounts.com/logo.png\" />\r\n    </div>\r\n    <div class=\"col-5 center\">\r\n        <div class=\"bold\" style=\"font-size:30px\">مجمع عيسى الطباخي وشركاه</div>\r\n    </div>\r\n</div>', NULL, '<div class=\"end-footer\">\r\n                    <div class=\"bold center\">\r\n                        تعتبر جميع المواد المدونة في الفاتورة قد سلمت للعميل وفي حالة جيدة وصالحة\r\n                        وأن المشتري قد استلمها بعد المعاينة والقبول\r\n                    </div>\r\n                    <div>\r\n                        <div class=\"row\">\r\n                            <div class=\"col-6\"><h1>اسم المستلم:  ________________</h1></div>\r\n                            <div class=\"col-6\"><h1>توقيع المستلم :  ________________</h1></div>\r\n                        </div>\r\n                        <br />\r\n                        <div class=\"bg\" style=\"height: 40px; background-color:#3498db\"></div>\r\n                    </div>\r\n                </div>', 'invoice terms', NULL, NULL, NULL, NULL, NULL, 1, NULL, '2025-06-12 14:05:49', '2025-07-09 10:36:19', NULL);

-- ----------------------------
-- Table structure for line_specifications
-- ----------------------------
CREATE TABLE `line_specifications`  (
  `id` int UNSIGNED NOT NULL AUTO_INCREMENT,
  `note_voucher_line_id` int UNSIGNED NOT NULL,
  `product_specification_id` int UNSIGNED NOT NULL,
  `product_specification_value_id` int UNSIGNED NULL DEFAULT NULL,
  `value` varchar(255) CHARACTER SET utf8mb4 COLLATE utf8mb4_unicode_ci NULL DEFAULT NULL,
  `note` text CHARACTER SET utf8mb4 COLLATE utf8mb4_unicode_ci NULL,
  `created_by` int UNSIGNED NULL DEFAULT NULL,
  `deleted_by` int UNSIGNED NULL DEFAULT NULL,
  `approved_by` int UNSIGNED NULL DEFAULT NULL,
  `approved_date` date NULL DEFAULT NULL,
  `approved_state_id` int UNSIGNED NULL DEFAULT NULL,
  `created_at` timestamp NULL DEFAULT NULL,
  `updated_at` timestamp NULL DEFAULT NULL,
  `deleted_at` timestamp NULL DEFAULT NULL,
  PRIMARY KEY (`id`) USING BTREE,
  INDEX `line_specifications_note_voucher_line_id_foreign`(`note_voucher_line_id` ASC) USING BTREE,
  INDEX `line_specifications_product_specification_id_foreign`(`product_specification_id` ASC) USING BTREE,
  INDEX `line_specifications_product_specification_value_id_foreign`(`product_specification_value_id` ASC) USING BTREE,
  INDEX `line_specifications_approved_by_foreign`(`approved_by` ASC) USING BTREE,
  INDEX `line_specifications_approved_state_id_foreign`(`approved_state_id` ASC) USING BTREE,
  INDEX `line_specifications_created_by_foreign`(`created_by` ASC) USING BTREE,
  INDEX `line_specifications_deleted_by_foreign`(`deleted_by` ASC) USING BTREE,
  CONSTRAINT `line_specifications_approved_by_foreign` FOREIGN KEY (`approved_by`) REFERENCES `users` (`id`) ON DELETE RESTRICT ON UPDATE RESTRICT,
  CONSTRAINT `line_specifications_approved_state_id_foreign` FOREIGN KEY (`approved_state_id`) REFERENCES `approval_status` (`id`) ON DELETE RESTRICT ON UPDATE RESTRICT,
  CONSTRAINT `line_specifications_created_by_foreign` FOREIGN KEY (`created_by`) REFERENCES `users` (`id`) ON DELETE RESTRICT ON UPDATE RESTRICT,
  CONSTRAINT `line_specifications_deleted_by_foreign` FOREIGN KEY (`deleted_by`) REFERENCES `users` (`id`) ON DELETE RESTRICT ON UPDATE RESTRICT,
  CONSTRAINT `line_specifications_note_voucher_line_id_foreign` FOREIGN KEY (`note_voucher_line_id`) REFERENCES `note_voucher_lines` (`id`) ON DELETE RESTRICT ON UPDATE RESTRICT,
  CONSTRAINT `line_specifications_product_specification_id_foreign` FOREIGN KEY (`product_specification_id`) REFERENCES `product_specifications` (`id`) ON DELETE RESTRICT ON UPDATE RESTRICT,
  CONSTRAINT `line_specifications_product_specification_value_id_foreign` FOREIGN KEY (`product_specification_value_id`) REFERENCES `product_specification_values` (`id`) ON DELETE RESTRICT ON UPDATE RESTRICT
) ENGINE = InnoDB AUTO_INCREMENT = 1 CHARACTER SET = utf8mb4 COLLATE = utf8mb4_unicode_ci ROW_FORMAT = DYNAMIC;

-- ----------------------------
-- Records of line_specifications
-- ----------------------------

-- ----------------------------
-- Table structure for locations
-- ----------------------------
CREATE TABLE `locations`  (
  `id` int UNSIGNED NOT NULL AUTO_INCREMENT,
  `name` varchar(255) CHARACTER SET utf8mb4 COLLATE utf8mb4_unicode_ci NOT NULL,
  `foreign_name` varchar(255) CHARACTER SET utf8mb4 COLLATE utf8mb4_unicode_ci NULL DEFAULT NULL,
  `number` varchar(255) CHARACTER SET utf8mb4 COLLATE utf8mb4_unicode_ci NULL DEFAULT NULL,
  `location_id` int UNSIGNED NULL DEFAULT NULL,
  `main_child_zeros` int UNSIGNED NULL DEFAULT NULL,
  `main_child_counter` int UNSIGNED NULL DEFAULT NULL,
  `created_by` int UNSIGNED NULL DEFAULT NULL,
  `deleted_by` int UNSIGNED NULL DEFAULT NULL,
  `approved_by` int UNSIGNED NULL DEFAULT NULL,
  `approved_date` date NULL DEFAULT NULL,
  `approved_state_id` int UNSIGNED NULL DEFAULT NULL,
  `note` text CHARACTER SET utf8mb4 COLLATE utf8mb4_unicode_ci NULL,
  `created_at` timestamp NULL DEFAULT NULL,
  `updated_at` timestamp NULL DEFAULT NULL,
  `deleted_at` timestamp NULL DEFAULT NULL,
  PRIMARY KEY (`id`) USING BTREE,
  INDEX `locations_location_id_foreign`(`location_id` ASC) USING BTREE,
  INDEX `locations_approved_state_id_foreign`(`approved_state_id` ASC) USING BTREE,
  INDEX `locations_created_by_foreign`(`created_by` ASC) USING BTREE,
  INDEX `locations_deleted_by_foreign`(`deleted_by` ASC) USING BTREE,
  CONSTRAINT `locations_approved_state_id_foreign` FOREIGN KEY (`approved_state_id`) REFERENCES `approval_status` (`id`) ON DELETE RESTRICT ON UPDATE RESTRICT,
  CONSTRAINT `locations_created_by_foreign` FOREIGN KEY (`created_by`) REFERENCES `users` (`id`) ON DELETE RESTRICT ON UPDATE RESTRICT,
  CONSTRAINT `locations_deleted_by_foreign` FOREIGN KEY (`deleted_by`) REFERENCES `users` (`id`) ON DELETE RESTRICT ON UPDATE RESTRICT,
  CONSTRAINT `locations_location_id_foreign` FOREIGN KEY (`location_id`) REFERENCES `locations` (`id`) ON DELETE RESTRICT ON UPDATE RESTRICT
) ENGINE = InnoDB AUTO_INCREMENT = 1 CHARACTER SET = utf8mb4 COLLATE = utf8mb4_unicode_ci ROW_FORMAT = DYNAMIC;

-- ----------------------------
-- Records of locations
-- ----------------------------

-- ----------------------------
-- Table structure for main_account_types
-- ----------------------------
CREATE TABLE `main_account_types`  (
  `id` int UNSIGNED NOT NULL AUTO_INCREMENT,
  `name` varchar(255) CHARACTER SET utf8mb4 COLLATE utf8mb4_unicode_ci NOT NULL,
  `number` varchar(255) CHARACTER SET utf8mb4 COLLATE utf8mb4_unicode_ci NULL DEFAULT NULL,
  `foreign_name` varchar(255) CHARACTER SET utf8mb4 COLLATE utf8mb4_unicode_ci NULL DEFAULT NULL,
  `note` text CHARACTER SET utf8mb4 COLLATE utf8mb4_unicode_ci NULL,
  `created_by` int UNSIGNED NULL DEFAULT NULL,
  `deleted_by` int UNSIGNED NULL DEFAULT NULL,
  `approved_by` int UNSIGNED NULL DEFAULT NULL,
  `approved_date` date NULL DEFAULT NULL,
  `approved_state_id` int UNSIGNED NULL DEFAULT NULL,
  `created_at` timestamp NULL DEFAULT NULL,
  `updated_at` timestamp NULL DEFAULT NULL,
  `deleted_at` timestamp NULL DEFAULT NULL,
  PRIMARY KEY (`id`) USING BTREE,
  INDEX `main_account_types_approved_by_foreign`(`approved_by` ASC) USING BTREE,
  INDEX `main_account_types_approved_state_id_foreign`(`approved_state_id` ASC) USING BTREE,
  INDEX `main_account_types_created_by_foreign`(`created_by` ASC) USING BTREE,
  INDEX `main_account_types_deleted_by_foreign`(`deleted_by` ASC) USING BTREE,
  CONSTRAINT `main_account_types_approved_by_foreign` FOREIGN KEY (`approved_by`) REFERENCES `users` (`id`) ON DELETE RESTRICT ON UPDATE RESTRICT,
  CONSTRAINT `main_account_types_approved_state_id_foreign` FOREIGN KEY (`approved_state_id`) REFERENCES `approval_status` (`id`) ON DELETE RESTRICT ON UPDATE RESTRICT,
  CONSTRAINT `main_account_types_created_by_foreign` FOREIGN KEY (`created_by`) REFERENCES `users` (`id`) ON DELETE RESTRICT ON UPDATE RESTRICT,
  CONSTRAINT `main_account_types_deleted_by_foreign` FOREIGN KEY (`deleted_by`) REFERENCES `users` (`id`) ON DELETE RESTRICT ON UPDATE RESTRICT
) ENGINE = InnoDB AUTO_INCREMENT = 3 CHARACTER SET = utf8mb4 COLLATE = utf8mb4_unicode_ci ROW_FORMAT = DYNAMIC;

-- ----------------------------
-- Records of main_account_types
-- ----------------------------
INSERT INTO `main_account_types` VALUES (1, 'قائمة دخل', '1', 'Profit and loss', NULL, 1, NULL, NULL, NULL, NULL, '2025-06-12 14:06:07', '2025-06-12 14:06:07', NULL);
INSERT INTO `main_account_types` VALUES (2, 'ميزانية', '2', 'Balance sheet', NULL, 1, NULL, NULL, NULL, NULL, '2025-06-12 14:06:07', '2025-06-12 14:06:07', NULL);

-- ----------------------------
-- Table structure for main_accounts
-- ----------------------------
CREATE TABLE `main_accounts`  (
  `id` int UNSIGNED NOT NULL AUTO_INCREMENT,
  `name` varchar(255) CHARACTER SET utf8mb4 COLLATE utf8mb4_unicode_ci NOT NULL,
  `number` varchar(255) CHARACTER SET utf8mb4 COLLATE utf8mb4_unicode_ci NULL DEFAULT NULL,
  `foreign_name` varchar(255) CHARACTER SET utf8mb4 COLLATE utf8mb4_unicode_ci NULL DEFAULT NULL,
  `main_account_id` int UNSIGNED NULL DEFAULT NULL,
  `main_child_zeros` int NULL DEFAULT NULL,
  `main_child_counter` int NULL DEFAULT NULL,
  `sub_child_zeros` int NULL DEFAULT NULL,
  `sub_child_counter` int NULL DEFAULT NULL,
  `main_account_type_id` int UNSIGNED NULL DEFAULT NULL,
  `branch_id` int NULL DEFAULT NULL,
  `multiable_branch` int UNSIGNED NULL DEFAULT NULL,
  `note` text CHARACTER SET utf8mb4 COLLATE utf8mb4_unicode_ci NULL,
  `created_by` int UNSIGNED NULL DEFAULT NULL,
  `deleted_by` int UNSIGNED NULL DEFAULT NULL,
  `approved_by` int UNSIGNED NULL DEFAULT NULL,
  `approved_date` date NULL DEFAULT NULL,
  `approved_state_id` int UNSIGNED NULL DEFAULT NULL,
  `created_at` timestamp NULL DEFAULT NULL,
  `updated_at` timestamp NULL DEFAULT NULL,
  `deleted_at` timestamp NULL DEFAULT NULL,
  PRIMARY KEY (`id`) USING BTREE,
  INDEX `main_accounts_approved_state_id_foreign`(`approved_state_id` ASC) USING BTREE,
  INDEX `main_accounts_main_account_id_foreign`(`main_account_id` ASC) USING BTREE,
  INDEX `main_accounts_created_by_foreign`(`created_by` ASC) USING BTREE,
  INDEX `main_accounts_deleted_by_foreign`(`deleted_by` ASC) USING BTREE,
  CONSTRAINT `main_accounts_approved_state_id_foreign` FOREIGN KEY (`approved_state_id`) REFERENCES `approval_status` (`id`) ON DELETE RESTRICT ON UPDATE RESTRICT,
  CONSTRAINT `main_accounts_created_by_foreign` FOREIGN KEY (`created_by`) REFERENCES `users` (`id`) ON DELETE RESTRICT ON UPDATE RESTRICT,
  CONSTRAINT `main_accounts_deleted_by_foreign` FOREIGN KEY (`deleted_by`) REFERENCES `users` (`id`) ON DELETE RESTRICT ON UPDATE RESTRICT,
  CONSTRAINT `main_accounts_main_account_id_foreign` FOREIGN KEY (`main_account_id`) REFERENCES `main_accounts` (`id`) ON DELETE RESTRICT ON UPDATE RESTRICT
) ENGINE = InnoDB AUTO_INCREMENT = 30 CHARACTER SET = utf8mb4 COLLATE = utf8mb4_unicode_ci ROW_FORMAT = DYNAMIC;

-- ----------------------------
-- Records of main_accounts
-- ----------------------------
INSERT INTO `main_accounts` VALUES (1, 'الموجودات', '1', NULL, NULL, 10, 2, 1000, NULL, 1, 1, 1, NULL, 1, NULL, NULL, NULL, NULL, '2025-07-08 18:34:30', '2025-07-08 18:38:24', NULL);
INSERT INTO `main_accounts` VALUES (2, 'الموجودات المتداولة', '11', NULL, 1, 10, 3, 1000, NULL, 1, 1, 1, NULL, 1, NULL, NULL, NULL, NULL, '2025-07-08 18:34:46', '2025-07-08 18:35:44', NULL);
INSERT INTO `main_accounts` VALUES (3, 'الصندوق', '111', NULL, 2, 10, NULL, 1000, 2, 1, 1, 1, NULL, 1, NULL, NULL, NULL, NULL, '2025-07-08 18:35:02', '2025-07-10 10:27:29', NULL);
INSERT INTO `main_accounts` VALUES (4, 'البنوك', '112', NULL, 2, 10, NULL, 1000, 1, 1, 1, 1, NULL, 1, NULL, NULL, NULL, NULL, '2025-07-08 18:35:30', '2025-07-10 10:27:53', NULL);
INSERT INTO `main_accounts` VALUES (5, 'الذمم المدينة', '113', NULL, 2, 10, 4, 1000, 2, 1, 1, 1, NULL, 1, NULL, NULL, NULL, NULL, '2025-07-08 18:35:44', '2025-07-14 10:02:20', NULL);
INSERT INTO `main_accounts` VALUES (6, 'العملاء', '1131', NULL, 5, 10, NULL, 1000, NULL, 1, 1, 1, NULL, 1, NULL, NULL, NULL, NULL, '2025-07-08 18:37:34', '2025-07-08 18:37:34', NULL);
INSERT INTO `main_accounts` VALUES (7, 'ذمم ساعات الكهرباء الفرعية', '1132', NULL, 5, 10, NULL, 1000, 31, 1, 1, 1, NULL, 1, NULL, NULL, NULL, NULL, '2025-07-08 18:37:41', '2025-07-10 10:28:59', NULL);
INSERT INTO `main_accounts` VALUES (8, 'ذمم الشركاء', '1133', NULL, 5, 10, NULL, 1000, 3, 1, 1, 1, NULL, 1, NULL, NULL, NULL, NULL, '2025-07-08 18:37:55', '2025-07-10 10:29:30', NULL);
INSERT INTO `main_accounts` VALUES (9, 'ذمم مدينة اخرى', '1134', NULL, 5, 10, 2, 1000, 4, 1, 1, 1, NULL, 1, NULL, NULL, NULL, NULL, '2025-07-08 18:38:10', '2025-07-21 16:49:23', NULL);
INSERT INTO `main_accounts` VALUES (10, 'الموجودات الثابتة', '12', NULL, 1, 10, 1, 1000, NULL, 1, 1, 1, NULL, 1, NULL, NULL, NULL, NULL, '2025-07-08 18:38:24', '2025-07-08 18:38:33', NULL);
INSERT INTO `main_accounts` VALUES (11, 'الاصول ثابتة', '121', NULL, 10, 10, NULL, 1000, 2, 1, 1, 1, NULL, 1, NULL, NULL, NULL, NULL, '2025-07-08 18:38:33', '2025-07-10 10:30:26', NULL);
INSERT INTO `main_accounts` VALUES (12, 'المطلوبات', '2', NULL, NULL, 10, 2, 1000, NULL, 1, 1, 1, NULL, 1, NULL, NULL, NULL, NULL, '2025-07-08 18:38:47', '2025-07-09 10:05:32', NULL);
INSERT INTO `main_accounts` VALUES (13, 'مطلوبات متداولة', '21', NULL, 12, 10, 2, 1000, NULL, 1, 1, 1, NULL, 1, NULL, NULL, NULL, NULL, '2025-07-08 18:38:55', '2025-07-08 18:39:50', NULL);
INSERT INTO `main_accounts` VALUES (14, 'ذمم دائنه', '211', NULL, 13, 10, NULL, 1000, 13, 1, 1, 1, NULL, 1, NULL, NULL, NULL, NULL, '2025-07-08 18:39:02', '2025-07-18 13:18:36', NULL);
INSERT INTO `main_accounts` VALUES (15, 'ارصده دائنه اخرى', '221', NULL, 13, 10, NULL, 1000, 3, 1, 1, 1, NULL, 1, NULL, NULL, NULL, NULL, '2025-07-08 18:39:50', '2025-07-10 10:52:22', NULL);
INSERT INTO `main_accounts` VALUES (16, 'حقوق الملكيه و راس المال', '3', NULL, NULL, 10, 3, 1000, NULL, 1, 1, 1, NULL, 1, NULL, NULL, NULL, NULL, '2025-07-08 18:40:00', '2025-07-08 18:40:26', NULL);
INSERT INTO `main_accounts` VALUES (17, 'راس المال', '31', NULL, 16, 10, NULL, 1000, 3, 1, 1, 1, NULL, 1, NULL, NULL, NULL, NULL, '2025-07-08 18:40:06', '2025-07-10 10:31:46', NULL);
INSERT INTO `main_accounts` VALUES (18, 'جاري الشركاء', '32', NULL, 16, 10, NULL, 1000, 3, 1, 1, 1, NULL, 1, NULL, NULL, NULL, NULL, '2025-07-08 18:40:15', '2025-07-10 10:32:10', NULL);
INSERT INTO `main_accounts` VALUES (19, 'ارباح', '33', NULL, 16, 10, 1, 1000, 2, 1, 1, 1, NULL, 1, NULL, NULL, NULL, NULL, '2025-07-08 18:40:26', '2025-07-10 10:32:58', NULL);
INSERT INTO `main_accounts` VALUES (20, 'ارباح مدورة', '331', NULL, 19, 10, NULL, 1000, NULL, 1, 1, 1, NULL, 1, NULL, NULL, NULL, NULL, '2025-07-08 18:40:36', '2025-07-08 18:40:36', NULL);
INSERT INTO `main_accounts` VALUES (21, 'ايرادات', '4', NULL, NULL, 10, 1, 1000, NULL, 1, 1, 1, NULL, 1, NULL, NULL, NULL, NULL, '2025-07-08 18:40:47', '2025-07-08 18:40:53', NULL);
INSERT INTO `main_accounts` VALUES (22, 'اجمالي الايرادات', '41', NULL, 21, 10, 3, 1000, NULL, 1, 1, 1, NULL, 1, NULL, NULL, NULL, NULL, '2025-07-08 18:40:53', '2025-07-08 18:41:27', NULL);
INSERT INTO `main_accounts` VALUES (23, 'ايراد ايجار  عقار عيسى الطباخي وشركاه', '411', NULL, 22, 10, NULL, 1000, 47, 1, 1, 1, NULL, 1, NULL, NULL, NULL, NULL, '2025-07-08 18:41:05', '2025-07-12 21:46:44', NULL);
INSERT INTO `main_accounts` VALUES (24, 'ايرادات الخدمات', '412', NULL, 22, 10, NULL, 1000, 3, 1, 1, 1, NULL, 1, NULL, NULL, NULL, NULL, '2025-07-08 18:41:18', '2025-07-10 10:34:28', NULL);
INSERT INTO `main_accounts` VALUES (25, 'ايرادات اخرى', '413', NULL, 22, 10, NULL, 1000, 3, 1, 1, 1, NULL, 1, NULL, NULL, NULL, NULL, '2025-07-08 18:41:27', '2025-07-10 10:35:06', NULL);
INSERT INTO `main_accounts` VALUES (26, 'مصاريف الادارية والعمومية', '511', NULL, NULL, 11, NULL, 1000, 13, 1, 1, 1, NULL, 1, NULL, NULL, NULL, NULL, '2025-07-08 18:41:36', '2025-08-06 15:27:23', NULL);

-- ----------------------------
-- Table structure for manufacturing_order_lines
-- ----------------------------
CREATE TABLE `manufacturing_order_lines`  (
  `id` int UNSIGNED NOT NULL AUTO_INCREMENT,
  `manufacturing_order_id` int UNSIGNED NOT NULL,
  `unit_id` int UNSIGNED NOT NULL,
  `product_id` int UNSIGNED NOT NULL,
  `quantity` double NOT NULL,
  `remain` double UNSIGNED NULL DEFAULT NULL,
  `date` date NOT NULL,
  `note` text CHARACTER SET utf8mb4 COLLATE utf8mb4_unicode_ci NULL,
  `created_by` int UNSIGNED NULL DEFAULT NULL,
  `deleted_by` int UNSIGNED NULL DEFAULT NULL,
  `approved_by` int UNSIGNED NULL DEFAULT NULL,
  `approved_date` date NULL DEFAULT NULL,
  `approved_state_id` int UNSIGNED NULL DEFAULT NULL,
  `created_at` timestamp NULL DEFAULT NULL,
  `updated_at` timestamp NULL DEFAULT NULL,
  `deleted_at` timestamp NULL DEFAULT NULL,
  PRIMARY KEY (`id`) USING BTREE,
  INDEX `manufacturing_order_lines_manufacturing_order_id_foreign`(`manufacturing_order_id` ASC) USING BTREE,
  INDEX `manufacturing_order_lines_unit_id_foreign`(`unit_id` ASC) USING BTREE,
  INDEX `manufacturing_order_lines_product_id_foreign`(`product_id` ASC) USING BTREE,
  INDEX `manufacturing_order_lines_approved_by_foreign`(`approved_by` ASC) USING BTREE,
  INDEX `manufacturing_order_lines_approved_state_id_foreign`(`approved_state_id` ASC) USING BTREE,
  INDEX `manufacturing_order_lines_created_by_foreign`(`created_by` ASC) USING BTREE,
  INDEX `manufacturing_order_lines_deleted_by_foreign`(`deleted_by` ASC) USING BTREE,
  CONSTRAINT `manufacturing_order_lines_approved_by_foreign` FOREIGN KEY (`approved_by`) REFERENCES `users` (`id`) ON DELETE RESTRICT ON UPDATE RESTRICT,
  CONSTRAINT `manufacturing_order_lines_approved_state_id_foreign` FOREIGN KEY (`approved_state_id`) REFERENCES `approval_status` (`id`) ON DELETE RESTRICT ON UPDATE RESTRICT,
  CONSTRAINT `manufacturing_order_lines_created_by_foreign` FOREIGN KEY (`created_by`) REFERENCES `users` (`id`) ON DELETE RESTRICT ON UPDATE RESTRICT,
  CONSTRAINT `manufacturing_order_lines_deleted_by_foreign` FOREIGN KEY (`deleted_by`) REFERENCES `users` (`id`) ON DELETE RESTRICT ON UPDATE RESTRICT,
  CONSTRAINT `manufacturing_order_lines_manufacturing_order_id_foreign` FOREIGN KEY (`manufacturing_order_id`) REFERENCES `manufacturing_orders` (`id`) ON DELETE RESTRICT ON UPDATE RESTRICT,
  CONSTRAINT `manufacturing_order_lines_product_id_foreign` FOREIGN KEY (`product_id`) REFERENCES `products` (`id`) ON DELETE RESTRICT ON UPDATE RESTRICT,
  CONSTRAINT `manufacturing_order_lines_unit_id_foreign` FOREIGN KEY (`unit_id`) REFERENCES `units` (`id`) ON DELETE RESTRICT ON UPDATE RESTRICT
) ENGINE = InnoDB AUTO_INCREMENT = 1 CHARACTER SET = utf8mb4 COLLATE = utf8mb4_unicode_ci ROW_FORMAT = DYNAMIC;

-- ----------------------------
-- Records of manufacturing_order_lines
-- ----------------------------

-- ----------------------------
-- Table structure for manufacturing_order_note_vouchers
-- ----------------------------
CREATE TABLE `manufacturing_order_note_vouchers`  (
  `id` int UNSIGNED NOT NULL AUTO_INCREMENT,
  `manufacturing_order_id` int UNSIGNED NOT NULL,
  `note_voucher_id` int UNSIGNED NOT NULL,
  `note` text CHARACTER SET utf8mb4 COLLATE utf8mb4_unicode_ci NULL,
  `created_by` int UNSIGNED NULL DEFAULT NULL,
  `deleted_by` int UNSIGNED NULL DEFAULT NULL,
  `approved_by` int UNSIGNED NULL DEFAULT NULL,
  `approved_date` date NULL DEFAULT NULL,
  `approved_state_id` int UNSIGNED NULL DEFAULT NULL,
  `created_at` timestamp NULL DEFAULT NULL,
  `updated_at` timestamp NULL DEFAULT NULL,
  `deleted_at` timestamp NULL DEFAULT NULL,
  PRIMARY KEY (`id`) USING BTREE,
  INDEX `manufacturing_order_note_vouchers_manufacturing_order_id_foreign`(`manufacturing_order_id` ASC) USING BTREE,
  INDEX `manufacturing_order_note_vouchers_note_voucher_id_foreign`(`note_voucher_id` ASC) USING BTREE,
  INDEX `manufacturing_order_note_vouchers_approved_by_foreign`(`approved_by` ASC) USING BTREE,
  INDEX `manufacturing_order_note_vouchers_approved_state_id_foreign`(`approved_state_id` ASC) USING BTREE,
  INDEX `manufacturing_order_note_vouchers_created_by_foreign`(`created_by` ASC) USING BTREE,
  INDEX `manufacturing_order_note_vouchers_deleted_by_foreign`(`deleted_by` ASC) USING BTREE,
  CONSTRAINT `manufacturing_order_note_vouchers_approved_by_foreign` FOREIGN KEY (`approved_by`) REFERENCES `users` (`id`) ON DELETE RESTRICT ON UPDATE RESTRICT,
  CONSTRAINT `manufacturing_order_note_vouchers_approved_state_id_foreign` FOREIGN KEY (`approved_state_id`) REFERENCES `approval_status` (`id`) ON DELETE RESTRICT ON UPDATE RESTRICT,
  CONSTRAINT `manufacturing_order_note_vouchers_created_by_foreign` FOREIGN KEY (`created_by`) REFERENCES `users` (`id`) ON DELETE RESTRICT ON UPDATE RESTRICT,
  CONSTRAINT `manufacturing_order_note_vouchers_deleted_by_foreign` FOREIGN KEY (`deleted_by`) REFERENCES `users` (`id`) ON DELETE RESTRICT ON UPDATE RESTRICT,
  CONSTRAINT `manufacturing_order_note_vouchers_manufacturing_order_id_foreign` FOREIGN KEY (`manufacturing_order_id`) REFERENCES `manufacturing_orders` (`id`) ON DELETE RESTRICT ON UPDATE RESTRICT,
  CONSTRAINT `manufacturing_order_note_vouchers_note_voucher_id_foreign` FOREIGN KEY (`note_voucher_id`) REFERENCES `note_vouchers` (`id`) ON DELETE RESTRICT ON UPDATE RESTRICT
) ENGINE = InnoDB AUTO_INCREMENT = 1 CHARACTER SET = utf8mb4 COLLATE = utf8mb4_unicode_ci ROW_FORMAT = DYNAMIC;

-- ----------------------------
-- Records of manufacturing_order_note_vouchers
-- ----------------------------

-- ----------------------------
-- Table structure for manufacturing_order_status
-- ----------------------------
CREATE TABLE `manufacturing_order_status`  (
  `id` int UNSIGNED NOT NULL AUTO_INCREMENT,
  `name` varchar(255) CHARACTER SET utf8mb4 COLLATE utf8mb4_unicode_ci NOT NULL,
  `number` varchar(255) CHARACTER SET utf8mb4 COLLATE utf8mb4_unicode_ci NULL DEFAULT NULL,
  `foreign_name` varchar(255) CHARACTER SET utf8mb4 COLLATE utf8mb4_unicode_ci NULL DEFAULT NULL,
  `note` text CHARACTER SET utf8mb4 COLLATE utf8mb4_unicode_ci NULL,
  `created_by` int UNSIGNED NULL DEFAULT NULL,
  `deleted_by` int UNSIGNED NULL DEFAULT NULL,
  `approved_by` int UNSIGNED NULL DEFAULT NULL,
  `approved_date` date NULL DEFAULT NULL,
  `approved_state_id` int UNSIGNED NULL DEFAULT NULL,
  `created_at` timestamp NULL DEFAULT NULL,
  `updated_at` timestamp NULL DEFAULT NULL,
  `deleted_at` timestamp NULL DEFAULT NULL,
  PRIMARY KEY (`id`) USING BTREE,
  INDEX `manufacturing_order_status_approved_by_foreign`(`approved_by` ASC) USING BTREE,
  INDEX `manufacturing_order_status_approved_state_id_foreign`(`approved_state_id` ASC) USING BTREE,
  INDEX `manufacturing_order_status_created_by_foreign`(`created_by` ASC) USING BTREE,
  INDEX `manufacturing_order_status_deleted_by_foreign`(`deleted_by` ASC) USING BTREE,
  CONSTRAINT `manufacturing_order_status_approved_by_foreign` FOREIGN KEY (`approved_by`) REFERENCES `users` (`id`) ON DELETE RESTRICT ON UPDATE RESTRICT,
  CONSTRAINT `manufacturing_order_status_approved_state_id_foreign` FOREIGN KEY (`approved_state_id`) REFERENCES `approval_status` (`id`) ON DELETE RESTRICT ON UPDATE RESTRICT,
  CONSTRAINT `manufacturing_order_status_created_by_foreign` FOREIGN KEY (`created_by`) REFERENCES `users` (`id`) ON DELETE RESTRICT ON UPDATE RESTRICT,
  CONSTRAINT `manufacturing_order_status_deleted_by_foreign` FOREIGN KEY (`deleted_by`) REFERENCES `users` (`id`) ON DELETE RESTRICT ON UPDATE RESTRICT
) ENGINE = InnoDB AUTO_INCREMENT = 5 CHARACTER SET = utf8mb4 COLLATE = utf8mb4_unicode_ci ROW_FORMAT = DYNAMIC;

-- ----------------------------
-- Records of manufacturing_order_status
-- ----------------------------
INSERT INTO `manufacturing_order_status` VALUES (1, 'قيد الانشاء', '1', 'Under construction ', NULL, 1, NULL, NULL, NULL, NULL, '2025-06-12 14:05:55', '2025-06-12 14:05:55', NULL);
INSERT INTO `manufacturing_order_status` VALUES (2, 'في التصنيع', '2', 'In construction ', NULL, 1, NULL, NULL, NULL, NULL, '2025-06-12 14:05:55', '2025-06-12 14:05:55', NULL);
INSERT INTO `manufacturing_order_status` VALUES (3, 'جاهز', '3', 'Done', NULL, 1, NULL, NULL, NULL, NULL, '2025-06-12 14:05:55', '2025-06-12 14:05:55', NULL);
INSERT INTO `manufacturing_order_status` VALUES (4, 'مرفوض', '4', 'Rejected', NULL, 1, NULL, NULL, NULL, NULL, '2025-06-12 14:05:55', '2025-06-12 14:05:55', NULL);

-- ----------------------------
-- Table structure for manufacturing_order_types
-- ----------------------------
CREATE TABLE `manufacturing_order_types`  (
  `id` int UNSIGNED NOT NULL AUTO_INCREMENT,
  `name` varchar(255) CHARACTER SET utf8mb4 COLLATE utf8mb4_unicode_ci NOT NULL,
  `number` varchar(255) CHARACTER SET utf8mb4 COLLATE utf8mb4_unicode_ci NULL DEFAULT NULL,
  `foreign_name` varchar(255) CHARACTER SET utf8mb4 COLLATE utf8mb4_unicode_ci NULL DEFAULT NULL,
  `numbering_type_id` int UNSIGNED NOT NULL,
  `next_number` int UNSIGNED NULL DEFAULT NULL,
  `note` text CHARACTER SET utf8mb4 COLLATE utf8mb4_unicode_ci NULL,
  `created_by` int UNSIGNED NULL DEFAULT NULL,
  `deleted_by` int UNSIGNED NULL DEFAULT NULL,
  `approved_by` int UNSIGNED NULL DEFAULT NULL,
  `approved_date` date NULL DEFAULT NULL,
  `approved_state_id` int UNSIGNED NULL DEFAULT NULL,
  `created_at` timestamp NULL DEFAULT NULL,
  `updated_at` timestamp NULL DEFAULT NULL,
  `deleted_at` timestamp NULL DEFAULT NULL,
  PRIMARY KEY (`id`) USING BTREE,
  INDEX `manufacturing_order_types_numbering_type_id_foreign`(`numbering_type_id` ASC) USING BTREE,
  INDEX `manufacturing_order_types_approved_by_foreign`(`approved_by` ASC) USING BTREE,
  INDEX `manufacturing_order_types_approved_state_id_foreign`(`approved_state_id` ASC) USING BTREE,
  INDEX `manufacturing_order_types_created_by_foreign`(`created_by` ASC) USING BTREE,
  INDEX `manufacturing_order_types_deleted_by_foreign`(`deleted_by` ASC) USING BTREE,
  CONSTRAINT `manufacturing_order_types_approved_by_foreign` FOREIGN KEY (`approved_by`) REFERENCES `users` (`id`) ON DELETE RESTRICT ON UPDATE RESTRICT,
  CONSTRAINT `manufacturing_order_types_approved_state_id_foreign` FOREIGN KEY (`approved_state_id`) REFERENCES `approval_status` (`id`) ON DELETE RESTRICT ON UPDATE RESTRICT,
  CONSTRAINT `manufacturing_order_types_created_by_foreign` FOREIGN KEY (`created_by`) REFERENCES `users` (`id`) ON DELETE RESTRICT ON UPDATE RESTRICT,
  CONSTRAINT `manufacturing_order_types_deleted_by_foreign` FOREIGN KEY (`deleted_by`) REFERENCES `users` (`id`) ON DELETE RESTRICT ON UPDATE RESTRICT,
  CONSTRAINT `manufacturing_order_types_numbering_type_id_foreign` FOREIGN KEY (`numbering_type_id`) REFERENCES `numbering_types` (`id`) ON DELETE RESTRICT ON UPDATE RESTRICT
) ENGINE = InnoDB AUTO_INCREMENT = 3 CHARACTER SET = utf8mb4 COLLATE = utf8mb4_unicode_ci ROW_FORMAT = DYNAMIC;

-- ----------------------------
-- Records of manufacturing_order_types
-- ----------------------------
INSERT INTO `manufacturing_order_types` VALUES (1, 'امر انتاج داخلي', '1', 'Internal', 1, NULL, NULL, 1, NULL, NULL, NULL, NULL, '2025-06-12 14:05:53', '2025-06-12 14:05:53', NULL);
INSERT INTO `manufacturing_order_types` VALUES (2, 'امر انتاج تصدير', '2', 'External', 1, NULL, NULL, 1, NULL, NULL, NULL, NULL, '2025-06-12 14:05:53', '2025-06-12 14:05:53', NULL);

-- ----------------------------
-- Table structure for manufacturing_order_work_order_datas
-- ----------------------------
CREATE TABLE `manufacturing_order_work_order_datas`  (
  `id` int UNSIGNED NOT NULL AUTO_INCREMENT,
  `manufacturing_order_work_order_step_id` int UNSIGNED NOT NULL,
  `note_voucher_id` int UNSIGNED NULL DEFAULT NULL,
  `reserve_material_order_id` int UNSIGNED NULL DEFAULT NULL,
  `product_id` int UNSIGNED NULL DEFAULT NULL,
  `unit_id` int UNSIGNED NULL DEFAULT NULL,
  `quantity` double UNSIGNED NULL DEFAULT NULL,
  `note` text CHARACTER SET utf8mb4 COLLATE utf8mb4_unicode_ci NULL,
  `created_by` int UNSIGNED NULL DEFAULT NULL,
  `deleted_by` int UNSIGNED NULL DEFAULT NULL,
  `approved_by` int UNSIGNED NULL DEFAULT NULL,
  `approved_date` date NULL DEFAULT NULL,
  `approved_state_id` int UNSIGNED NULL DEFAULT NULL,
  `created_at` timestamp NULL DEFAULT NULL,
  `updated_at` timestamp NULL DEFAULT NULL,
  `deleted_at` timestamp NULL DEFAULT NULL,
  PRIMARY KEY (`id`) USING BTREE,
  INDEX `manufacturing_order_work_order_datas_approved_by_foreign`(`approved_by` ASC) USING BTREE,
  INDEX `manufacturing_order_work_order_datas_approved_state_id_foreign`(`approved_state_id` ASC) USING BTREE,
  INDEX `manufacturing_order_work_order_datas_created_by_foreign`(`created_by` ASC) USING BTREE,
  INDEX `manufacturing_order_work_order_datas_deleted_by_foreign`(`deleted_by` ASC) USING BTREE,
  CONSTRAINT `manufacturing_order_work_order_datas_approved_by_foreign` FOREIGN KEY (`approved_by`) REFERENCES `users` (`id`) ON DELETE RESTRICT ON UPDATE RESTRICT,
  CONSTRAINT `manufacturing_order_work_order_datas_approved_state_id_foreign` FOREIGN KEY (`approved_state_id`) REFERENCES `approval_status` (`id`) ON DELETE RESTRICT ON UPDATE RESTRICT,
  CONSTRAINT `manufacturing_order_work_order_datas_created_by_foreign` FOREIGN KEY (`created_by`) REFERENCES `users` (`id`) ON DELETE RESTRICT ON UPDATE RESTRICT,
  CONSTRAINT `manufacturing_order_work_order_datas_deleted_by_foreign` FOREIGN KEY (`deleted_by`) REFERENCES `users` (`id`) ON DELETE RESTRICT ON UPDATE RESTRICT
) ENGINE = InnoDB AUTO_INCREMENT = 1 CHARACTER SET = utf8mb4 COLLATE = utf8mb4_unicode_ci ROW_FORMAT = DYNAMIC;

-- ----------------------------
-- Records of manufacturing_order_work_order_datas
-- ----------------------------

-- ----------------------------
-- Table structure for manufacturing_order_work_order_s
-- ----------------------------
CREATE TABLE `manufacturing_order_work_order_s`  (
  `id` int UNSIGNED NOT NULL AUTO_INCREMENT,
  `name` varchar(255) CHARACTER SET utf8mb4 COLLATE utf8mb4_unicode_ci NOT NULL,
  `number` varchar(255) CHARACTER SET utf8mb4 COLLATE utf8mb4_unicode_ci NULL DEFAULT NULL,
  `foreign_name` varchar(255) CHARACTER SET utf8mb4 COLLATE utf8mb4_unicode_ci NULL DEFAULT NULL,
  `is_it_final` int UNSIGNED NOT NULL,
  `note` text CHARACTER SET utf8mb4 COLLATE utf8mb4_unicode_ci NULL,
  `created_by` int UNSIGNED NULL DEFAULT NULL,
  `deleted_by` int UNSIGNED NULL DEFAULT NULL,
  `approved_by` int UNSIGNED NULL DEFAULT NULL,
  `approved_date` date NULL DEFAULT NULL,
  `approved_state_id` int UNSIGNED NULL DEFAULT NULL,
  `created_at` timestamp NULL DEFAULT NULL,
  `updated_at` timestamp NULL DEFAULT NULL,
  `deleted_at` timestamp NULL DEFAULT NULL,
  PRIMARY KEY (`id`) USING BTREE,
  INDEX `manufacturing_order_work_order_s_is_it_final_foreign`(`is_it_final` ASC) USING BTREE,
  INDEX `manufacturing_order_work_order_s_approved_by_foreign`(`approved_by` ASC) USING BTREE,
  INDEX `manufacturing_order_work_order_s_approved_state_id_foreign`(`approved_state_id` ASC) USING BTREE,
  INDEX `manufacturing_order_work_order_s_created_by_foreign`(`created_by` ASC) USING BTREE,
  INDEX `manufacturing_order_work_order_s_deleted_by_foreign`(`deleted_by` ASC) USING BTREE,
  CONSTRAINT `manufacturing_order_work_order_s_approved_by_foreign` FOREIGN KEY (`approved_by`) REFERENCES `users` (`id`) ON DELETE RESTRICT ON UPDATE RESTRICT,
  CONSTRAINT `manufacturing_order_work_order_s_approved_state_id_foreign` FOREIGN KEY (`approved_state_id`) REFERENCES `approval_status` (`id`) ON DELETE RESTRICT ON UPDATE RESTRICT,
  CONSTRAINT `manufacturing_order_work_order_s_created_by_foreign` FOREIGN KEY (`created_by`) REFERENCES `users` (`id`) ON DELETE RESTRICT ON UPDATE RESTRICT,
  CONSTRAINT `manufacturing_order_work_order_s_deleted_by_foreign` FOREIGN KEY (`deleted_by`) REFERENCES `users` (`id`) ON DELETE RESTRICT ON UPDATE RESTRICT,
  CONSTRAINT `manufacturing_order_work_order_s_is_it_final_foreign` FOREIGN KEY (`is_it_final`) REFERENCES `status` (`id`) ON DELETE RESTRICT ON UPDATE RESTRICT
) ENGINE = InnoDB AUTO_INCREMENT = 1 CHARACTER SET = utf8mb4 COLLATE = utf8mb4_unicode_ci ROW_FORMAT = DYNAMIC;

-- ----------------------------
-- Records of manufacturing_order_work_order_s
-- ----------------------------

-- ----------------------------
-- Table structure for manufacturing_order_work_order_steps
-- ----------------------------
CREATE TABLE `manufacturing_order_work_order_steps`  (
  `id` int UNSIGNED NOT NULL AUTO_INCREMENT,
  `manufacturing_order_id` int UNSIGNED NOT NULL,
  `manufacturing_order_work_order_s` int UNSIGNED NULL DEFAULT NULL,
  `work_order_step_id` int UNSIGNED NOT NULL,
  `start_datetime` datetime NULL DEFAULT NULL,
  `end_datetime` datetime NULL DEFAULT NULL,
  `note` text CHARACTER SET utf8mb4 COLLATE utf8mb4_unicode_ci NULL,
  `created_by` int UNSIGNED NULL DEFAULT NULL,
  `deleted_by` int UNSIGNED NULL DEFAULT NULL,
  `approved_by` int UNSIGNED NULL DEFAULT NULL,
  `approved_date` date NULL DEFAULT NULL,
  `approved_state_id` int UNSIGNED NULL DEFAULT NULL,
  `created_at` timestamp NULL DEFAULT NULL,
  `updated_at` timestamp NULL DEFAULT NULL,
  `deleted_at` timestamp NULL DEFAULT NULL,
  PRIMARY KEY (`id`) USING BTREE,
  INDEX `manufacturing_order_work_order_steps_approved_by_foreign`(`approved_by` ASC) USING BTREE,
  INDEX `manufacturing_order_work_order_steps_approved_state_id_foreign`(`approved_state_id` ASC) USING BTREE,
  INDEX `manufacturing_order_work_order_steps_created_by_foreign`(`created_by` ASC) USING BTREE,
  INDEX `manufacturing_order_work_order_steps_deleted_by_foreign`(`deleted_by` ASC) USING BTREE,
  CONSTRAINT `manufacturing_order_work_order_steps_approved_by_foreign` FOREIGN KEY (`approved_by`) REFERENCES `users` (`id`) ON DELETE RESTRICT ON UPDATE RESTRICT,
  CONSTRAINT `manufacturing_order_work_order_steps_approved_state_id_foreign` FOREIGN KEY (`approved_state_id`) REFERENCES `approval_status` (`id`) ON DELETE RESTRICT ON UPDATE RESTRICT,
  CONSTRAINT `manufacturing_order_work_order_steps_created_by_foreign` FOREIGN KEY (`created_by`) REFERENCES `users` (`id`) ON DELETE RESTRICT ON UPDATE RESTRICT,
  CONSTRAINT `manufacturing_order_work_order_steps_deleted_by_foreign` FOREIGN KEY (`deleted_by`) REFERENCES `users` (`id`) ON DELETE RESTRICT ON UPDATE RESTRICT
) ENGINE = InnoDB AUTO_INCREMENT = 1 CHARACTER SET = utf8mb4 COLLATE = utf8mb4_unicode_ci ROW_FORMAT = DYNAMIC;

-- ----------------------------
-- Records of manufacturing_order_work_order_steps
-- ----------------------------

-- ----------------------------
-- Table structure for manufacturing_orders
-- ----------------------------
CREATE TABLE `manufacturing_orders`  (
  `id` int UNSIGNED NOT NULL AUTO_INCREMENT,
  `number` varchar(255) CHARACTER SET utf8mb4 COLLATE utf8mb4_unicode_ci NULL DEFAULT NULL,
  `date` varchar(255) CHARACTER SET utf8mb4 COLLATE utf8mb4_unicode_ci NOT NULL,
  `formula_id` int UNSIGNED NOT NULL,
  `manufacturing_order_type_id` int UNSIGNED NOT NULL,
  `from_warehouse` int UNSIGNED NULL DEFAULT NULL,
  `manufacturing_order_state_id` int UNSIGNED NOT NULL,
  `to_warehouse` int UNSIGNED NULL DEFAULT NULL,
  `unit_id` int UNSIGNED NOT NULL,
  `branch_id` int UNSIGNED NOT NULL,
  `product_id` int UNSIGNED NOT NULL,
  `consumed_quantity` double UNSIGNED NULL DEFAULT NULL,
  `produced_quantity` double UNSIGNED NULL DEFAULT NULL,
  `user_id` int UNSIGNED NULL DEFAULT NULL,
  `note_voucher_id` int UNSIGNED NULL DEFAULT NULL,
  `sales_order_id` int UNSIGNED NULL DEFAULT NULL,
  `note` text CHARACTER SET utf8mb4 COLLATE utf8mb4_unicode_ci NULL,
  `created_by` int UNSIGNED NULL DEFAULT NULL,
  `deleted_by` int UNSIGNED NULL DEFAULT NULL,
  `approved_by` int UNSIGNED NULL DEFAULT NULL,
  `approved_date` date NULL DEFAULT NULL,
  `approved_state_id` int UNSIGNED NULL DEFAULT NULL,
  `created_at` timestamp NULL DEFAULT NULL,
  `updated_at` timestamp NULL DEFAULT NULL,
  `deleted_at` timestamp NULL DEFAULT NULL,
  PRIMARY KEY (`id`) USING BTREE,
  INDEX `manufacturing_orders_branch_id_foreign`(`branch_id` ASC) USING BTREE,
  INDEX `manufacturing_orders_formula_id_foreign`(`formula_id` ASC) USING BTREE,
  INDEX `manufacturing_orders_manufacturing_order_type_id_foreign`(`manufacturing_order_type_id` ASC) USING BTREE,
  INDEX `manufacturing_orders_from_warehouse_foreign`(`from_warehouse` ASC) USING BTREE,
  INDEX `manufacturing_orders_to_warehouse_foreign`(`to_warehouse` ASC) USING BTREE,
  INDEX `manufacturing_orders_unit_id_foreign`(`unit_id` ASC) USING BTREE,
  INDEX `manufacturing_orders_product_id_foreign`(`product_id` ASC) USING BTREE,
  INDEX `manufacturing_orders_user_id_foreign`(`user_id` ASC) USING BTREE,
  INDEX `manufacturing_orders_note_voucher_id_foreign`(`note_voucher_id` ASC) USING BTREE,
  INDEX `manufacturing_orders_sales_order_id_foreign`(`sales_order_id` ASC) USING BTREE,
  INDEX `manufacturing_orders_approved_by_foreign`(`approved_by` ASC) USING BTREE,
  INDEX `manufacturing_orders_approved_state_id_foreign`(`approved_state_id` ASC) USING BTREE,
  INDEX `manufacturing_orders_created_by_foreign`(`created_by` ASC) USING BTREE,
  INDEX `manufacturing_orders_deleted_by_foreign`(`deleted_by` ASC) USING BTREE,
  CONSTRAINT `manufacturing_orders_approved_by_foreign` FOREIGN KEY (`approved_by`) REFERENCES `users` (`id`) ON DELETE RESTRICT ON UPDATE RESTRICT,
  CONSTRAINT `manufacturing_orders_approved_state_id_foreign` FOREIGN KEY (`approved_state_id`) REFERENCES `approval_status` (`id`) ON DELETE RESTRICT ON UPDATE RESTRICT,
  CONSTRAINT `manufacturing_orders_branch_id_foreign` FOREIGN KEY (`branch_id`) REFERENCES `branches` (`id`) ON DELETE RESTRICT ON UPDATE RESTRICT,
  CONSTRAINT `manufacturing_orders_created_by_foreign` FOREIGN KEY (`created_by`) REFERENCES `users` (`id`) ON DELETE RESTRICT ON UPDATE RESTRICT,
  CONSTRAINT `manufacturing_orders_deleted_by_foreign` FOREIGN KEY (`deleted_by`) REFERENCES `users` (`id`) ON DELETE RESTRICT ON UPDATE RESTRICT,
  CONSTRAINT `manufacturing_orders_formula_id_foreign` FOREIGN KEY (`formula_id`) REFERENCES `formulas` (`id`) ON DELETE RESTRICT ON UPDATE RESTRICT,
  CONSTRAINT `manufacturing_orders_from_warehouse_foreign` FOREIGN KEY (`from_warehouse`) REFERENCES `warehouses` (`id`) ON DELETE RESTRICT ON UPDATE RESTRICT,
  CONSTRAINT `manufacturing_orders_manufacturing_order_type_id_foreign` FOREIGN KEY (`manufacturing_order_type_id`) REFERENCES `manufacturing_order_types` (`id`) ON DELETE RESTRICT ON UPDATE RESTRICT,
  CONSTRAINT `manufacturing_orders_note_voucher_id_foreign` FOREIGN KEY (`note_voucher_id`) REFERENCES `note_vouchers` (`id`) ON DELETE RESTRICT ON UPDATE RESTRICT,
  CONSTRAINT `manufacturing_orders_product_id_foreign` FOREIGN KEY (`product_id`) REFERENCES `products` (`id`) ON DELETE RESTRICT ON UPDATE RESTRICT,
  CONSTRAINT `manufacturing_orders_sales_order_id_foreign` FOREIGN KEY (`sales_order_id`) REFERENCES `sales_orders` (`id`) ON DELETE RESTRICT ON UPDATE RESTRICT,
  CONSTRAINT `manufacturing_orders_to_warehouse_foreign` FOREIGN KEY (`to_warehouse`) REFERENCES `warehouses` (`id`) ON DELETE RESTRICT ON UPDATE RESTRICT,
  CONSTRAINT `manufacturing_orders_unit_id_foreign` FOREIGN KEY (`unit_id`) REFERENCES `units` (`id`) ON DELETE RESTRICT ON UPDATE RESTRICT,
  CONSTRAINT `manufacturing_orders_user_id_foreign` FOREIGN KEY (`user_id`) REFERENCES `users` (`id`) ON DELETE RESTRICT ON UPDATE RESTRICT
) ENGINE = InnoDB AUTO_INCREMENT = 1 CHARACTER SET = utf8mb4 COLLATE = utf8mb4_unicode_ci ROW_FORMAT = DYNAMIC;

-- ----------------------------
-- Records of manufacturing_orders
-- ----------------------------

-- ----------------------------
-- Table structure for manufacturing_orders_rms
-- ----------------------------
CREATE TABLE `manufacturing_orders_rms`  (
  `id` int UNSIGNED NOT NULL AUTO_INCREMENT,
  `manufacturing_order_id` int UNSIGNED NOT NULL,
  `reserve_material_order_id` int UNSIGNED NOT NULL,
  `note` text CHARACTER SET utf8mb4 COLLATE utf8mb4_unicode_ci NULL,
  `created_by` int UNSIGNED NULL DEFAULT NULL,
  `deleted_by` int UNSIGNED NULL DEFAULT NULL,
  `approved_by` int UNSIGNED NULL DEFAULT NULL,
  `approved_date` date NULL DEFAULT NULL,
  `approved_state_id` int UNSIGNED NULL DEFAULT NULL,
  `created_at` timestamp NULL DEFAULT NULL,
  `updated_at` timestamp NULL DEFAULT NULL,
  `deleted_at` timestamp NULL DEFAULT NULL,
  PRIMARY KEY (`id`) USING BTREE,
  INDEX `manufacturing_orders_rms_approved_by_foreign`(`approved_by` ASC) USING BTREE,
  INDEX `manufacturing_orders_rms_approved_state_id_foreign`(`approved_state_id` ASC) USING BTREE,
  INDEX `manufacturing_orders_rms_created_by_foreign`(`created_by` ASC) USING BTREE,
  INDEX `manufacturing_orders_rms_deleted_by_foreign`(`deleted_by` ASC) USING BTREE,
  CONSTRAINT `manufacturing_orders_rms_approved_by_foreign` FOREIGN KEY (`approved_by`) REFERENCES `users` (`id`) ON DELETE RESTRICT ON UPDATE RESTRICT,
  CONSTRAINT `manufacturing_orders_rms_approved_state_id_foreign` FOREIGN KEY (`approved_state_id`) REFERENCES `approval_status` (`id`) ON DELETE RESTRICT ON UPDATE RESTRICT,
  CONSTRAINT `manufacturing_orders_rms_created_by_foreign` FOREIGN KEY (`created_by`) REFERENCES `users` (`id`) ON DELETE RESTRICT ON UPDATE RESTRICT,
  CONSTRAINT `manufacturing_orders_rms_deleted_by_foreign` FOREIGN KEY (`deleted_by`) REFERENCES `users` (`id`) ON DELETE RESTRICT ON UPDATE RESTRICT
) ENGINE = InnoDB AUTO_INCREMENT = 1 CHARACTER SET = utf8mb4 COLLATE = utf8mb4_unicode_ci ROW_FORMAT = DYNAMIC;

-- ----------------------------
-- Records of manufacturing_orders_rms
-- ----------------------------

-- ----------------------------
-- Table structure for marital_status
-- ----------------------------
CREATE TABLE `marital_status`  (
  `id` int UNSIGNED NOT NULL AUTO_INCREMENT,
  `name` varchar(255) CHARACTER SET utf8mb4 COLLATE utf8mb4_unicode_ci NOT NULL,
  `number` varchar(255) CHARACTER SET utf8mb4 COLLATE utf8mb4_unicode_ci NULL DEFAULT NULL,
  `foreign_name` varchar(255) CHARACTER SET utf8mb4 COLLATE utf8mb4_unicode_ci NULL DEFAULT NULL,
  `note` text CHARACTER SET utf8mb4 COLLATE utf8mb4_unicode_ci NULL,
  `created_by` int UNSIGNED NULL DEFAULT NULL,
  `deleted_by` int UNSIGNED NULL DEFAULT NULL,
  `approved_by` int UNSIGNED NULL DEFAULT NULL,
  `approved_date` date NULL DEFAULT NULL,
  `approved_state_id` int UNSIGNED NULL DEFAULT NULL,
  `created_at` timestamp NULL DEFAULT NULL,
  `updated_at` timestamp NULL DEFAULT NULL,
  `deleted_at` timestamp NULL DEFAULT NULL,
  PRIMARY KEY (`id`) USING BTREE,
  INDEX `marital_status_approved_by_foreign`(`approved_by` ASC) USING BTREE,
  INDEX `marital_status_approved_state_id_foreign`(`approved_state_id` ASC) USING BTREE,
  INDEX `marital_status_created_by_foreign`(`created_by` ASC) USING BTREE,
  INDEX `marital_status_deleted_by_foreign`(`deleted_by` ASC) USING BTREE,
  CONSTRAINT `marital_status_approved_by_foreign` FOREIGN KEY (`approved_by`) REFERENCES `users` (`id`) ON DELETE RESTRICT ON UPDATE RESTRICT,
  CONSTRAINT `marital_status_approved_state_id_foreign` FOREIGN KEY (`approved_state_id`) REFERENCES `approval_status` (`id`) ON DELETE RESTRICT ON UPDATE RESTRICT,
  CONSTRAINT `marital_status_created_by_foreign` FOREIGN KEY (`created_by`) REFERENCES `users` (`id`) ON DELETE RESTRICT ON UPDATE RESTRICT,
  CONSTRAINT `marital_status_deleted_by_foreign` FOREIGN KEY (`deleted_by`) REFERENCES `users` (`id`) ON DELETE RESTRICT ON UPDATE RESTRICT
) ENGINE = InnoDB AUTO_INCREMENT = 3 CHARACTER SET = utf8mb4 COLLATE = utf8mb4_unicode_ci ROW_FORMAT = DYNAMIC;

-- ----------------------------
-- Records of marital_status
-- ----------------------------
INSERT INTO `marital_status` VALUES (1, 'عزابي', '1', 'Single', NULL, 1, NULL, NULL, NULL, NULL, '2025-06-12 14:05:52', '2025-06-12 14:05:52', NULL);
INSERT INTO `marital_status` VALUES (2, 'متزوج', '1', 'Married', NULL, 1, NULL, NULL, NULL, NULL, '2025-06-12 14:05:52', '2025-06-12 14:05:52', NULL);

-- ----------------------------
-- Table structure for material_requisition_lines
-- ----------------------------
CREATE TABLE `material_requisition_lines`  (
  `id` int UNSIGNED NOT NULL AUTO_INCREMENT,
  `number` varchar(255) CHARACTER SET utf8mb4 COLLATE utf8mb4_unicode_ci NULL DEFAULT NULL,
  `note` text CHARACTER SET utf8mb4 COLLATE utf8mb4_unicode_ci NULL,
  `material_requisition_id` int UNSIGNED NOT NULL,
  `product_id` int UNSIGNED NOT NULL,
  `unit_id` int UNSIGNED NOT NULL,
  `quantity` double NULL DEFAULT NULL,
  `remain` double NULL DEFAULT NULL,
  `date` date NOT NULL,
  `in_date_tax` int NULL DEFAULT NULL,
  `created_by` int UNSIGNED NULL DEFAULT NULL,
  `deleted_by` int UNSIGNED NULL DEFAULT NULL,
  `approved_by` int UNSIGNED NULL DEFAULT NULL,
  `branch_id` int UNSIGNED NOT NULL,
  `approved_date` date NULL DEFAULT NULL,
  `approved_state_id` int UNSIGNED NULL DEFAULT NULL,
  `material_requisition_type_id` int UNSIGNED NOT NULL,
  `created_at` timestamp NULL DEFAULT NULL,
  `updated_at` timestamp NULL DEFAULT NULL,
  `deleted_at` timestamp NULL DEFAULT NULL,
  PRIMARY KEY (`id`) USING BTREE,
  INDEX `material_requisition_lines_material_requisition_id_foreign`(`material_requisition_id` ASC) USING BTREE,
  INDEX `material_requisition_lines_product_id_foreign`(`product_id` ASC) USING BTREE,
  INDEX `material_requisition_lines_unit_id_foreign`(`unit_id` ASC) USING BTREE,
  INDEX `material_requisition_lines_approved_by_foreign`(`approved_by` ASC) USING BTREE,
  INDEX `material_requisition_lines_branch_id_foreign`(`branch_id` ASC) USING BTREE,
  INDEX `material_requisition_lines_approved_state_id_foreign`(`approved_state_id` ASC) USING BTREE,
  INDEX `material_requisition_lines_material_requisition_type_id_foreign`(`material_requisition_type_id` ASC) USING BTREE,
  INDEX `material_requisition_lines_created_by_foreign`(`created_by` ASC) USING BTREE,
  INDEX `material_requisition_lines_deleted_by_foreign`(`deleted_by` ASC) USING BTREE,
  CONSTRAINT `material_requisition_lines_approved_by_foreign` FOREIGN KEY (`approved_by`) REFERENCES `users` (`id`) ON DELETE RESTRICT ON UPDATE RESTRICT,
  CONSTRAINT `material_requisition_lines_approved_state_id_foreign` FOREIGN KEY (`approved_state_id`) REFERENCES `approval_status` (`id`) ON DELETE RESTRICT ON UPDATE RESTRICT,
  CONSTRAINT `material_requisition_lines_branch_id_foreign` FOREIGN KEY (`branch_id`) REFERENCES `branches` (`id`) ON DELETE RESTRICT ON UPDATE RESTRICT,
  CONSTRAINT `material_requisition_lines_created_by_foreign` FOREIGN KEY (`created_by`) REFERENCES `users` (`id`) ON DELETE RESTRICT ON UPDATE RESTRICT,
  CONSTRAINT `material_requisition_lines_deleted_by_foreign` FOREIGN KEY (`deleted_by`) REFERENCES `users` (`id`) ON DELETE RESTRICT ON UPDATE RESTRICT,
  CONSTRAINT `material_requisition_lines_material_requisition_id_foreign` FOREIGN KEY (`material_requisition_id`) REFERENCES `material_requisitions` (`id`) ON DELETE RESTRICT ON UPDATE RESTRICT,
  CONSTRAINT `material_requisition_lines_material_requisition_type_id_foreign` FOREIGN KEY (`material_requisition_type_id`) REFERENCES `material_requisition_types` (`id`) ON DELETE RESTRICT ON UPDATE RESTRICT,
  CONSTRAINT `material_requisition_lines_product_id_foreign` FOREIGN KEY (`product_id`) REFERENCES `products` (`id`) ON DELETE RESTRICT ON UPDATE RESTRICT,
  CONSTRAINT `material_requisition_lines_unit_id_foreign` FOREIGN KEY (`unit_id`) REFERENCES `units` (`id`) ON DELETE RESTRICT ON UPDATE RESTRICT
) ENGINE = InnoDB AUTO_INCREMENT = 1 CHARACTER SET = utf8mb4 COLLATE = utf8mb4_unicode_ci ROW_FORMAT = DYNAMIC;

-- ----------------------------
-- Records of material_requisition_lines
-- ----------------------------

-- ----------------------------
-- Table structure for material_requisition_note_vouchers
-- ----------------------------
CREATE TABLE `material_requisition_note_vouchers`  (
  `id` int UNSIGNED NOT NULL AUTO_INCREMENT,
  `material_requisition_id` int UNSIGNED NULL DEFAULT NULL,
  `note_voucher_id` int UNSIGNED NULL DEFAULT NULL,
  `note` text CHARACTER SET utf8mb4 COLLATE utf8mb4_unicode_ci NULL,
  `created_by` int UNSIGNED NULL DEFAULT NULL,
  `deleted_by` int UNSIGNED NULL DEFAULT NULL,
  `approved_by` int UNSIGNED NULL DEFAULT NULL,
  `approved_date` date NULL DEFAULT NULL,
  `approved_state_id` int UNSIGNED NULL DEFAULT NULL,
  `created_at` timestamp NULL DEFAULT NULL,
  `updated_at` timestamp NULL DEFAULT NULL,
  `deleted_at` timestamp NULL DEFAULT NULL,
  PRIMARY KEY (`id`) USING BTREE,
  INDEX `material_requisition_note_vouchers_approved_by_foreign`(`approved_by` ASC) USING BTREE,
  INDEX `material_requisition_note_vouchers_approved_state_id_foreign`(`approved_state_id` ASC) USING BTREE,
  INDEX `material_requisition_note_vouchers_created_by_foreign`(`created_by` ASC) USING BTREE,
  INDEX `material_requisition_note_vouchers_deleted_by_foreign`(`deleted_by` ASC) USING BTREE,
  CONSTRAINT `material_requisition_note_vouchers_approved_by_foreign` FOREIGN KEY (`approved_by`) REFERENCES `users` (`id`) ON DELETE RESTRICT ON UPDATE RESTRICT,
  CONSTRAINT `material_requisition_note_vouchers_approved_state_id_foreign` FOREIGN KEY (`approved_state_id`) REFERENCES `approval_status` (`id`) ON DELETE RESTRICT ON UPDATE RESTRICT,
  CONSTRAINT `material_requisition_note_vouchers_created_by_foreign` FOREIGN KEY (`created_by`) REFERENCES `users` (`id`) ON DELETE RESTRICT ON UPDATE RESTRICT,
  CONSTRAINT `material_requisition_note_vouchers_deleted_by_foreign` FOREIGN KEY (`deleted_by`) REFERENCES `users` (`id`) ON DELETE RESTRICT ON UPDATE RESTRICT
) ENGINE = InnoDB AUTO_INCREMENT = 1 CHARACTER SET = utf8mb4 COLLATE = utf8mb4_unicode_ci ROW_FORMAT = DYNAMIC;

-- ----------------------------
-- Records of material_requisition_note_vouchers
-- ----------------------------

-- ----------------------------
-- Table structure for material_requisition_requests
-- ----------------------------
CREATE TABLE `material_requisition_requests`  (
  `id` int UNSIGNED NOT NULL AUTO_INCREMENT,
  `user_id` int NOT NULL,
  `material_requisition_id` int UNSIGNED NULL DEFAULT NULL,
  `request_for_quotation_id` int UNSIGNED NULL DEFAULT NULL,
  `token` varchar(255) CHARACTER SET utf8mb4 COLLATE utf8mb4_unicode_ci NULL DEFAULT NULL,
  `note` text CHARACTER SET utf8mb4 COLLATE utf8mb4_unicode_ci NULL,
  `created_by` int UNSIGNED NULL DEFAULT NULL,
  `deleted_by` int UNSIGNED NULL DEFAULT NULL,
  `approved_by` int UNSIGNED NULL DEFAULT NULL,
  `approved_date` date NULL DEFAULT NULL,
  `approved_state_id` int UNSIGNED NULL DEFAULT NULL,
  `created_at` timestamp NULL DEFAULT NULL,
  `updated_at` timestamp NULL DEFAULT NULL,
  `deleted_at` timestamp NULL DEFAULT NULL,
  PRIMARY KEY (`id`) USING BTREE,
  INDEX `material_requisition_requests_approved_by_foreign`(`approved_by` ASC) USING BTREE,
  INDEX `material_requisition_requests_approved_state_id_foreign`(`approved_state_id` ASC) USING BTREE,
  INDEX `material_requisition_requests_created_by_foreign`(`created_by` ASC) USING BTREE,
  INDEX `material_requisition_requests_deleted_by_foreign`(`deleted_by` ASC) USING BTREE,
  CONSTRAINT `material_requisition_requests_approved_by_foreign` FOREIGN KEY (`approved_by`) REFERENCES `users` (`id`) ON DELETE RESTRICT ON UPDATE RESTRICT,
  CONSTRAINT `material_requisition_requests_approved_state_id_foreign` FOREIGN KEY (`approved_state_id`) REFERENCES `approval_status` (`id`) ON DELETE RESTRICT ON UPDATE RESTRICT,
  CONSTRAINT `material_requisition_requests_created_by_foreign` FOREIGN KEY (`created_by`) REFERENCES `users` (`id`) ON DELETE RESTRICT ON UPDATE RESTRICT,
  CONSTRAINT `material_requisition_requests_deleted_by_foreign` FOREIGN KEY (`deleted_by`) REFERENCES `users` (`id`) ON DELETE RESTRICT ON UPDATE RESTRICT
) ENGINE = InnoDB AUTO_INCREMENT = 1 CHARACTER SET = utf8mb4 COLLATE = utf8mb4_unicode_ci ROW_FORMAT = DYNAMIC;

-- ----------------------------
-- Records of material_requisition_requests
-- ----------------------------

-- ----------------------------
-- Table structure for material_requisition_status
-- ----------------------------
CREATE TABLE `material_requisition_status`  (
  `id` int UNSIGNED NOT NULL AUTO_INCREMENT,
  `name` varchar(255) CHARACTER SET utf8mb4 COLLATE utf8mb4_unicode_ci NOT NULL,
  `number` varchar(255) CHARACTER SET utf8mb4 COLLATE utf8mb4_unicode_ci NULL DEFAULT NULL,
  `foreign_name` varchar(255) CHARACTER SET utf8mb4 COLLATE utf8mb4_unicode_ci NULL DEFAULT NULL,
  `note` text CHARACTER SET utf8mb4 COLLATE utf8mb4_unicode_ci NULL,
  `created_by` int UNSIGNED NULL DEFAULT NULL,
  `deleted_by` int UNSIGNED NULL DEFAULT NULL,
  `approved_by` int UNSIGNED NULL DEFAULT NULL,
  `approved_date` date NULL DEFAULT NULL,
  `approved_state_id` int UNSIGNED NULL DEFAULT NULL,
  `created_at` timestamp NULL DEFAULT NULL,
  `updated_at` timestamp NULL DEFAULT NULL,
  `deleted_at` timestamp NULL DEFAULT NULL,
  PRIMARY KEY (`id`) USING BTREE,
  INDEX `material_requisition_status_approved_by_foreign`(`approved_by` ASC) USING BTREE,
  INDEX `material_requisition_status_approved_state_id_foreign`(`approved_state_id` ASC) USING BTREE,
  INDEX `material_requisition_status_created_by_foreign`(`created_by` ASC) USING BTREE,
  INDEX `material_requisition_status_deleted_by_foreign`(`deleted_by` ASC) USING BTREE,
  CONSTRAINT `material_requisition_status_approved_by_foreign` FOREIGN KEY (`approved_by`) REFERENCES `users` (`id`) ON DELETE RESTRICT ON UPDATE RESTRICT,
  CONSTRAINT `material_requisition_status_approved_state_id_foreign` FOREIGN KEY (`approved_state_id`) REFERENCES `approval_status` (`id`) ON DELETE RESTRICT ON UPDATE RESTRICT,
  CONSTRAINT `material_requisition_status_created_by_foreign` FOREIGN KEY (`created_by`) REFERENCES `users` (`id`) ON DELETE RESTRICT ON UPDATE RESTRICT,
  CONSTRAINT `material_requisition_status_deleted_by_foreign` FOREIGN KEY (`deleted_by`) REFERENCES `users` (`id`) ON DELETE RESTRICT ON UPDATE RESTRICT
) ENGINE = InnoDB AUTO_INCREMENT = 9 CHARACTER SET = utf8mb4 COLLATE = utf8mb4_unicode_ci ROW_FORMAT = DYNAMIC;

-- ----------------------------
-- Records of material_requisition_status
-- ----------------------------
INSERT INTO `material_requisition_status` VALUES (1, 'بانتضار الصرف', '1', 'Pending', NULL, 1, NULL, NULL, NULL, NULL, '2025-06-12 14:06:02', '2025-06-12 14:06:02', NULL);
INSERT INTO `material_requisition_status` VALUES (2, 'تم صرف كمية وتبقى كمية', '2', 'Open with remain quantites', NULL, 1, NULL, NULL, NULL, NULL, '2025-06-12 14:06:02', '2025-06-12 14:06:02', NULL);
INSERT INTO `material_requisition_status` VALUES (3, 'تم الصرف ولم يتم الاستلام', '3', 'Closed', NULL, 1, NULL, NULL, NULL, NULL, '2025-06-12 14:06:02', '2025-06-12 14:06:02', NULL);
INSERT INTO `material_requisition_status` VALUES (4, 'تم الصرف وتم الترحيل بين المستودعات', '4', 'Closed', NULL, 1, NULL, NULL, NULL, NULL, '2025-06-12 14:06:02', '2025-06-12 14:06:02', NULL);
INSERT INTO `material_requisition_status` VALUES (5, 'قيد الانشاء', '5', 'Pending', NULL, 1, NULL, NULL, NULL, NULL, '2025-06-12 14:06:02', '2025-06-12 14:06:02', NULL);
INSERT INTO `material_requisition_status` VALUES (6, 'تم التحويل الى طلب عرض سعر', '6', 'Converted to requiest for qutation', NULL, 1, NULL, NULL, NULL, NULL, '2025-06-12 14:06:02', '2025-06-12 14:06:02', NULL);
INSERT INTO `material_requisition_status` VALUES (7, 'تم التحويل الى امر شراء', '7', 'Converted to purchase order', NULL, 1, NULL, NULL, NULL, NULL, '2025-06-12 14:06:02', '2025-06-12 14:06:02', NULL);
INSERT INTO `material_requisition_status` VALUES (8, 'الغي', '8', 'Canceled', NULL, 1, NULL, NULL, NULL, NULL, '2025-06-12 14:06:02', '2025-06-12 14:06:02', NULL);

-- ----------------------------
-- Table structure for material_requisition_types
-- ----------------------------
CREATE TABLE `material_requisition_types`  (
  `id` int UNSIGNED NOT NULL AUTO_INCREMENT,
  `name` varchar(255) CHARACTER SET utf8mb4 COLLATE utf8mb4_unicode_ci NOT NULL,
  `number` varchar(255) CHARACTER SET utf8mb4 COLLATE utf8mb4_unicode_ci NULL DEFAULT NULL,
  `foreign_name` varchar(255) CHARACTER SET utf8mb4 COLLATE utf8mb4_unicode_ci NULL DEFAULT NULL,
  `next_number` int NULL DEFAULT NULL,
  `is_external` int UNSIGNED NULL DEFAULT NULL,
  `header` text CHARACTER SET utf8mb4 COLLATE utf8mb4_unicode_ci NULL,
  `footer` text CHARACTER SET utf8mb4 COLLATE utf8mb4_unicode_ci NULL,
  `note` text CHARACTER SET utf8mb4 COLLATE utf8mb4_unicode_ci NULL,
  `created_by` int UNSIGNED NULL DEFAULT NULL,
  `deleted_by` int UNSIGNED NULL DEFAULT NULL,
  `approved_by` int UNSIGNED NULL DEFAULT NULL,
  `approved_date` date NULL DEFAULT NULL,
  `approved_state_id` int UNSIGNED NULL DEFAULT NULL,
  `numbering_type_id` int UNSIGNED NULL DEFAULT NULL,
  `created_at` timestamp NULL DEFAULT NULL,
  `updated_at` timestamp NULL DEFAULT NULL,
  `deleted_at` timestamp NULL DEFAULT NULL,
  PRIMARY KEY (`id`) USING BTREE,
  INDEX `material_requisition_types_approved_by_foreign`(`approved_by` ASC) USING BTREE,
  INDEX `material_requisition_types_approved_state_id_foreign`(`approved_state_id` ASC) USING BTREE,
  INDEX `material_requisition_types_numbering_type_id_foreign`(`numbering_type_id` ASC) USING BTREE,
  INDEX `material_requisition_types_created_by_foreign`(`created_by` ASC) USING BTREE,
  INDEX `material_requisition_types_deleted_by_foreign`(`deleted_by` ASC) USING BTREE,
  CONSTRAINT `material_requisition_types_approved_by_foreign` FOREIGN KEY (`approved_by`) REFERENCES `users` (`id`) ON DELETE RESTRICT ON UPDATE RESTRICT,
  CONSTRAINT `material_requisition_types_approved_state_id_foreign` FOREIGN KEY (`approved_state_id`) REFERENCES `approval_status` (`id`) ON DELETE RESTRICT ON UPDATE RESTRICT,
  CONSTRAINT `material_requisition_types_created_by_foreign` FOREIGN KEY (`created_by`) REFERENCES `users` (`id`) ON DELETE RESTRICT ON UPDATE RESTRICT,
  CONSTRAINT `material_requisition_types_deleted_by_foreign` FOREIGN KEY (`deleted_by`) REFERENCES `users` (`id`) ON DELETE RESTRICT ON UPDATE RESTRICT,
  CONSTRAINT `material_requisition_types_numbering_type_id_foreign` FOREIGN KEY (`numbering_type_id`) REFERENCES `numbering_types` (`id`) ON DELETE RESTRICT ON UPDATE RESTRICT
) ENGINE = InnoDB AUTO_INCREMENT = 2 CHARACTER SET = utf8mb4 COLLATE = utf8mb4_unicode_ci ROW_FORMAT = DYNAMIC;

-- ----------------------------
-- Records of material_requisition_types
-- ----------------------------
INSERT INTO `material_requisition_types` VALUES (1, 'طلب سلع', '1', 'material requisition', NULL, 1, NULL, NULL, NULL, 1, NULL, NULL, NULL, NULL, 1, '2025-06-12 14:05:50', '2025-06-12 14:05:50', NULL);

-- ----------------------------
-- Table structure for material_requisitions
-- ----------------------------
CREATE TABLE `material_requisitions`  (
  `id` int UNSIGNED NOT NULL AUTO_INCREMENT,
  `number` varchar(255) CHARACTER SET utf8mb4 COLLATE utf8mb4_unicode_ci NULL DEFAULT NULL,
  `date` date NOT NULL,
  `note` text CHARACTER SET utf8mb4 COLLATE utf8mb4_unicode_ci NULL,
  `created_by` int UNSIGNED NULL DEFAULT NULL,
  `deleted_by` int UNSIGNED NULL DEFAULT NULL,
  `approved_by` int UNSIGNED NULL DEFAULT NULL,
  `is_external` int UNSIGNED NULL DEFAULT NULL,
  `approved_date` date NULL DEFAULT NULL,
  `material_requisition_type_id` int UNSIGNED NOT NULL,
  `material_requisition_state_id` int UNSIGNED NULL DEFAULT NULL,
  `request_for_quotation_id` int UNSIGNED NULL DEFAULT NULL,
  `purchase_order_id` int UNSIGNED NULL DEFAULT NULL,
  `approved_state_id` int UNSIGNED NULL DEFAULT NULL,
  `state_id` int UNSIGNED NULL DEFAULT NULL,
  `branch_id` int UNSIGNED NOT NULL,
  `created_at` timestamp NULL DEFAULT NULL,
  `updated_at` timestamp NULL DEFAULT NULL,
  `deleted_at` timestamp NULL DEFAULT NULL,
  PRIMARY KEY (`id`) USING BTREE,
  INDEX `material_requisitions_approved_by_foreign`(`approved_by` ASC) USING BTREE,
  INDEX `material_requisitions_approved_state_id_foreign`(`approved_state_id` ASC) USING BTREE,
  INDEX `material_requisitions_material_requisition_type_id_foreign`(`material_requisition_type_id` ASC) USING BTREE,
  INDEX `material_requisitions_state_id_foreign`(`state_id` ASC) USING BTREE,
  INDEX `material_requisitions_branch_id_foreign`(`branch_id` ASC) USING BTREE,
  INDEX `material_requisitions_created_by_foreign`(`created_by` ASC) USING BTREE,
  INDEX `material_requisitions_deleted_by_foreign`(`deleted_by` ASC) USING BTREE,
  CONSTRAINT `material_requisitions_approved_by_foreign` FOREIGN KEY (`approved_by`) REFERENCES `users` (`id`) ON DELETE RESTRICT ON UPDATE RESTRICT,
  CONSTRAINT `material_requisitions_approved_state_id_foreign` FOREIGN KEY (`approved_state_id`) REFERENCES `approval_status` (`id`) ON DELETE RESTRICT ON UPDATE RESTRICT,
  CONSTRAINT `material_requisitions_branch_id_foreign` FOREIGN KEY (`branch_id`) REFERENCES `branches` (`id`) ON DELETE RESTRICT ON UPDATE RESTRICT,
  CONSTRAINT `material_requisitions_created_by_foreign` FOREIGN KEY (`created_by`) REFERENCES `users` (`id`) ON DELETE RESTRICT ON UPDATE RESTRICT,
  CONSTRAINT `material_requisitions_deleted_by_foreign` FOREIGN KEY (`deleted_by`) REFERENCES `users` (`id`) ON DELETE RESTRICT ON UPDATE RESTRICT,
  CONSTRAINT `material_requisitions_material_requisition_type_id_foreign` FOREIGN KEY (`material_requisition_type_id`) REFERENCES `material_requisition_types` (`id`) ON DELETE RESTRICT ON UPDATE RESTRICT,
  CONSTRAINT `material_requisitions_state_id_foreign` FOREIGN KEY (`state_id`) REFERENCES `status` (`id`) ON DELETE RESTRICT ON UPDATE RESTRICT
) ENGINE = InnoDB AUTO_INCREMENT = 1 CHARACTER SET = utf8mb4 COLLATE = utf8mb4_unicode_ci ROW_FORMAT = DYNAMIC;

-- ----------------------------
-- Records of material_requisitions
-- ----------------------------

-- ----------------------------
-- Table structure for mbl_types
-- ----------------------------
CREATE TABLE `mbl_types`  (
  `id` int UNSIGNED NOT NULL AUTO_INCREMENT,
  `name` varchar(255) CHARACTER SET utf8mb4 COLLATE utf8mb4_unicode_ci NOT NULL,
  `number` varchar(255) CHARACTER SET utf8mb4 COLLATE utf8mb4_unicode_ci NULL DEFAULT NULL,
  `foreign_name` varchar(255) CHARACTER SET utf8mb4 COLLATE utf8mb4_unicode_ci NULL DEFAULT NULL,
  `first_code` varchar(255) CHARACTER SET utf8mb4 COLLATE utf8mb4_unicode_ci NULL DEFAULT NULL,
  `second_code` varchar(255) CHARACTER SET utf8mb4 COLLATE utf8mb4_unicode_ci NULL DEFAULT NULL,
  `first_next_number` varchar(255) CHARACTER SET utf8mb4 COLLATE utf8mb4_unicode_ci NULL DEFAULT NULL,
  `second_next_number` varchar(255) CHARACTER SET utf8mb4 COLLATE utf8mb4_unicode_ci NULL DEFAULT NULL,
  `note` text CHARACTER SET utf8mb4 COLLATE utf8mb4_unicode_ci NULL,
  `created_by` int UNSIGNED NULL DEFAULT NULL,
  `deleted_by` int UNSIGNED NULL DEFAULT NULL,
  `approved_by` int UNSIGNED NULL DEFAULT NULL,
  `approved_date` date NULL DEFAULT NULL,
  `approved_state_id` int UNSIGNED NULL DEFAULT NULL,
  `created_at` timestamp NULL DEFAULT NULL,
  `updated_at` timestamp NULL DEFAULT NULL,
  `deleted_at` timestamp NULL DEFAULT NULL,
  PRIMARY KEY (`id`) USING BTREE,
  INDEX `mbl_types_approved_by_foreign`(`approved_by` ASC) USING BTREE,
  INDEX `mbl_types_approved_state_id_foreign`(`approved_state_id` ASC) USING BTREE,
  INDEX `mbl_types_created_by_foreign`(`created_by` ASC) USING BTREE,
  INDEX `mbl_types_deleted_by_foreign`(`deleted_by` ASC) USING BTREE,
  CONSTRAINT `mbl_types_approved_by_foreign` FOREIGN KEY (`approved_by`) REFERENCES `users` (`id`) ON DELETE RESTRICT ON UPDATE RESTRICT,
  CONSTRAINT `mbl_types_approved_state_id_foreign` FOREIGN KEY (`approved_state_id`) REFERENCES `approval_status` (`id`) ON DELETE RESTRICT ON UPDATE RESTRICT,
  CONSTRAINT `mbl_types_created_by_foreign` FOREIGN KEY (`created_by`) REFERENCES `users` (`id`) ON DELETE RESTRICT ON UPDATE RESTRICT,
  CONSTRAINT `mbl_types_deleted_by_foreign` FOREIGN KEY (`deleted_by`) REFERENCES `users` (`id`) ON DELETE RESTRICT ON UPDATE RESTRICT
) ENGINE = InnoDB AUTO_INCREMENT = 1 CHARACTER SET = utf8mb4 COLLATE = utf8mb4_unicode_ci ROW_FORMAT = DYNAMIC;

-- ----------------------------
-- Records of mbl_types
-- ----------------------------

-- ----------------------------
-- Table structure for medicines
-- ----------------------------
CREATE TABLE `medicines`  (
  `id` int UNSIGNED NOT NULL AUTO_INCREMENT,
  `name` varchar(255) CHARACTER SET utf8mb4 COLLATE utf8mb4_unicode_ci NOT NULL,
  `number` varchar(255) CHARACTER SET utf8mb4 COLLATE utf8mb4_unicode_ci NULL DEFAULT NULL,
  `foreign_name` varchar(255) CHARACTER SET utf8mb4 COLLATE utf8mb4_unicode_ci NULL DEFAULT NULL,
  `note` text CHARACTER SET utf8mb4 COLLATE utf8mb4_unicode_ci NULL,
  `created_by` int UNSIGNED NULL DEFAULT NULL,
  `deleted_by` int UNSIGNED NULL DEFAULT NULL,
  `approved_by` int UNSIGNED NULL DEFAULT NULL,
  `approved_date` date NULL DEFAULT NULL,
  `approved_state_id` int UNSIGNED NULL DEFAULT NULL,
  `created_at` timestamp NULL DEFAULT NULL,
  `updated_at` timestamp NULL DEFAULT NULL,
  `deleted_at` timestamp NULL DEFAULT NULL,
  PRIMARY KEY (`id`) USING BTREE,
  INDEX `medicines_approved_by_foreign`(`approved_by` ASC) USING BTREE,
  INDEX `medicines_approved_state_id_foreign`(`approved_state_id` ASC) USING BTREE,
  INDEX `medicines_created_by_foreign`(`created_by` ASC) USING BTREE,
  INDEX `medicines_deleted_by_foreign`(`deleted_by` ASC) USING BTREE,
  CONSTRAINT `medicines_approved_by_foreign` FOREIGN KEY (`approved_by`) REFERENCES `users` (`id`) ON DELETE RESTRICT ON UPDATE RESTRICT,
  CONSTRAINT `medicines_approved_state_id_foreign` FOREIGN KEY (`approved_state_id`) REFERENCES `approval_status` (`id`) ON DELETE RESTRICT ON UPDATE RESTRICT,
  CONSTRAINT `medicines_created_by_foreign` FOREIGN KEY (`created_by`) REFERENCES `users` (`id`) ON DELETE RESTRICT ON UPDATE RESTRICT,
  CONSTRAINT `medicines_deleted_by_foreign` FOREIGN KEY (`deleted_by`) REFERENCES `users` (`id`) ON DELETE RESTRICT ON UPDATE RESTRICT
) ENGINE = InnoDB AUTO_INCREMENT = 3 CHARACTER SET = utf8mb4 COLLATE = utf8mb4_unicode_ci ROW_FORMAT = DYNAMIC;

-- ----------------------------
-- Records of medicines
-- ----------------------------
INSERT INTO `medicines` VALUES (1, 'بانادول', '1', 'Panadol', NULL, 1, NULL, NULL, NULL, NULL, '2025-06-12 14:05:59', '2025-06-12 14:05:59', NULL);
INSERT INTO `medicines` VALUES (2, 'دولومول', '2', 'dolomol', NULL, 1, NULL, NULL, NULL, NULL, '2025-06-12 14:05:59', '2025-06-12 14:05:59', NULL);

-- ----------------------------
-- Table structure for methods_of_disbursement_of_goods
-- ----------------------------
CREATE TABLE `methods_of_disbursement_of_goods`  (
  `id` int UNSIGNED NOT NULL AUTO_INCREMENT,
  `name` varchar(255) CHARACTER SET utf8mb4 COLLATE utf8mb4_unicode_ci NOT NULL,
  `number` varchar(255) CHARACTER SET utf8mb4 COLLATE utf8mb4_unicode_ci NULL DEFAULT NULL,
  `foreign_name` varchar(255) CHARACTER SET utf8mb4 COLLATE utf8mb4_unicode_ci NULL DEFAULT NULL,
  `note` text CHARACTER SET utf8mb4 COLLATE utf8mb4_unicode_ci NULL,
  `created_by` int UNSIGNED NULL DEFAULT NULL,
  `deleted_by` int UNSIGNED NULL DEFAULT NULL,
  `approved_by` int UNSIGNED NULL DEFAULT NULL,
  `approved_date` date NULL DEFAULT NULL,
  `approved_state_id` int UNSIGNED NULL DEFAULT NULL,
  `created_at` timestamp NULL DEFAULT NULL,
  `updated_at` timestamp NULL DEFAULT NULL,
  `deleted_at` timestamp NULL DEFAULT NULL,
  PRIMARY KEY (`id`) USING BTREE,
  INDEX `methods_of_disbursement_of_goods_approved_by_foreign`(`approved_by` ASC) USING BTREE,
  INDEX `methods_of_disbursement_of_goods_approved_state_id_foreign`(`approved_state_id` ASC) USING BTREE,
  INDEX `methods_of_disbursement_of_goods_created_by_foreign`(`created_by` ASC) USING BTREE,
  INDEX `methods_of_disbursement_of_goods_deleted_by_foreign`(`deleted_by` ASC) USING BTREE,
  CONSTRAINT `methods_of_disbursement_of_goods_approved_by_foreign` FOREIGN KEY (`approved_by`) REFERENCES `users` (`id`) ON DELETE RESTRICT ON UPDATE RESTRICT,
  CONSTRAINT `methods_of_disbursement_of_goods_approved_state_id_foreign` FOREIGN KEY (`approved_state_id`) REFERENCES `approval_status` (`id`) ON DELETE RESTRICT ON UPDATE RESTRICT,
  CONSTRAINT `methods_of_disbursement_of_goods_created_by_foreign` FOREIGN KEY (`created_by`) REFERENCES `users` (`id`) ON DELETE RESTRICT ON UPDATE RESTRICT,
  CONSTRAINT `methods_of_disbursement_of_goods_deleted_by_foreign` FOREIGN KEY (`deleted_by`) REFERENCES `users` (`id`) ON DELETE RESTRICT ON UPDATE RESTRICT
) ENGINE = InnoDB AUTO_INCREMENT = 4 CHARACTER SET = utf8mb4 COLLATE = utf8mb4_unicode_ci ROW_FORMAT = DYNAMIC;

-- ----------------------------
-- Records of methods_of_disbursement_of_goods
-- ----------------------------
INSERT INTO `methods_of_disbursement_of_goods` VALUES (1, 'متوسط كلفة مرجح', '1', 'Weighted average cost', NULL, 1, NULL, NULL, NULL, NULL, '2025-06-12 14:05:49', '2025-06-12 14:05:49', NULL);
INSERT INTO `methods_of_disbursement_of_goods` VALUES (2, 'اخر شراء', '2', 'Last purchase', NULL, 1, NULL, NULL, NULL, NULL, '2025-06-12 14:05:49', '2025-06-12 14:05:49', NULL);
INSERT INTO `methods_of_disbursement_of_goods` VALUES (3, 'متوسط الشراء', '3', 'Average purchase', NULL, 1, NULL, NULL, NULL, NULL, '2025-06-12 14:05:49', '2025-06-12 14:05:49', NULL);

-- ----------------------------
-- Table structure for migrations
-- ----------------------------
CREATE TABLE `migrations`  (
  `id` int UNSIGNED NOT NULL AUTO_INCREMENT,
  `migration` varchar(255) CHARACTER SET utf8mb4 COLLATE utf8mb4_unicode_ci NOT NULL,
  `batch` int NOT NULL,
  PRIMARY KEY (`id`) USING BTREE
) ENGINE = InnoDB AUTO_INCREMENT = 601 CHARACTER SET = utf8mb4 COLLATE = utf8mb4_unicode_ci ROW_FORMAT = DYNAMIC;

-- ----------------------------
-- Records of migrations
-- ----------------------------
INSERT INTO `migrations` VALUES (1, '2019_08_19_000000_create_failed_jobs_table', 1);
INSERT INTO `migrations` VALUES (2, '2020_02_22_091640_create_companies_table', 1);
INSERT INTO `migrations` VALUES (3, '2020_02_22_122559_create_user_states_table', 1);
INSERT INTO `migrations` VALUES (4, '2020_02_22_122635_create_user_types_table', 1);
INSERT INTO `migrations` VALUES (5, '2020_02_22_122657_create_permissions_table', 1);
INSERT INTO `migrations` VALUES (6, '2020_02_22_122811_create_genders_table', 1);
INSERT INTO `migrations` VALUES (7, '2020_02_22_130913_create_application_gorups_table', 1);
INSERT INTO `migrations` VALUES (8, '2020_02_22_131032_create_users_table', 1);
INSERT INTO `migrations` VALUES (9, '2020_02_22_140657_create_application_states_table', 1);
INSERT INTO `migrations` VALUES (10, '2020_02_22_184514_create_model_types_table', 1);
INSERT INTO `migrations` VALUES (11, '2020_02_23_220808_create_curds_table', 1);
INSERT INTO `migrations` VALUES (12, '2020_02_24_064821_create_approval_status_table', 1);
INSERT INTO `migrations` VALUES (13, '2020_02_24_114315_create_applications_table', 1);
INSERT INTO `migrations` VALUES (15, '2020_02_24_114552_create_permission_views_table', 1);
INSERT INTO `migrations` VALUES (16, '2020_02_24_114603_create_permission_curds_table', 1);
INSERT INTO `migrations` VALUES (17, '2020_02_24_170808_create_model_approval_users_table', 1);
INSERT INTO `migrations` VALUES (18, '2020_02_25_220947_create_approvals_table', 1);
INSERT INTO `migrations` VALUES (19, '2020_03_14_084921_create_uploaded_file_paths_table', 1);
INSERT INTO `migrations` VALUES (20, '2020_03_16_033240_create_excel_export_columns_table', 1);
INSERT INTO `migrations` VALUES (21, '2020_03_16_041507_create_excel_import_columns_table', 1);
INSERT INTO `migrations` VALUES (22, '2020_03_21_041029_create_warehouses_table', 1);
INSERT INTO `migrations` VALUES (23, '2020_03_21_063522_create_product_categories_table', 1);
INSERT INTO `migrations` VALUES (24, '2020_03_22_140609_create_states_table', 1);
INSERT INTO `migrations` VALUES (25, '2020_03_23_193848_create_currencies_table', 1);
INSERT INTO `migrations` VALUES (26, '2020_03_26_080548_create_cities_table', 1);
INSERT INTO `migrations` VALUES (27, '2020_03_26_105124_create_tax_states_table', 1);
INSERT INTO `migrations` VALUES (28, '2020_03_26_112130_create_discount_status_table', 1);
INSERT INTO `migrations` VALUES (29, '2020_03_26_124644_create_voucher_posting_status_table', 1);
INSERT INTO `migrations` VALUES (30, '2020_03_27_044455_create_inventory_types_table', 1);
INSERT INTO `migrations` VALUES (31, '2020_03_29_144326_create_financial_account_types_table', 1);
INSERT INTO `migrations` VALUES (32, '2020_03_29_152200_create_payment_terms_types_table', 1);
INSERT INTO `migrations` VALUES (33, '2020_03_29_153003_create_payment_terms_options_table', 1);
INSERT INTO `migrations` VALUES (34, '2020_03_29_153008_create_payment_terms_table', 1);
INSERT INTO `migrations` VALUES (35, '2020_03_30_094328_create_account_address_types_table', 1);
INSERT INTO `migrations` VALUES (36, '2020_03_30_193852_create_countries_table', 1);
INSERT INTO `migrations` VALUES (37, '2020_03_30_194111_create_account_addresses_table', 1);
INSERT INTO `migrations` VALUES (38, '2020_04_02_035324_create_customer_main_accounts_table', 1);
INSERT INTO `migrations` VALUES (39, '2020_04_02_143911_create_vendor_main_accounts_table', 1);
INSERT INTO `migrations` VALUES (40, '2020_04_02_193901_create_main_accounts_table', 1);
INSERT INTO `migrations` VALUES (41, '2020_04_03_134625_create_customers_table', 1);
INSERT INTO `migrations` VALUES (42, '2020_04_03_142316_create_vendors_table', 1);
INSERT INTO `migrations` VALUES (43, '2020_04_04_042609_create_account_status_table', 1);
INSERT INTO `migrations` VALUES (44, '2020_04_05_142244_create_accounts_table', 1);
INSERT INTO `migrations` VALUES (45, '2020_04_06_070701_create_journal_kinds_table', 1);
INSERT INTO `migrations` VALUES (46, '2020_04_06_071513_create_journal_groups_table', 1);
INSERT INTO `migrations` VALUES (47, '2020_04_06_173455_create_transfer_types_table', 1);
INSERT INTO `migrations` VALUES (48, '2020_04_07_111843_create_numbering_types_table', 1);
INSERT INTO `migrations` VALUES (49, '2020_04_07_112139_create_journal_types_table', 1);
INSERT INTO `migrations` VALUES (50, '2020_04_07_112608_create_journals_table', 1);
INSERT INTO `migrations` VALUES (51, '2020_04_10_105615_create_cost_centers_table', 1);
INSERT INTO `migrations` VALUES (52, '2020_04_10_124608_create_multi_currency_status_table', 1);
INSERT INTO `migrations` VALUES (53, '2020_04_11_121803_create_contract_close_status_table', 1);
INSERT INTO `migrations` VALUES (54, '2020_04_11_130112_create_branches_table', 1);
INSERT INTO `migrations` VALUES (55, '2020_04_14_123152_create_posting_status_table', 1);
INSERT INTO `migrations` VALUES (56, '2020_04_15_161111_create_payment_methods_table', 1);
INSERT INTO `migrations` VALUES (57, '2020_04_21_082219_create_journal_entry_payment_types_table', 1);
INSERT INTO `migrations` VALUES (58, '2020_04_21_082318_create_journal_entries_table', 1);
INSERT INTO `migrations` VALUES (59, '2020_04_21_082516_create_journal_entry_lines_table', 1);
INSERT INTO `migrations` VALUES (60, '2020_04_30_123546_create_notification_types_table', 1);
INSERT INTO `migrations` VALUES (61, '2020_04_30_123619_create_notification_columns_table', 1);
INSERT INTO `migrations` VALUES (62, '2020_04_30_123731_create_notifications_send_table', 1);
INSERT INTO `migrations` VALUES (63, '2020_05_03_015144_create_product_types_table', 1);
INSERT INTO `migrations` VALUES (64, '2020_05_03_164934_create_product_unit_types_table', 1);
INSERT INTO `migrations` VALUES (65, '2020_05_03_205755_create_product_id_categories', 1);
INSERT INTO `migrations` VALUES (66, '2020_05_04_134402_create_units_table', 1);
INSERT INTO `migrations` VALUES (67, '2020_05_04_142046_create_product_policies_table', 1);
INSERT INTO `migrations` VALUES (68, '2020_05_04_150134_create_product_ids_table', 1);
INSERT INTO `migrations` VALUES (69, '2020_05_04_152550_create_methods_of_disbursement_of_goods_table', 1);
INSERT INTO `migrations` VALUES (70, '2020_05_04_152558_create_products_table', 1);
INSERT INTO `migrations` VALUES (71, '2020_05_04_153851_create_product_id_relations_table', 1);
INSERT INTO `migrations` VALUES (72, '2020_05_04_154130_create_product_category_relations_table', 1);
INSERT INTO `migrations` VALUES (73, '2020_05_04_154345_create_product_units_table', 1);
INSERT INTO `migrations` VALUES (74, '2020_05_04_154748_create_product_components_table', 1);
INSERT INTO `migrations` VALUES (75, '2020_05_04_155221_create_product_gifts_table', 1);
INSERT INTO `migrations` VALUES (76, '2020_05_04_155645_create_product_orders_table', 1);
INSERT INTO `migrations` VALUES (77, '2020_05_04_160126_create_product_alternatives_table', 1);
INSERT INTO `migrations` VALUES (78, '2020_05_06_133930_create_product_specification_types_table', 1);
INSERT INTO `migrations` VALUES (79, '2020_05_06_134653_create_product_specifications_table', 1);
INSERT INTO `migrations` VALUES (80, '2020_05_06_144111_create_product_specification_values_table', 1);
INSERT INTO `migrations` VALUES (81, '2020_05_06_144426_create_product_specification_relations_table', 1);
INSERT INTO `migrations` VALUES (82, '2020_05_12_161841_create_product_total_quantitys_table', 1);
INSERT INTO `migrations` VALUES (83, '2020_05_12_162126_create_in_out_types_table', 1);
INSERT INTO `migrations` VALUES (84, '2020_05_12_162747_create_note_voucher_types_table', 1);
INSERT INTO `migrations` VALUES (85, '2020_05_12_163546_create_note_vouchers_table', 1);
INSERT INTO `migrations` VALUES (86, '2020_05_12_164133_create_note_voucher_lines_table', 1);
INSERT INTO `migrations` VALUES (87, '2020_05_27_192310_create_notifications_table', 1);
INSERT INTO `migrations` VALUES (88, '2020_05_29_123559_create_material_requisition_types_table', 1);
INSERT INTO `migrations` VALUES (89, '2020_05_29_134658_create_material_requisitions_table', 1);
INSERT INTO `migrations` VALUES (90, '2020_05_29_134709_create_material_requisition_lines_table', 1);
INSERT INTO `migrations` VALUES (91, '2020_05_30_002108_create_request_for_quotation_status_table', 1);
INSERT INTO `migrations` VALUES (92, '2020_05_30_004049_create_request_for_quotation_types_table', 1);
INSERT INTO `migrations` VALUES (93, '2020_05_30_004108_create_request_for_quotations_table', 1);
INSERT INTO `migrations` VALUES (94, '2020_05_30_004354_create_request_for_quotation_lines_table', 1);
INSERT INTO `migrations` VALUES (95, '2020_05_31_204905_create_purchase_order_types_table', 1);
INSERT INTO `migrations` VALUES (96, '2020_05_31_204917_create_purchase_orders_table', 1);
INSERT INTO `migrations` VALUES (97, '2020_05_31_204932_create_purchase_order_lines_table', 1);
INSERT INTO `migrations` VALUES (98, '2020_06_17_144620_create_account_statment_types_table', 1);
INSERT INTO `migrations` VALUES (99, '2020_06_17_150822_create_account_statment_accounts_table', 1);
INSERT INTO `migrations` VALUES (100, '2020_06_23_205145_create_check_portfolios_table', 1);
INSERT INTO `migrations` VALUES (101, '2020_06_23_230428_create_check_status_table', 1);
INSERT INTO `migrations` VALUES (102, '2020_06_23_230441_create_check_types_table', 1);
INSERT INTO `migrations` VALUES (103, '2020_06_23_230456_create_check_collect_types_table', 1);
INSERT INTO `migrations` VALUES (104, '2020_06_23_230512_create_check_books_table', 1);
INSERT INTO `migrations` VALUES (105, '2020_06_23_230646_create_check_reject_reasons_table', 1);
INSERT INTO `migrations` VALUES (106, '2020_06_24_000329_create_checks_table', 1);
INSERT INTO `migrations` VALUES (107, '2020_06_25_144930_create_request_for_checks_table', 1);
INSERT INTO `migrations` VALUES (108, '2020_06_28_081720_create_pos_closing_status_table', 1);
INSERT INTO `migrations` VALUES (109, '2020_06_28_093550_create_pos_posting_types_table', 1);
INSERT INTO `migrations` VALUES (110, '2020_06_28_095829_create_poss_table', 1);
INSERT INTO `migrations` VALUES (111, '2020_07_02_105202_create_pos_invoices_table', 1);
INSERT INTO `migrations` VALUES (112, '2020_07_02_105223_create_pos_invoice_lines_table', 1);
INSERT INTO `migrations` VALUES (113, '2020_07_09_070211_create_sales_order_types_table', 1);
INSERT INTO `migrations` VALUES (114, '2020_07_09_070223_create_sales_order_status_table', 1);
INSERT INTO `migrations` VALUES (115, '2020_07_09_070424_create_sales_orders_table', 1);
INSERT INTO `migrations` VALUES (116, '2020_07_09_070509_create_sales_order_lines_table', 1);
INSERT INTO `migrations` VALUES (117, '2020_07_12_123426_create_sales_quotation_types_table', 1);
INSERT INTO `migrations` VALUES (118, '2020_07_12_123444_create_sales_quotation_status_table', 1);
INSERT INTO `migrations` VALUES (119, '2020_07_12_123518_create_sales_quotations_table', 1);
INSERT INTO `migrations` VALUES (120, '2020_07_12_123537_create_sales_quotation_lines_table', 1);
INSERT INTO `migrations` VALUES (121, '2020_07_14_175145_create_price_lists_table', 1);
INSERT INTO `migrations` VALUES (122, '2020_07_14_180514_create_price_list_lines_table', 1);
INSERT INTO `migrations` VALUES (123, '2020_07_17_235829_create_departments_table', 1);
INSERT INTO `migrations` VALUES (124, '2020_07_17_235841_create_employee_groups_table', 1);
INSERT INTO `migrations` VALUES (125, '2020_07_17_235933_create_employee_visas_table', 1);
INSERT INTO `migrations` VALUES (126, '2020_07_17_235948_create_marital_status_table', 1);
INSERT INTO `migrations` VALUES (127, '2020_07_18_000043_create_employees_table', 1);
INSERT INTO `migrations` VALUES (128, '2020_07_18_000105_create_safe_deposit_status_table', 1);
INSERT INTO `migrations` VALUES (129, '2020_07_18_000118_create_safe_deposits_table', 1);
INSERT INTO `migrations` VALUES (130, '2020_07_19_184622_create_education_types_table', 1);
INSERT INTO `migrations` VALUES (131, '2020_07_19_184637_create_employee_educations_table', 1);
INSERT INTO `migrations` VALUES (132, '2020_07_22_071732_create_attendance_types_table', 1);
INSERT INTO `migrations` VALUES (133, '2020_07_22_071748_create_attendance_machines_table', 1);
INSERT INTO `migrations` VALUES (134, '2020_07_22_071809_create_holidays_table', 1);
INSERT INTO `migrations` VALUES (135, '2020_07_22_071827_create_time_calculation_methods_table', 1);
INSERT INTO `migrations` VALUES (136, '2020_07_22_071921_create_attendances_table', 1);
INSERT INTO `migrations` VALUES (137, '2020_07_22_071949_create_shifts_table', 1);
INSERT INTO `migrations` VALUES (138, '2020_07_22_072031_create_employee_attendances_table', 1);
INSERT INTO `migrations` VALUES (139, '2020_07_22_124734_create_shift_holidays_table', 1);
INSERT INTO `migrations` VALUES (140, '2020_07_23_154353_create_repeated_notifications_table', 1);
INSERT INTO `migrations` VALUES (141, '2020_07_24_073917_create_employee_shifts_table', 1);
INSERT INTO `migrations` VALUES (142, '2020_07_25_181507_create_rewards_table', 1);
INSERT INTO `migrations` VALUES (143, '2020_07_25_181528_create_employee_rewards_table', 1);
INSERT INTO `migrations` VALUES (144, '2020_07_25_181544_create_deductions_table', 1);
INSERT INTO `migrations` VALUES (145, '2020_07_25_181558_create_employee_deductions_table', 1);
INSERT INTO `migrations` VALUES (146, '2020_07_25_181615_create_permit_types_table', 1);
INSERT INTO `migrations` VALUES (147, '2020_07_25_181635_create_employee_permits_table', 1);
INSERT INTO `migrations` VALUES (148, '2020_07_25_181726_create_allowance_on_salarys_table', 1);
INSERT INTO `migrations` VALUES (149, '2020_07_25_181742_create_employee_allowance_on_salarys_table', 1);
INSERT INTO `migrations` VALUES (150, '2020_07_25_181807_create_petty_cashs_table', 1);
INSERT INTO `migrations` VALUES (151, '2020_07_25_181821_create_employee_petty_cashs_table', 1);
INSERT INTO `migrations` VALUES (152, '2020_08_02_010539_create_salary_cutoffs_table', 1);
INSERT INTO `migrations` VALUES (153, '2020_08_02_010556_create_employee_salary_cutoffs_table', 1);
INSERT INTO `migrations` VALUES (154, '2020_08_02_204550_create_document_categories_table', 1);
INSERT INTO `migrations` VALUES (155, '2020_08_02_204602_create_document_paths_table', 1);
INSERT INTO `migrations` VALUES (156, '2020_08_06_113012_create_employee_salaries_table', 1);
INSERT INTO `migrations` VALUES (157, '2020_08_10_030641_create_formula_types_table', 1);
INSERT INTO `migrations` VALUES (158, '2020_08_10_030657_create_formulas_table', 1);
INSERT INTO `migrations` VALUES (159, '2020_08_10_030712_create_formula_lines_table', 1);
INSERT INTO `migrations` VALUES (160, '2020_08_10_030731_create_manufacturing_order_types_table', 1);
INSERT INTO `migrations` VALUES (161, '2020_08_10_030746_create_manufacturing_orders_table', 1);
INSERT INTO `migrations` VALUES (162, '2020_08_10_030804_create_manufacturing_order_lines_table', 1);
INSERT INTO `migrations` VALUES (163, '2020_08_11_152257_create_rental_type_values_table', 1);
INSERT INTO `migrations` VALUES (164, '2020_08_11_152557_create_contracts_types_table', 1);
INSERT INTO `migrations` VALUES (165, '2020_08_11_152608_create_contracts_status_table', 1);
INSERT INTO `migrations` VALUES (166, '2020_08_11_152623_create_contracts_table', 1);
INSERT INTO `migrations` VALUES (167, '2020_08_11_200022_create_contract_journal_entries_table', 1);
INSERT INTO `migrations` VALUES (168, '2020_08_13_211903_create_rental_categories_table', 1);
INSERT INTO `migrations` VALUES (169, '2020_08_13_211920_create_rental_category_products_table', 1);
INSERT INTO `migrations` VALUES (170, '2020_08_15_154723_create_favorites_table', 1);
INSERT INTO `migrations` VALUES (171, '2020_08_25_030810_create_activity_log_table', 1);
INSERT INTO `migrations` VALUES (172, '2020_08_30_081009_create_pos_product_categories_table', 1);
INSERT INTO `migrations` VALUES (173, '2020_08_30_081112_create_pos_product_category_relations', 1);
INSERT INTO `migrations` VALUES (174, '2020_09_02_090658_create_daily_notification_types_table', 1);
INSERT INTO `migrations` VALUES (175, '2020_09_02_091032_create_daily_notifications_table', 1);
INSERT INTO `migrations` VALUES (176, '2020_09_02_144518_create_slow_moving_products_table', 1);
INSERT INTO `migrations` VALUES (177, '2020_09_07_063711_create_account_statment_notifications_table', 1);
INSERT INTO `migrations` VALUES (178, '2020_09_17_072832_create_delivery_order_status_table', 1);
INSERT INTO `migrations` VALUES (179, '2020_09_17_073030_create_delivery_orders_table', 1);
INSERT INTO `migrations` VALUES (180, '2020_09_17_073046_create_delivery_order_lines_table', 1);
INSERT INTO `migrations` VALUES (181, '2020_09_17_080055_create_delivery_order_note_vouchers_table', 1);
INSERT INTO `migrations` VALUES (182, '2020_09_17_080110_create_delivery_order_journal_entries_table', 1);
INSERT INTO `migrations` VALUES (183, '2020_09_18_090959_create_purchase_order_status_table', 1);
INSERT INTO `migrations` VALUES (184, '2020_09_18_093118_create_purchase_order_note_vouchers_table', 1);
INSERT INTO `migrations` VALUES (185, '2020_09_26_114318_create_pos_lounges_table', 1);
INSERT INTO `migrations` VALUES (186, '2020_09_26_114337_create_pos_tables_table', 1);
INSERT INTO `migrations` VALUES (187, '2020_09_28_082937_create_pos_lounge_invoices_table', 1);
INSERT INTO `migrations` VALUES (188, '2020_09_28_083029_create_pos_lounge_invoice_lines', 1);
INSERT INTO `migrations` VALUES (189, '2020_10_23_143945_create_employee_salary_calc_types_table', 1);
INSERT INTO `migrations` VALUES (190, '2020_10_24_083727_create_check_collection_types_table', 1);
INSERT INTO `migrations` VALUES (191, '2020_10_24_125638_create_note_voucher_components_table', 1);
INSERT INTO `migrations` VALUES (192, '2020_11_06_090222_create_question_types_table', 1);
INSERT INTO `migrations` VALUES (193, '2020_11_06_090232_create_classe_groups_table', 1);
INSERT INTO `migrations` VALUES (194, '2020_11_06_090236_create_subject_groups_table', 1);
INSERT INTO `migrations` VALUES (195, '2020_11_06_090237_create_subjects_table', 1);
INSERT INTO `migrations` VALUES (196, '2020_11_06_090333_create_questions_table', 1);
INSERT INTO `migrations` VALUES (197, '2020_11_06_090400_create_question_options_table', 1);
INSERT INTO `migrations` VALUES (198, '2020_11_06_090513_create_classes_table', 1);
INSERT INTO `migrations` VALUES (199, '2020_11_06_090545_create_class_teachers_table', 1);
INSERT INTO `migrations` VALUES (200, '2020_11_06_090631_create_events_table', 1);
INSERT INTO `migrations` VALUES (201, '2020_11_06_090654_create_bus_groups_table', 1);
INSERT INTO `migrations` VALUES (202, '2020_11_06_090654_create_rental_types_table', 1);
INSERT INTO `migrations` VALUES (203, '2020_11_06_090655_create_buses_table', 1);
INSERT INTO `migrations` VALUES (204, '2020_11_06_090715_create_class_bus_periods_table', 1);
INSERT INTO `migrations` VALUES (205, '2020_11_06_090742_create_student_attendance_types_table', 1);
INSERT INTO `migrations` VALUES (206, '2020_11_06_090758_create_student_attendances_table', 1);
INSERT INTO `migrations` VALUES (207, '2020_11_06_090837_create_student_homeworks_table', 1);
INSERT INTO `migrations` VALUES (208, '2020_11_06_090854_create_student_classes_table', 1);
INSERT INTO `migrations` VALUES (209, '2020_11_06_090920_create_online_exams_table', 1);
INSERT INTO `migrations` VALUES (210, '2020_11_06_091010_create_student_exams_table', 1);
INSERT INTO `migrations` VALUES (211, '2020_11_06_091030_create_online_exam_questions_table', 1);
INSERT INTO `migrations` VALUES (212, '2020_11_06_091134_create_class_schedules_table', 1);
INSERT INTO `migrations` VALUES (213, '2020_11_06_091156_create_student_groups_table', 1);
INSERT INTO `migrations` VALUES (214, '2020_11_06_091159_create_students_table', 1);
INSERT INTO `migrations` VALUES (215, '2020_11_15_084807_create_subject_teachers_table', 1);
INSERT INTO `migrations` VALUES (216, '2020_11_16_054825_create_education_settings_table', 1);
INSERT INTO `migrations` VALUES (217, '2020_11_18_134906_create_online_exam_answers_table', 1);
INSERT INTO `migrations` VALUES (218, '2020_11_18_155811_create_online_exam_students_table', 1);
INSERT INTO `migrations` VALUES (219, '2020_11_20_120327_create_student_homework_results_table', 1);
INSERT INTO `migrations` VALUES (220, '2020_11_22_080739_create_daily_classes_table', 1);
INSERT INTO `migrations` VALUES (221, '2020_12_02_061004_create_model_permissions_table', 1);
INSERT INTO `migrations` VALUES (222, '2020_12_05_071248_create_manufacturing_order_status_table', 1);
INSERT INTO `migrations` VALUES (223, '2020_12_11_082304_create_asset_groups_table', 1);
INSERT INTO `migrations` VALUES (224, '2020_12_11_082320_create_asset_minimums_table', 1);
INSERT INTO `migrations` VALUES (225, '2020_12_11_082345_create_asset_status_table', 1);
INSERT INTO `migrations` VALUES (226, '2020_12_11_082346_create_assets_table', 1);
INSERT INTO `migrations` VALUES (227, '2020_12_11_082407_create_asset_journal_entries_table', 1);
INSERT INTO `migrations` VALUES (228, '2020_12_16_141233_create_manufacturing_order_note_vouchers_table', 1);
INSERT INTO `migrations` VALUES (229, '2020_12_17_225222_create_email_lists_table', 1);
INSERT INTO `migrations` VALUES (230, '2020_12_17_225237_create_email_list_mails_table', 1);
INSERT INTO `migrations` VALUES (231, '2020_12_25_135815_create_visited_models_table', 1);
INSERT INTO `migrations` VALUES (232, '2021_00_26_110048_create_working_contract_types_table', 1);
INSERT INTO `migrations` VALUES (233, '2021_01_01_125614_create_parter_relations_table', 1);
INSERT INTO `migrations` VALUES (234, '2021_01_01_133250_create_partner_cost_centers_table', 1);
INSERT INTO `migrations` VALUES (235, '2021_01_08_125039_create_days_table', 1);
INSERT INTO `migrations` VALUES (236, '2021_01_15_191847_create_locations_table', 1);
INSERT INTO `migrations` VALUES (237, '2021_01_19_111150_create_pos_users_table', 1);
INSERT INTO `migrations` VALUES (238, '2021_01_20_205250_create_online_suppliers_table', 1);
INSERT INTO `migrations` VALUES (239, '2021_01_20_212529_create_online_supplier_percentages_table', 1);
INSERT INTO `migrations` VALUES (240, '2021_01_21_065456_create_pos_product_components_table', 1);
INSERT INTO `migrations` VALUES (241, '2021_01_21_135713_create_pos_invoice_line_components_table', 1);
INSERT INTO `migrations` VALUES (242, '2021_01_26_113336_create_working_contract_groups_table', 1);
INSERT INTO `migrations` VALUES (243, '2021_01_26_115932_create_working_contract_status_table', 1);
INSERT INTO `migrations` VALUES (244, '2021_01_26_121229_create_working_contracts_table', 1);
INSERT INTO `migrations` VALUES (245, '2021_01_26_121425_create_working_contract_lines_table', 1);
INSERT INTO `migrations` VALUES (246, '2021_01_26_122113_create_working_contract_line_specifications_table', 1);
INSERT INTO `migrations` VALUES (247, '2021_01_28_152427_create_working_contract_line_components_table', 1);
INSERT INTO `migrations` VALUES (248, '2021_01_28_170652_create_working_contract_journal_entries_table', 1);
INSERT INTO `migrations` VALUES (249, '2021_01_29_083520_create_working_contract_note_vouchers_table', 1);
INSERT INTO `migrations` VALUES (250, '2021_01_29_085119_create_note_voucher_out_types_table', 1);
INSERT INTO `migrations` VALUES (251, '2021_01_30_145745_create_working_contract_settings_table', 1);
INSERT INTO `migrations` VALUES (252, '2021_01_31_160753_create_online_exam_attendances_table', 1);
INSERT INTO `migrations` VALUES (253, '2021_02_01_133101_create_work_order_steps_table', 1);
INSERT INTO `migrations` VALUES (254, '2021_02_01_133135_create_work_order_step_status_table', 1);
INSERT INTO `migrations` VALUES (255, '2021_02_01_133218_create_work_order_status_table', 1);
INSERT INTO `migrations` VALUES (256, '2021_02_01_133442_create_work_order_groups_table', 1);
INSERT INTO `migrations` VALUES (257, '2021_02_01_133443_create_work_orders_table', 1);
INSERT INTO `migrations` VALUES (258, '2021_02_01_133517_create_work_order_lines_table', 1);
INSERT INTO `migrations` VALUES (259, '2021_02_01_133536_create_work_order_line_steps_table', 1);
INSERT INTO `migrations` VALUES (260, '2021_02_03_174227_create_reserve_material_order_status_table', 1);
INSERT INTO `migrations` VALUES (261, '2021_02_03_174249_create_reserve_material_order_groups_table', 1);
INSERT INTO `migrations` VALUES (262, '2021_02_03_174317_create_reserve_material_orders_table', 1);
INSERT INTO `migrations` VALUES (263, '2021_02_03_174339_create_reserve_material_order_lines_table', 1);
INSERT INTO `migrations` VALUES (264, '2021_02_03_174356_create_reserve_material_order_vouchers_table', 1);
INSERT INTO `migrations` VALUES (265, '2021_02_14_141337_create_employee_promotions_table', 1);
INSERT INTO `migrations` VALUES (266, '2021_02_15_124847_create_employee_penalties_groups_table', 1);
INSERT INTO `migrations` VALUES (267, '2021_02_15_124855_create_employee_penalties_table', 1);
INSERT INTO `migrations` VALUES (268, '2021_02_15_125248_create_employee_penalties_asserts_table', 1);
INSERT INTO `migrations` VALUES (269, '2021_02_15_140637_create_employee_clearances_table', 1);
INSERT INTO `migrations` VALUES (270, '2021_02_15_140905_careate_hrm_settings_table', 1);
INSERT INTO `migrations` VALUES (271, '2021_02_18_114605_create_invoice_maintenance_groups_table', 1);
INSERT INTO `migrations` VALUES (272, '2021_02_18_123317_create_invoice_maintenance_kinds_table', 1);
INSERT INTO `migrations` VALUES (273, '2021_02_18_123434_create_invoice_maintenance_types_table', 1);
INSERT INTO `migrations` VALUES (274, '2021_02_18_123458_create_invoice_maintenance_status_table', 1);
INSERT INTO `migrations` VALUES (275, '2021_02_18_123517_create_invoice_maintenances_table', 1);
INSERT INTO `migrations` VALUES (276, '2021_02_18_123536_create_invoice_maintenance_lines_table', 1);
INSERT INTO `migrations` VALUES (277, '2021_02_21_212138_create_id_types_table', 1);
INSERT INTO `migrations` VALUES (278, '2021_02_22_110520_create_quality_groups_table', 1);
INSERT INTO `migrations` VALUES (279, '2021_02_22_110639_create_quality_types_table', 1);
INSERT INTO `migrations` VALUES (280, '2021_02_22_110658_create_quality_test_keys_table', 1);
INSERT INTO `migrations` VALUES (281, '2021_02_22_110712_create_quality_test_key_values_table', 1);
INSERT INTO `migrations` VALUES (282, '2021_02_22_110727_create_quality_tests_table', 1);
INSERT INTO `migrations` VALUES (283, '2021_02_22_110744_create_quality_test_lines_table', 1);
INSERT INTO `migrations` VALUES (284, '2021_02_23_143833_create_quality_step_status_table', 1);
INSERT INTO `migrations` VALUES (285, '2021_02_26_101801_create_permission_products_table', 1);
INSERT INTO `migrations` VALUES (286, '2021_02_26_101817_create_permission_product_categories_table', 1);
INSERT INTO `migrations` VALUES (287, '2021_02_26_194023_create_product_quantitys_table', 1);
INSERT INTO `migrations` VALUES (288, '2021_02_27_224905_create_areas_table', 1);
INSERT INTO `migrations` VALUES (289, '2021_03_02_150824_create_product_averages_table', 1);
INSERT INTO `migrations` VALUES (290, '2021_03_05_091822_create_employee_loans_status_table', 1);
INSERT INTO `migrations` VALUES (291, '2021_03_05_091842_create_employee_loans_table', 1);
INSERT INTO `migrations` VALUES (292, '2021_03_05_095409_create_employee_loan_payments_table', 1);
INSERT INTO `migrations` VALUES (293, '2021_03_14_190823_create_work_order_step_quality_types_table', 1);
INSERT INTO `migrations` VALUES (294, '2021_03_20_083816_create_weekly_plans_table', 1);
INSERT INTO `migrations` VALUES (295, '2021_03_20_083828_create_weekly_plan_lines_table', 1);
INSERT INTO `migrations` VALUES (296, '2021_03_20_162559_create_reminders_table', 1);
INSERT INTO `migrations` VALUES (297, '2021_03_20_162611_create_reminder_lines_table', 1);
INSERT INTO `migrations` VALUES (298, '2021_03_22_194411_create_product_schedules_table', 1);
INSERT INTO `migrations` VALUES (299, '2021_03_22_194425_create_product_schedule_lines_table', 1);
INSERT INTO `migrations` VALUES (300, '2021_03_28_222250_create_transport_types_table', 1);
INSERT INTO `migrations` VALUES (301, '2021_03_28_222306_create_foreign_order_types_table', 1);
INSERT INTO `migrations` VALUES (302, '2021_03_28_222319_create_foreign_order_status_table', 1);
INSERT INTO `migrations` VALUES (303, '2021_03_28_222334_create_foreign_orders_table', 1);
INSERT INTO `migrations` VALUES (304, '2021_03_28_222411_create_foreign_order_lines_table', 1);
INSERT INTO `migrations` VALUES (305, '2021_03_28_222530_create_foreign_order_journals_table', 1);
INSERT INTO `migrations` VALUES (306, '2021_03_31_205016_create_class_apis_table', 1);
INSERT INTO `migrations` VALUES (307, '2021_04_03_221605_create_user_specifications_table', 1);
INSERT INTO `migrations` VALUES (308, '2021_04_03_221625_create_user_specification_values_table', 1);
INSERT INTO `migrations` VALUES (309, '2021_04_03_221639_create_user_specification_relations_table', 1);
INSERT INTO `migrations` VALUES (310, '2021_04_06_121448_create_lines_specifications_table', 1);
INSERT INTO `migrations` VALUES (311, '2021_04_12_154751_create_sales_settings_table', 1);
INSERT INTO `migrations` VALUES (312, '2021_04_14_063452_create_po_custom_fields_table', 1);
INSERT INTO `migrations` VALUES (313, '2021_04_14_063744_create_po_custom_relations_table', 1);
INSERT INTO `migrations` VALUES (314, '2021_04_14_202349_create_working_contract_line_header_table', 1);
INSERT INTO `migrations` VALUES (315, '2021_04_15_220753_create_credit_cards_table', 1);
INSERT INTO `migrations` VALUES (316, '2021_04_19_210736_create_pos_payment_methods_table', 1);
INSERT INTO `migrations` VALUES (317, '2021_04_25_135029_create_delivery_types_table', 1);
INSERT INTO `migrations` VALUES (318, '2021_04_25_142229_create_purchase_settings_table', 1);
INSERT INTO `migrations` VALUES (319, '2021_05_01_154049_create_pos_sales_categories_table', 1);
INSERT INTO `migrations` VALUES (320, '2021_05_02_001407_create_journal_entry_journal_entries_table', 1);
INSERT INTO `migrations` VALUES (321, '2021_05_02_015150_create_accounting_settings_table', 1);
INSERT INTO `migrations` VALUES (322, '2021_05_05_014929_create_sms_providers_table', 1);
INSERT INTO `migrations` VALUES (323, '2021_05_05_025423_create_sms_lists_table', 1);
INSERT INTO `migrations` VALUES (324, '2021_05_05_025437_create_sms_list_numbers_table', 1);
INSERT INTO `migrations` VALUES (325, '2021_05_05_025454_create_sms_marketing_settings_table', 1);
INSERT INTO `migrations` VALUES (326, '2021_05_06_122502_create_clinic_rooms_table', 1);
INSERT INTO `migrations` VALUES (327, '2021_05_06_122551_create_insurance_companies_table', 1);
INSERT INTO `migrations` VALUES (328, '2021_05_06_122619_create_clinic_appointment_status_table', 1);
INSERT INTO `migrations` VALUES (329, '2021_05_06_122648_create_user_clinic_rooms_table', 1);
INSERT INTO `migrations` VALUES (330, '2021_05_06_122703_create_clinic_room_appointments_table', 1);
INSERT INTO `migrations` VALUES (331, '2021_05_06_122730_create_insurance_company_users_table', 1);
INSERT INTO `migrations` VALUES (332, '2021_05_06_122747_create_insurance_company_percentages_table', 1);
INSERT INTO `migrations` VALUES (333, '2021_05_06_122813_create_clinic_settings_table', 1);
INSERT INTO `migrations` VALUES (334, '2021_05_12_015655_create_prescription_types_table', 1);
INSERT INTO `migrations` VALUES (335, '2021_05_12_015713_create_prescriptions_table', 1);
INSERT INTO `migrations` VALUES (336, '2021_05_12_015730_create_medicines_table', 1);
INSERT INTO `migrations` VALUES (337, '2021_05_12_015806_create_prescription_lines_table', 1);
INSERT INTO `migrations` VALUES (338, '2021_05_12_174651_create_insurance_company_status_table', 1);
INSERT INTO `migrations` VALUES (339, '2021_05_15_122136_create_foreign_order_main_accounts_table', 1);
INSERT INTO `migrations` VALUES (340, '2021_05_15_122202_create_foreign_order_accounts_table', 1);
INSERT INTO `migrations` VALUES (341, '2021_05_18_141540_create_price_offer_status_table', 1);
INSERT INTO `migrations` VALUES (342, '2021_05_18_141551_create_price_offer_types_table', 1);
INSERT INTO `migrations` VALUES (343, '2021_05_18_141606_create_price_offers_table', 1);
INSERT INTO `migrations` VALUES (344, '2021_05_18_141621_create_price_offer_lines_table', 1);
INSERT INTO `migrations` VALUES (345, '2021_05_23_155606_create_work_order_step_users_table', 1);
INSERT INTO `migrations` VALUES (346, '2021_05_23_202116_create_work_order_step_templates_table', 1);
INSERT INTO `migrations` VALUES (347, '2021_05_23_202129_create_work_order_step_template_lines_table', 1);
INSERT INTO `migrations` VALUES (348, '2021_05_30_143520_create_work_order_products_table', 1);
INSERT INTO `migrations` VALUES (349, '2021_06_03_131912_create_asset_maintenance_status_table', 1);
INSERT INTO `migrations` VALUES (350, '2021_06_03_131932_create_asset_maintenance_types_table', 1);
INSERT INTO `migrations` VALUES (351, '2021_06_03_131950_create_asset_maintenance_groups_table', 1);
INSERT INTO `migrations` VALUES (352, '2021_06_03_132008_create_asset_maintenance_request_groups_table', 1);
INSERT INTO `migrations` VALUES (353, '2021_06_03_132029_create_asset_maintenance_request_status_table', 1);
INSERT INTO `migrations` VALUES (354, '2021_06_03_132048_create_asset_maintenances_table', 1);
INSERT INTO `migrations` VALUES (355, '2021_06_03_132315_create_asset_maintenance_requests_table', 1);
INSERT INTO `migrations` VALUES (356, '2021_06_06_202240_create_component_templates_table', 1);
INSERT INTO `migrations` VALUES (357, '2021_06_06_202255_create_component_template_lines_table', 1);
INSERT INTO `migrations` VALUES (358, '2021_06_13_182614_create_car_receipt_status_table', 1);
INSERT INTO `migrations` VALUES (359, '2021_06_13_182635_create_car_models_table', 1);
INSERT INTO `migrations` VALUES (360, '2021_06_13_182648_create_car_status_table', 1);
INSERT INTO `migrations` VALUES (361, '2021_06_13_182703_create_car_groups_table', 1);
INSERT INTO `migrations` VALUES (362, '2021_06_13_182717_create_cars_table', 1);
INSERT INTO `migrations` VALUES (363, '2021_06_13_182734_create_car_receipt_groups_table', 1);
INSERT INTO `migrations` VALUES (364, '2021_06_13_182813_create_car_receipt_table', 1);
INSERT INTO `migrations` VALUES (365, '2021_06_13_182853_create_car_receipt_journal_entries_table', 1);
INSERT INTO `migrations` VALUES (366, '2021_06_13_182904_create_car_receipt_note_vouchers_table', 1);
INSERT INTO `migrations` VALUES (367, '2021_06_13_182917_create_car_receipt_reserve_material_orders_table', 1);
INSERT INTO `migrations` VALUES (368, '2021_06_18_160930_create_car_maintenances_table', 1);
INSERT INTO `migrations` VALUES (369, '2021_06_28_230202_create_journal_entry_tokens_table', 1);
INSERT INTO `migrations` VALUES (370, '2021_07_12_180227_create_product_specification_templates_table', 1);
INSERT INTO `migrations` VALUES (371, '2021_07_12_180237_create_product_specification_template_lines_table', 1);
INSERT INTO `migrations` VALUES (372, '2021_08_10_184228_create_available_accounting_months_table', 1);
INSERT INTO `migrations` VALUES (373, '2021_08_15_235339_create_working_contract_relations_table', 1);
INSERT INTO `migrations` VALUES (374, '2021_09_15_074515_create_journal_increments_table', 1);
INSERT INTO `migrations` VALUES (375, '2021_09_15_081110_create_journal_entry_increments_table', 1);
INSERT INTO `migrations` VALUES (376, '2021_09_30_192404_create_product_relations_table', 1);
INSERT INTO `migrations` VALUES (377, '2021_10_08_134531_create_user_account_statment_permissions_table', 1);
INSERT INTO `migrations` VALUES (378, '2021_10_08_190226_create_pos_card_points_table', 1);
INSERT INTO `migrations` VALUES (379, '2021_10_10_062004_create_deleted_pos_products_table', 1);
INSERT INTO `migrations` VALUES (380, '2021_10_15_210948_create_changed_product_prices_table', 1);
INSERT INTO `migrations` VALUES (381, '2021_10_17_222627_create_pos_waiting_invoices_table', 1);
INSERT INTO `migrations` VALUES (382, '2021_10_17_222648_create_pos_waiting_invoice_lines_table', 1);
INSERT INTO `migrations` VALUES (383, '2021_10_18_135805_create_updated_products_table', 1);
INSERT INTO `migrations` VALUES (384, '2021_10_18_213055_create_reserve_templates_table', 1);
INSERT INTO `migrations` VALUES (385, '2021_10_18_213108_create_reserve_template_lines_table', 1);
INSERT INTO `migrations` VALUES (386, '2021_11_15_232400_create_product_manufacturing_relations_table', 1);
INSERT INTO `migrations` VALUES (387, '2021_11_17_191814_create_user_warehouses_table', 1);
INSERT INTO `migrations` VALUES (388, '2021_12_03_211949_create_reserve_material_order_note_vouchers_table', 1);
INSERT INTO `migrations` VALUES (389, '2021_12_09_061320_create_employee_visa_status_table', 1);
INSERT INTO `migrations` VALUES (390, '2021_12_09_063406_create_employee_status_table', 1);
INSERT INTO `migrations` VALUES (391, '2021_12_14_070828_create_pos_printers_table', 1);
INSERT INTO `migrations` VALUES (392, '2021_12_14_070846_create_product_printers_table', 1);
INSERT INTO `migrations` VALUES (393, '2021_12_16_171349_create_pos_draw_opens_table', 1);
INSERT INTO `migrations` VALUES (394, '2021_12_17_142517_create_price_offer_line_specifications_table', 1);
INSERT INTO `migrations` VALUES (395, '2022_01_26_114902_create_employee_permit_balances_table', 1);
INSERT INTO `migrations` VALUES (396, '2022_01_28_135528_create_subscription_groups_table', 1);
INSERT INTO `migrations` VALUES (397, '2022_01_28_140656_create_subscriptions_table', 1);
INSERT INTO `migrations` VALUES (398, '2022_01_28_144608_create_user_subscriptions_table', 1);
INSERT INTO `migrations` VALUES (399, '2022_02_02_132651_create_product_offers_table', 1);
INSERT INTO `migrations` VALUES (400, '2022_02_19_105627_create_working_contract_schedules_table', 1);
INSERT INTO `migrations` VALUES (401, '2022_03_11_155326_create_pipeline_status_table', 1);
INSERT INTO `migrations` VALUES (402, '2022_03_11_155731_create_pipeline_types_table', 1);
INSERT INTO `migrations` VALUES (403, '2022_03_11_162134_create_pipeline_lost_reasons_table', 1);
INSERT INTO `migrations` VALUES (404, '2022_03_11_170749_create_sales_teams_table', 1);
INSERT INTO `migrations` VALUES (405, '2022_03_11_173257_create_sales_persons_table', 1);
INSERT INTO `migrations` VALUES (406, '2022_03_12_104417_create_stages_table', 1);
INSERT INTO `migrations` VALUES (407, '2022_03_12_112230_create_pipelines_table', 1);
INSERT INTO `migrations` VALUES (408, '2022_04_06_121558_create_material_requisition_note_vouchers_table', 1);
INSERT INTO `migrations` VALUES (409, '2022_04_06_122838_create_material_requisition_status_table', 1);
INSERT INTO `migrations` VALUES (410, '2022_04_15_045035_create_sales_person_product_percentages_table', 1);
INSERT INTO `migrations` VALUES (411, '2022_04_16_004327_create_sales_person_journal_entries_table', 1);
INSERT INTO `migrations` VALUES (412, '2022_04_19_161355_create_note_voucher_line_specifications_table', 1);
INSERT INTO `migrations` VALUES (413, '2022_04_22_030459_create_ultramsgs_table', 1);
INSERT INTO `migrations` VALUES (414, '2022_04_23_031257_create_add_exception_to_invoices_table', 1);
INSERT INTO `migrations` VALUES (415, '2022_04_28_145513_create_journal_entry_reminders_table', 1);
INSERT INTO `migrations` VALUES (416, '2022_04_28_145526_create_journal_entry_reminder_datas_table', 1);
INSERT INTO `migrations` VALUES (417, '2022_04_28_153810_create_journal_entry_reminder_data_status_table', 1);
INSERT INTO `migrations` VALUES (418, '2022_05_04_132941_create_online_pos_product_categories_table', 1);
INSERT INTO `migrations` VALUES (419, '2022_05_04_133002_create_online_pos_product_category_products_table', 1);
INSERT INTO `migrations` VALUES (420, '2022_05_04_133015_create_online_pos_featured_products_table', 1);
INSERT INTO `migrations` VALUES (421, '2022_05_04_180118_create_online_store_settings_table', 1);
INSERT INTO `migrations` VALUES (422, '2022_05_10_221122_create_o_s_invoice_customer_status_table', 1);
INSERT INTO `migrations` VALUES (423, '2022_05_10_225424_create_online_store_invoice_status_table', 1);
INSERT INTO `migrations` VALUES (424, '2022_05_10_230632_create_online_store_invoices_table', 1);
INSERT INTO `migrations` VALUES (425, '2022_05_10_230703_create_online_store_invoice_lines_table', 1);
INSERT INTO `migrations` VALUES (426, '2022_06_05_192711_create_online_pos_menu_categories_table', 1);
INSERT INTO `migrations` VALUES (427, '2022_06_05_192856_create_online_pos_menu_category_products_table', 1);
INSERT INTO `migrations` VALUES (428, '2022_06_15_193242_create_pos_settings_table', 1);
INSERT INTO `migrations` VALUES (429, '2022_06_17_060711_create_facebook_settings_table', 1);
INSERT INTO `migrations` VALUES (430, '2022_06_17_060916_create_facebook_customers_table', 1);
INSERT INTO `migrations` VALUES (431, '2022_06_17_061014_create_facebook_messages_table', 1);
INSERT INTO `migrations` VALUES (432, '2022_06_17_061152_create_facebook_pipelines_table', 1);
INSERT INTO `migrations` VALUES (433, '2022_06_21_194426_create_searchable_categories_table', 1);
INSERT INTO `migrations` VALUES (434, '2022_06_25_150242_create_delivery_companies_table', 1);
INSERT INTO `migrations` VALUES (435, '2022_07_21_231604_create_pipeline_flows_table', 1);
INSERT INTO `migrations` VALUES (436, '2022_08_04_193023_create_facebook_message_templates_table', 1);
INSERT INTO `migrations` VALUES (437, '2022_08_04_202330_create_facebook_customer_groups_table', 1);
INSERT INTO `migrations` VALUES (438, '2022_08_21_150449_create_user_banks_table', 1);
INSERT INTO `migrations` VALUES (439, '2022_08_21_153639_create_user_bank_transfer_requests_table', 1);
INSERT INTO `migrations` VALUES (440, '2022_09_03_112425_create_reservation_groups_table', 1);
INSERT INTO `migrations` VALUES (441, '2022_09_03_112525_create_reservation_status_table', 1);
INSERT INTO `migrations` VALUES (442, '2022_09_03_112601_create_reservations_table', 1);
INSERT INTO `migrations` VALUES (443, '2022_09_12_123352_create_customer_main_account_limits_table', 1);
INSERT INTO `migrations` VALUES (444, '2022_09_28_233358_create_user_pos_printers_table', 1);
INSERT INTO `migrations` VALUES (445, '2022_09_30_194504_create_clinic_sessions_table', 1);
INSERT INTO `migrations` VALUES (446, '2022_10_02_213326_create_second_cost_centers_table', 1);
INSERT INTO `migrations` VALUES (447, '2022_10_04_223914_create_price_offer_line_components_table', 1);
INSERT INTO `migrations` VALUES (448, '2022_10_18_115020_create_installment_period_names_table', 1);
INSERT INTO `migrations` VALUES (449, '2022_10_18_115108_create_installment_status_table', 1);
INSERT INTO `migrations` VALUES (450, '2022_10_18_115302_create_journal_entry_installments_table', 1);
INSERT INTO `migrations` VALUES (451, '2022_11_06_102342_create_press_template_status_table', 1);
INSERT INTO `migrations` VALUES (452, '2022_11_06_215306_create_press_order_status_table', 1);
INSERT INTO `migrations` VALUES (453, '2022_11_07_145258_create_press_templates_table', 1);
INSERT INTO `migrations` VALUES (454, '2022_11_07_162116_create_printing_names_table', 1);
INSERT INTO `migrations` VALUES (455, '2022_11_07_162707_create_printing_papers_table', 1);
INSERT INTO `migrations` VALUES (456, '2022_11_07_164639_create_press_order_groups_table', 1);
INSERT INTO `migrations` VALUES (457, '2022_11_07_172653_create_press_orders_table', 1);
INSERT INTO `migrations` VALUES (458, '2022_11_12_064107_create_winding_directions_table', 1);
INSERT INTO `migrations` VALUES (459, '2022_11_12_112553_create_press_order_lines_table', 1);
INSERT INTO `migrations` VALUES (460, '2022_11_13_220933_create_press_order_quantites_table', 1);
INSERT INTO `migrations` VALUES (461, '2022_11_13_223358_create_press_order_work_order_steps_table', 1);
INSERT INTO `migrations` VALUES (462, '2022_12_01_112602_create_product_group_offers_table', 1);
INSERT INTO `migrations` VALUES (463, '2022_12_23_111258_create_check_journal_entries_table', 1);
INSERT INTO `migrations` VALUES (464, '2023_01_23_074101_create_cliche_order_status_table', 1);
INSERT INTO `migrations` VALUES (465, '2023_01_23_075521_create_cliche_order_types_table', 1);
INSERT INTO `migrations` VALUES (466, '2023_01_23_075728_create_shabak_types_table', 1);
INSERT INTO `migrations` VALUES (467, '2023_01_23_075929_create_plate_types_table', 1);
INSERT INTO `migrations` VALUES (468, '2023_01_23_080027_create_cliche_thinknesss_table', 1);
INSERT INTO `migrations` VALUES (469, '2023_01_23_080224_create_cliche_printing_qualitys_table', 1);
INSERT INTO `migrations` VALUES (470, '2023_01_23_220527_create_cliche_orders_table', 1);
INSERT INTO `migrations` VALUES (471, '2023_02_16_114401_create_price_offer_type_users_table', 1);
INSERT INTO `migrations` VALUES (472, '2023_02_17_082809_create_jordan_einvoice_datas_table', 1);
INSERT INTO `migrations` VALUES (473, '2023_03_17_223340_create_signatures_on_models_table', 1);
INSERT INTO `migrations` VALUES (474, '2023_03_31_172655_create_employee_permit_types_table', 1);
INSERT INTO `migrations` VALUES (475, '2023_04_10_023738_create_car_auction_groups_table', 1);
INSERT INTO `migrations` VALUES (476, '2023_04_10_031434_create_car_auction_status_table', 1);
INSERT INTO `migrations` VALUES (477, '2023_04_10_033044_create_car_auction_stages_table', 1);
INSERT INTO `migrations` VALUES (478, '2023_04_10_033837_create_car_auction_types_table', 1);
INSERT INTO `migrations` VALUES (479, '2023_04_10_221324_create_car_auctions_types_table', 1);
INSERT INTO `migrations` VALUES (480, '2023_04_12_030116_create_shipping_companies_table', 1);
INSERT INTO `migrations` VALUES (481, '2023_04_12_043956_create_clearance_companies_table', 1);
INSERT INTO `migrations` VALUES (482, '2023_04_12_210933_create_terminals_table', 1);
INSERT INTO `migrations` VALUES (483, '2023_04_12_212043_create_car_auction_destinations_table', 1);
INSERT INTO `migrations` VALUES (484, '2023_04_12_213902_create_car_auction_accounts_table', 1);
INSERT INTO `migrations` VALUES (485, '2023_04_13_212758_create_car_auctions_expenses_types_table', 1);
INSERT INTO `migrations` VALUES (486, '2023_04_13_215716_create_car_auctions_table', 1);
INSERT INTO `migrations` VALUES (487, '2023_04_15_163017_create_car_auction_settings_table', 1);
INSERT INTO `migrations` VALUES (488, '2023_04_15_173504_create_car_auctions_journal_entries_table', 1);
INSERT INTO `migrations` VALUES (489, '2023_04_29_011246_create_car_auction_refundable_insurances_table', 1);
INSERT INTO `migrations` VALUES (490, '2023_04_29_020109_create_qc_companies_table', 1);
INSERT INTO `migrations` VALUES (491, '2023_04_30_021643_create_car_auction_fines_table', 1);
INSERT INTO `migrations` VALUES (492, '2023_05_05_111939_create_journal_entry_note_vouchers_table', 1);
INSERT INTO `migrations` VALUES (493, '2023_05_07_224555_create_request_for_quotations_mrs_table', 1);
INSERT INTO `migrations` VALUES (494, '2023_05_08_204437_create_purchase_orders_material_requisitions_table', 1);
INSERT INTO `migrations` VALUES (495, '2023_05_08_224817_create_purchase_orders_request_for_quotations_table', 1);
INSERT INTO `migrations` VALUES (496, '2023_05_09_153907_create_manufacturing_orders_rms_table', 1);
INSERT INTO `migrations` VALUES (497, '2023_05_12_102359_create_car_auction_historys_table', 1);
INSERT INTO `migrations` VALUES (498, '2023_05_14_070351_create_models_users_approvals_table', 1);
INSERT INTO `migrations` VALUES (499, '2023_05_25_234559_create_shipping_invoice_groups_table', 1);
INSERT INTO `migrations` VALUES (500, '2023_05_26_095010_create_import_export_types_table', 1);
INSERT INTO `migrations` VALUES (501, '2023_05_26_095159_create_mbl_types_table', 1);
INSERT INTO `migrations` VALUES (502, '2023_05_26_100700_create_shipping_banks_table', 1);
INSERT INTO `migrations` VALUES (503, '2023_05_26_101238_create_shipping_income_types_table', 1);
INSERT INTO `migrations` VALUES (504, '2023_05_26_102108_create_shipping_expenses_types_table', 1);
INSERT INTO `migrations` VALUES (505, '2023_05_26_110229_create_sell_cost_types_table', 1);
INSERT INTO `migrations` VALUES (506, '2023_05_26_111231_create_shipping_invoice_status_table', 1);
INSERT INTO `migrations` VALUES (507, '2023_05_26_111502_create_shipping_invoices_table', 1);
INSERT INTO `migrations` VALUES (508, '2023_05_26_113116_create_shipping_invoice_lines_table', 1);
INSERT INTO `migrations` VALUES (509, '2023_06_02_193936_create_transfer_product_between_branches_table', 1);
INSERT INTO `migrations` VALUES (510, '2023_06_13_192119_create_working_contract_holidays_table', 1);
INSERT INTO `migrations` VALUES (511, '2023_06_16_143148_create_manufacturing_order_work_order_s_table', 1);
INSERT INTO `migrations` VALUES (512, '2023_06_16_152455_create_manufacturing_order_work_order_steps_table', 1);
INSERT INTO `migrations` VALUES (513, '2023_06_16_152757_create_manufacturing_order_work_order_datas_table', 1);
INSERT INTO `migrations` VALUES (514, '2023_06_18_162240_create_work_order_step_components_table', 1);
INSERT INTO `migrations` VALUES (515, '2023_06_30_123758_create_jobs_table', 1);
INSERT INTO `migrations` VALUES (516, '2023_08_02_123622_create_employee_loan_maturity_dates_table', 1);
INSERT INTO `migrations` VALUES (517, '2023_08_11_104134_create_contract_specifications_table', 1);
INSERT INTO `migrations` VALUES (518, '2023_08_11_104317_create_contract_specification_values_table', 1);
INSERT INTO `migrations` VALUES (519, '2023_08_11_111934_create_contract_specification_relations_table', 1);
INSERT INTO `migrations` VALUES (520, '2023_08_25_221150_create_multiable_product_offers_table', 1);
INSERT INTO `migrations` VALUES (521, '2023_08_25_223848_create_multiable_product_offer_lines_table', 1);
INSERT INTO `migrations` VALUES (522, '2023_08_30_021342_create_pos_invoice_credit_cards_table', 1);
INSERT INTO `migrations` VALUES (523, '2023_09_07_060548_create_product_balances_table', 1);
INSERT INTO `migrations` VALUES (524, '2023_09_09_160635_create_order_groups_table', 1);
INSERT INTO `migrations` VALUES (525, '2023_09_09_162336_create_order_operators_table', 1);
INSERT INTO `migrations` VALUES (526, '2023_09_09_163328_create_order_stages_table', 1);
INSERT INTO `migrations` VALUES (527, '2023_09_09_171441_create_order_stage_status_table', 1);
INSERT INTO `migrations` VALUES (528, '2023_09_09_171626_create_order_status_table', 1);
INSERT INTO `migrations` VALUES (529, '2023_09_09_171905_create_order_delivery_types_table', 1);
INSERT INTO `migrations` VALUES (530, '2023_09_09_172159_create_orders_table', 1);
INSERT INTO `migrations` VALUES (531, '2023_09_10_090345_create_order_lines_table', 1);
INSERT INTO `migrations` VALUES (532, '2023_09_10_095854_create_order_journal_entries_table', 1);
INSERT INTO `migrations` VALUES (533, '2023_09_14_154412_create_vacation_allowances_table', 1);
INSERT INTO `migrations` VALUES (534, '2023_09_15_205545_create_pos_online_order_settings_table', 1);
INSERT INTO `migrations` VALUES (535, '2023_09_17_021005_create_order_line_status_table', 1);
INSERT INTO `migrations` VALUES (536, '2023_09_22_223140_create_delivery_areas_table', 1);
INSERT INTO `migrations` VALUES (537, '2023_09_23_190254_create_user_addresses_table', 1);
INSERT INTO `migrations` VALUES (538, '2023_09_24_093045_create_order_drivers_table', 1);
INSERT INTO `migrations` VALUES (539, '2023_09_26_111837_create_employee_old_balances_table', 1);
INSERT INTO `migrations` VALUES (540, '2023_10_01_100308_create_pos_product_extras_table', 1);
INSERT INTO `migrations` VALUES (541, '2023_10_10_212158_create_collected_money_in_pos_values_table', 1);
INSERT INTO `migrations` VALUES (542, '2023_10_14_100115_create_employee_departures_table', 1);
INSERT INTO `migrations` VALUES (543, '2023_10_14_131854_create_stocktakings_table', 1);
INSERT INTO `migrations` VALUES (544, '2023_10_14_131921_create_stocktaking_lines_table', 1);
INSERT INTO `migrations` VALUES (545, '2023_10_14_132538_create_stocktaking_note_vouchers_table', 1);
INSERT INTO `migrations` VALUES (546, '2023_10_20_114054_create_product_insurances_table', 1);
INSERT INTO `migrations` VALUES (547, '2023_11_17_190541_create_order_line_specifications_table', 1);
INSERT INTO `migrations` VALUES (548, '2024_01_19_110146_create_balance_sheet_rejects_table', 1);
INSERT INTO `migrations` VALUES (549, '2024_01_19_110220_create_balance_sheet_status_table', 1);
INSERT INTO `migrations` VALUES (550, '2024_01_19_110400_create_audit_options_table', 1);
INSERT INTO `migrations` VALUES (551, '2024_01_20_071048_create_auditing_groups_table', 1);
INSERT INTO `migrations` VALUES (552, '2024_01_20_072746_create_balance_sheets_table', 1);
INSERT INTO `migrations` VALUES (553, '2024_01_21_140841_create_profit_and_loss_settings_table', 1);
INSERT INTO `migrations` VALUES (554, '2024_01_26_123926_create_balance_sheet_audits_table', 1);
INSERT INTO `migrations` VALUES (555, '2024_01_26_201613_create_balance_sheet_audit_options_table', 1);
INSERT INTO `migrations` VALUES (556, '2024_02_01_162441_create_balance_sheet_files_table', 1);
INSERT INTO `migrations` VALUES (557, '2024_02_02_190653_create_auditing_settings_table', 1);
INSERT INTO `migrations` VALUES (558, '2024_02_09_122622_create_balance_sheet_financial_claims_table', 1);
INSERT INTO `migrations` VALUES (559, '2024_02_09_190407_create_final_balance_sheets_table', 1);
INSERT INTO `migrations` VALUES (560, '2024_02_10_999999_add_active_status_to_users', 1);
INSERT INTO `migrations` VALUES (561, '2024_02_10_999999_add_avatar_to_users', 1);
INSERT INTO `migrations` VALUES (562, '2024_02_10_999999_add_dark_mode_to_users', 1);
INSERT INTO `migrations` VALUES (563, '2024_02_10_999999_add_messenger_color_to_users', 1);
INSERT INTO `migrations` VALUES (564, '2024_02_10_999999_create_chatify_favorites_table', 1);
INSERT INTO `migrations` VALUES (565, '2024_02_10_999999_create_chatify_messages_table', 1);
INSERT INTO `migrations` VALUES (566, '2024_02_16_231055_create_category_relations_table', 1);
INSERT INTO `migrations` VALUES (567, '2024_02_19_122804_create_partner_product_categories_table', 1);
INSERT INTO `migrations` VALUES (568, '2024_02_29_000937_create_balance_sheet_settings_table', 1);
INSERT INTO `migrations` VALUES (569, '2024_03_04_222039_create_stage_users_table', 1);
INSERT INTO `migrations` VALUES (570, '2024_03_07_175235_create_pipeline_specifications_table', 1);
INSERT INTO `migrations` VALUES (571, '2024_04_24_151521_create_main_account_types_table', 1);
INSERT INTO `migrations` VALUES (572, '2024_07_02_212328_create_material_requisition_requests_table', 1);
INSERT INTO `migrations` VALUES (573, '2024_07_11_223253_create_mrl_specifications_table', 1);
INSERT INTO `migrations` VALUES (574, '2024_07_21_120104_create_wc_finshed_date_holidays_table', 1);
INSERT INTO `migrations` VALUES (575, '2024_10_02_102917_create_cache_table', 1);
INSERT INTO `migrations` VALUES (576, '2024_11_17_210408_create_yes_or_nos_table', 1);
INSERT INTO `migrations` VALUES (577, '2024_11_17_211529_create_employee_teams_table', 1);
INSERT INTO `migrations` VALUES (578, '2024_11_17_212543_create_task_status_table', 1);
INSERT INTO `migrations` VALUES (579, '2024_11_17_214558_create_task_groups_table', 1);
INSERT INTO `migrations` VALUES (580, '2024_11_17_215738_create_employee_team_users_table', 1);
INSERT INTO `migrations` VALUES (581, '2024_11_17_231020_create_tasks_table', 1);
INSERT INTO `migrations` VALUES (582, '2024_11_18_112909_create_task_employees_table', 1);
INSERT INTO `migrations` VALUES (583, '2024_12_16_121725_create_tenant_status_table', 1);
INSERT INTO `migrations` VALUES (584, '2024_12_16_121727_create_tenants_table', 1);
INSERT INTO `migrations` VALUES (585, '2024_12_17_180033_create_summary_invoice_status_table', 1);
INSERT INTO `migrations` VALUES (586, '2024_12_17_185408_create_summary_invoice_groups_table', 1);
INSERT INTO `migrations` VALUES (587, '2024_12_17_190853_create_summary_invoices_table', 1);
INSERT INTO `migrations` VALUES (588, '2024_12_18_004530_create_summary_invoice_lines_table', 1);
INSERT INTO `migrations` VALUES (589, '2024_12_20_144724_create_summary_invoice_journal_entries_table', 1);
INSERT INTO `migrations` VALUES (590, '2025_03_19_010057_create_pos_closing_amounts_table', 1);
INSERT INTO `migrations` VALUES (591, '2025_05_02_143003_create_journal_entry_installment_types_table', 1);
INSERT INTO `migrations` VALUES (592, '2025_05_25_174545_create_configurations_table', 1);
INSERT INTO `migrations` VALUES (593, '2025_05_30_191911_create_ticket_status_table', 1);
INSERT INTO `migrations` VALUES (594, '2025_05_30_193758_create_ticket_departments_table', 1);
INSERT INTO `migrations` VALUES (595, '2025_05_30_194845_create_tickets_table', 1);
INSERT INTO `migrations` VALUES (596, '2025_06_02_200315_create_ticket_replys_table', 1);
INSERT INTO `migrations` VALUES (598, '2025_06_20_135707_create_note_voucher_line_serials_table', 3);
INSERT INTO `migrations` VALUES (599, '2025_07_02_223440_create_purchase_order_line_specifications_table', 3);
INSERT INTO `migrations` VALUES (600, '2020_02_24_114417_create_models_table', 4);

-- ----------------------------
-- Table structure for model_approval_users
-- ----------------------------
CREATE TABLE `model_approval_users`  (
  `id` int UNSIGNED NOT NULL AUTO_INCREMENT,
  `model_id` int UNSIGNED NOT NULL,
  `content_id` int NOT NULL,
  `user_id` int UNSIGNED NOT NULL,
  `approval_state_id` int UNSIGNED NOT NULL,
  `created_at` timestamp NULL DEFAULT NULL,
  `updated_at` timestamp NULL DEFAULT NULL,
  `deleted_at` timestamp NULL DEFAULT NULL,
  PRIMARY KEY (`id`) USING BTREE,
  INDEX `model_approval_users_model_id_foreign`(`model_id` ASC) USING BTREE,
  INDEX `model_approval_users_user_id_foreign`(`user_id` ASC) USING BTREE,
  INDEX `model_approval_users_approval_state_id_foreign`(`approval_state_id` ASC) USING BTREE,
  CONSTRAINT `model_approval_users_approval_state_id_foreign` FOREIGN KEY (`approval_state_id`) REFERENCES `approval_status` (`id`) ON DELETE RESTRICT ON UPDATE RESTRICT,
  CONSTRAINT `model_approval_users_model_id_foreign` FOREIGN KEY (`model_id`) REFERENCES `models` (`id`) ON DELETE RESTRICT ON UPDATE RESTRICT,
  CONSTRAINT `model_approval_users_user_id_foreign` FOREIGN KEY (`user_id`) REFERENCES `users` (`id`) ON DELETE RESTRICT ON UPDATE RESTRICT
) ENGINE = InnoDB AUTO_INCREMENT = 1 CHARACTER SET = utf8mb4 COLLATE = utf8mb4_unicode_ci ROW_FORMAT = DYNAMIC;

-- ----------------------------
-- Records of model_approval_users
-- ----------------------------

-- ----------------------------
-- Table structure for model_permissions
-- ----------------------------
CREATE TABLE `model_permissions`  (
  `id` int UNSIGNED NOT NULL AUTO_INCREMENT,
  `model_id` int UNSIGNED NOT NULL,
  `model_data_id` int UNSIGNED NOT NULL,
  `user_id` int UNSIGNED NULL DEFAULT NULL,
  `permission_id` int UNSIGNED NULL DEFAULT NULL,
  `state_id` int UNSIGNED NOT NULL,
  `note` text CHARACTER SET utf8mb4 COLLATE utf8mb4_unicode_ci NULL,
  `created_by` int UNSIGNED NULL DEFAULT NULL,
  `deleted_by` int UNSIGNED NULL DEFAULT NULL,
  `approved_by` int UNSIGNED NULL DEFAULT NULL,
  `approved_date` date NULL DEFAULT NULL,
  `approved_state_id` int UNSIGNED NULL DEFAULT NULL,
  `created_at` timestamp NULL DEFAULT NULL,
  `updated_at` timestamp NULL DEFAULT NULL,
  `deleted_at` timestamp NULL DEFAULT NULL,
  PRIMARY KEY (`id`) USING BTREE,
  INDEX `model_permissions_model_id_foreign`(`model_id` ASC) USING BTREE,
  INDEX `model_permissions_user_id_foreign`(`user_id` ASC) USING BTREE,
  INDEX `model_permissions_permission_id_foreign`(`permission_id` ASC) USING BTREE,
  INDEX `model_permissions_state_id_foreign`(`state_id` ASC) USING BTREE,
  INDEX `model_permissions_approved_by_foreign`(`approved_by` ASC) USING BTREE,
  INDEX `model_permissions_approved_state_id_foreign`(`approved_state_id` ASC) USING BTREE,
  INDEX `model_permissions_created_by_foreign`(`created_by` ASC) USING BTREE,
  INDEX `model_permissions_deleted_by_foreign`(`deleted_by` ASC) USING BTREE,
  CONSTRAINT `model_permissions_approved_by_foreign` FOREIGN KEY (`approved_by`) REFERENCES `users` (`id`) ON DELETE RESTRICT ON UPDATE RESTRICT,
  CONSTRAINT `model_permissions_approved_state_id_foreign` FOREIGN KEY (`approved_state_id`) REFERENCES `approval_status` (`id`) ON DELETE RESTRICT ON UPDATE RESTRICT,
  CONSTRAINT `model_permissions_created_by_foreign` FOREIGN KEY (`created_by`) REFERENCES `users` (`id`) ON DELETE RESTRICT ON UPDATE RESTRICT,
  CONSTRAINT `model_permissions_deleted_by_foreign` FOREIGN KEY (`deleted_by`) REFERENCES `users` (`id`) ON DELETE RESTRICT ON UPDATE RESTRICT,
  CONSTRAINT `model_permissions_model_id_foreign` FOREIGN KEY (`model_id`) REFERENCES `models` (`id`) ON DELETE RESTRICT ON UPDATE RESTRICT,
  CONSTRAINT `model_permissions_permission_id_foreign` FOREIGN KEY (`permission_id`) REFERENCES `permissions` (`id`) ON DELETE RESTRICT ON UPDATE RESTRICT,
  CONSTRAINT `model_permissions_state_id_foreign` FOREIGN KEY (`state_id`) REFERENCES `status` (`id`) ON DELETE RESTRICT ON UPDATE RESTRICT,
  CONSTRAINT `model_permissions_user_id_foreign` FOREIGN KEY (`user_id`) REFERENCES `users` (`id`) ON DELETE RESTRICT ON UPDATE RESTRICT
) ENGINE = InnoDB AUTO_INCREMENT = 1 CHARACTER SET = utf8mb4 COLLATE = utf8mb4_unicode_ci ROW_FORMAT = DYNAMIC;

-- ----------------------------
-- Records of model_permissions
-- ----------------------------

-- ----------------------------
-- Table structure for model_types
-- ----------------------------
CREATE TABLE `model_types`  (
  `id` int UNSIGNED NOT NULL AUTO_INCREMENT,
  `name` varchar(255) CHARACTER SET utf8mb4 COLLATE utf8mb4_unicode_ci NOT NULL,
  `foreign_name` varchar(255) CHARACTER SET utf8mb4 COLLATE utf8mb4_unicode_ci NULL DEFAULT NULL,
  `number` varchar(255) CHARACTER SET utf8mb4 COLLATE utf8mb4_unicode_ci NULL DEFAULT NULL,
  `created_by` int UNSIGNED NULL DEFAULT NULL,
  `deleted_by` int UNSIGNED NULL DEFAULT NULL,
  `created_at` timestamp NULL DEFAULT NULL,
  `updated_at` timestamp NULL DEFAULT NULL,
  `deleted_at` timestamp NULL DEFAULT NULL,
  PRIMARY KEY (`id`) USING BTREE,
  INDEX `model_types_created_by_foreign`(`created_by` ASC) USING BTREE,
  INDEX `model_types_deleted_by_foreign`(`deleted_by` ASC) USING BTREE,
  CONSTRAINT `model_types_created_by_foreign` FOREIGN KEY (`created_by`) REFERENCES `users` (`id`) ON DELETE RESTRICT ON UPDATE RESTRICT,
  CONSTRAINT `model_types_deleted_by_foreign` FOREIGN KEY (`deleted_by`) REFERENCES `users` (`id`) ON DELETE RESTRICT ON UPDATE RESTRICT
) ENGINE = InnoDB AUTO_INCREMENT = 4 CHARACTER SET = utf8mb4 COLLATE = utf8mb4_unicode_ci ROW_FORMAT = DYNAMIC;

-- ----------------------------
-- Records of model_types
-- ----------------------------
INSERT INTO `model_types` VALUES (1, 'مشاهدة', 'View', NULL, 1, NULL, '2025-06-12 14:05:47', '2025-06-12 14:05:47', NULL);
INSERT INTO `model_types` VALUES (2, 'انشاء تعديل قراءة حذف', 'Curd', NULL, 1, NULL, '2025-06-12 14:05:47', '2025-06-12 14:05:47', NULL);
INSERT INTO `model_types` VALUES (3, 'تقرير', 'Report', NULL, 1, NULL, '2025-06-12 14:05:47', '2025-06-12 14:05:47', NULL);

-- ----------------------------
-- Table structure for models
-- ----------------------------
CREATE TABLE `models`  (
  `id` int UNSIGNED NOT NULL AUTO_INCREMENT,
  `name` varchar(255) CHARACTER SET utf8mb4 COLLATE utf8mb4_unicode_ci NOT NULL,
  `number` varchar(255) CHARACTER SET utf8mb4 COLLATE utf8mb4_unicode_ci NULL DEFAULT NULL,
  `model` varchar(255) CHARACTER SET utf8mb4 COLLATE utf8mb4_unicode_ci NULL DEFAULT NULL,
  `language` varchar(255) CHARACTER SET utf8mb4 COLLATE utf8mb4_unicode_ci NULL DEFAULT NULL,
  `controller` varchar(255) CHARACTER SET utf8mb4 COLLATE utf8mb4_unicode_ci NULL DEFAULT NULL,
  `request` varchar(255) CHARACTER SET utf8mb4 COLLATE utf8mb4_unicode_ci NULL DEFAULT NULL,
  `policy` varchar(255) CHARACTER SET utf8mb4 COLLATE utf8mb4_unicode_ci NULL DEFAULT NULL,
  `navbar` varchar(255) CHARACTER SET utf8mb4 COLLATE utf8mb4_unicode_ci NULL DEFAULT NULL,
  `scope` varchar(255) CHARACTER SET utf8mb4 COLLATE utf8mb4_unicode_ci NULL DEFAULT NULL,
  `search_scope_link` varchar(255) CHARACTER SET utf8mb4 COLLATE utf8mb4_unicode_ci NULL DEFAULT NULL,
  `dose_it_have_signature` int UNSIGNED NULL DEFAULT NULL,
  `migration` varchar(255) CHARACTER SET utf8mb4 COLLATE utf8mb4_unicode_ci NULL DEFAULT NULL,
  `application_id` int UNSIGNED NOT NULL,
  `model_type_id` int UNSIGNED NOT NULL,
  `created_by` int UNSIGNED NULL DEFAULT NULL,
  `deleted_by` int UNSIGNED NULL DEFAULT NULL,
  `created_at` timestamp NULL DEFAULT NULL,
  `updated_at` timestamp NULL DEFAULT NULL,
  `deleted_at` timestamp NULL DEFAULT NULL,
  PRIMARY KEY (`id`) USING BTREE,
  INDEX `models_application_id_foreign`(`application_id` ASC) USING BTREE,
  INDEX `models_model_type_id_foreign`(`model_type_id` ASC) USING BTREE,
  INDEX `models_created_by_foreign`(`created_by` ASC) USING BTREE,
  INDEX `models_deleted_by_foreign`(`deleted_by` ASC) USING BTREE,
  CONSTRAINT `models_application_id_foreign` FOREIGN KEY (`application_id`) REFERENCES `applications` (`id`) ON DELETE RESTRICT ON UPDATE RESTRICT,
  CONSTRAINT `models_created_by_foreign` FOREIGN KEY (`created_by`) REFERENCES `users` (`id`) ON DELETE RESTRICT ON UPDATE RESTRICT,
  CONSTRAINT `models_deleted_by_foreign` FOREIGN KEY (`deleted_by`) REFERENCES `users` (`id`) ON DELETE RESTRICT ON UPDATE RESTRICT,
  CONSTRAINT `models_model_type_id_foreign` FOREIGN KEY (`model_type_id`) REFERENCES `model_types` (`id`) ON DELETE RESTRICT ON UPDATE RESTRICT
) ENGINE = InnoDB AUTO_INCREMENT = 621 CHARACTER SET = utf8mb4 COLLATE = utf8mb4_unicode_ci ROW_FORMAT = Dynamic;

-- ----------------------------
-- Records of models
-- ----------------------------
INSERT INTO `models` VALUES (1, 'settings', NULL, NULL, 'settings', 'ApplicationsController@settings', NULL, 'ApplicationsPolicy@settings', 'settings', NULL, NULL, NULL, NULL, 1, 1, 1, NULL, '2025-07-21 05:01:05', '2025-07-21 05:01:05', NULL);
INSERT INTO `models` VALUES (2, 'applications', NULL, NULL, 'applications', 'ApplicationsController@applications', NULL, 'ApplicationsPolicy@applications', 'settings', NULL, NULL, NULL, NULL, 2, 1, 1, NULL, '2025-07-21 05:01:05', '2025-07-21 05:01:05', NULL);
INSERT INTO `models` VALUES (3, 'sales', NULL, NULL, 'sales', 'ApplicationsController@sales', NULL, 'ApplicationsPolicy@sales', 'sales', NULL, NULL, NULL, NULL, 3, 1, 1, NULL, '2025-07-21 05:01:05', '2025-07-21 05:01:05', NULL);
INSERT INTO `models` VALUES (4, 'pos', NULL, NULL, 'pos', 'ApplicationsController@pos', NULL, 'ApplicationsPolicy@pos', 'pos', NULL, NULL, NULL, NULL, 4, 1, 1, NULL, '2025-07-21 05:01:05', '2025-07-21 05:01:05', NULL);
INSERT INTO `models` VALUES (5, 'rental', NULL, NULL, 'rental', 'ApplicationsController@rental', NULL, 'ApplicationsPolicy@rental', 'rental', NULL, NULL, NULL, NULL, 5, 1, 1, NULL, '2025-07-21 05:01:05', '2025-07-21 05:01:05', NULL);
INSERT INTO `models` VALUES (6, 'accounting', NULL, NULL, 'accounting', 'ApplicationsController@accounting', NULL, 'ApplicationsPolicy@accounting', 'accounting', NULL, NULL, NULL, NULL, 6, 1, 1, NULL, '2025-07-21 05:01:05', '2025-07-21 05:01:05', NULL);
INSERT INTO `models` VALUES (7, 'invoicing', NULL, NULL, 'invoicing', 'ApplicationsController@invoicing', NULL, 'ApplicationsPolicy@invoicing', 'invoicing', NULL, NULL, NULL, NULL, 7, 1, 1, NULL, '2025-07-21 05:01:05', '2025-07-21 05:01:05', NULL);
INSERT INTO `models` VALUES (8, 'expenses', NULL, NULL, 'expenses', 'ApplicationsController@expenses', NULL, 'ApplicationsPolicy@expenses', 'expenses', NULL, NULL, NULL, NULL, 8, 1, 1, NULL, '2025-07-21 05:01:05', '2025-07-21 05:01:05', NULL);
INSERT INTO `models` VALUES (9, 'inventory', NULL, NULL, 'inventory', 'ApplicationsController@inventory', NULL, 'ApplicationsPolicy@inventory', 'inventory', NULL, NULL, NULL, NULL, 9, 1, 1, NULL, '2025-07-21 05:01:05', '2025-07-21 05:01:05', NULL);
INSERT INTO `models` VALUES (10, 'projects', NULL, NULL, 'projects', 'ApplicationsController@projects', NULL, 'ApplicationsPolicy@projects', 'projects', NULL, NULL, NULL, NULL, 10, 1, 1, NULL, '2025-07-21 05:01:05', '2025-07-21 05:01:05', NULL);
INSERT INTO `models` VALUES (11, 'purchases', NULL, NULL, 'purchases', 'ApplicationsController@purchases', NULL, 'ApplicationsPolicy@purchases', 'purchases', NULL, NULL, NULL, NULL, 11, 1, 1, NULL, '2025-07-21 05:01:05', '2025-07-21 05:01:05', NULL);
INSERT INTO `models` VALUES (12, 'documents', NULL, NULL, 'documents', 'ApplicationsController@documents', NULL, 'ApplicationsPolicy@documents', 'documents', NULL, NULL, NULL, NULL, 14, 1, 1, NULL, '2025-07-21 05:01:05', '2025-07-21 05:01:05', NULL);
INSERT INTO `models` VALUES (13, 'manufacturing', NULL, NULL, 'manufacturing', 'ApplicationsController@manufacturing', NULL, 'ApplicationsPolicy@manufacturing', 'manufacturing', NULL, NULL, NULL, NULL, 15, 1, 1, NULL, '2025-07-21 05:01:05', '2025-07-21 05:01:05', NULL);
INSERT INTO `models` VALUES (14, 'maintenances', NULL, NULL, 'maintenances', 'ApplicationsController@maintenances', NULL, 'ApplicationsPolicy@maintenances', 'maintenances', NULL, NULL, NULL, NULL, 16, 1, 1, NULL, '2025-07-21 05:01:05', '2025-07-21 05:01:05', NULL);
INSERT INTO `models` VALUES (15, 'employees', NULL, 'Employee', 'employees', 'ApplicationsController@employees', NULL, 'ApplicationsPolicy@employees', 'employees', NULL, NULL, NULL, NULL, 17, 1, 1, NULL, '2025-07-21 05:01:05', '2025-07-21 05:01:05', NULL);
INSERT INTO `models` VALUES (16, 'attendances', NULL, NULL, 'attendances', 'ApplicationsController@attendances', NULL, 'ApplicationsPolicy@attendances', 'attendances', NULL, NULL, NULL, NULL, 18, 1, 1, NULL, '2025-07-21 05:01:05', '2025-07-21 05:01:05', NULL);
INSERT INTO `models` VALUES (17, 'payrolls', NULL, NULL, 'payrolls', 'ApplicationsController@payrolls', NULL, 'ApplicationsPolicy@payrolls', 'payrolls', NULL, NULL, NULL, NULL, 19, 1, 1, NULL, '2025-07-21 05:01:05', '2025-07-21 05:01:05', NULL);
INSERT INTO `models` VALUES (18, 'quality', NULL, NULL, 'quality', 'ApplicationsController@quality', NULL, 'ApplicationsPolicy@quality', 'quality', NULL, NULL, NULL, NULL, 20, 1, 1, NULL, '2025-07-21 05:01:05', '2025-07-21 05:01:05', NULL);
INSERT INTO `models` VALUES (19, 'email_marketing', NULL, NULL, 'email_marketing', 'ApplicationsController@email_marketing', NULL, 'ApplicationsPolicy@email_marketing', 'email_marketing', NULL, NULL, NULL, NULL, 21, 1, 1, NULL, '2025-07-21 05:01:05', '2025-07-21 05:01:05', NULL);
INSERT INTO `models` VALUES (20, 'sms_marketing', NULL, NULL, 'sms_marketing', 'ApplicationsController@sms_marketing', NULL, 'ApplicationsPolicy@sms_marketing', 'sms_marketing', NULL, NULL, NULL, NULL, 22, 1, 1, NULL, '2025-07-21 05:01:05', '2025-07-21 05:01:05', NULL);
INSERT INTO `models` VALUES (21, 'planning', NULL, NULL, 'planning', 'ApplicationsController@planning', NULL, 'ApplicationsPolicy@planning', 'planning', NULL, NULL, NULL, NULL, 23, 1, 1, NULL, '2025-07-21 05:01:05', '2025-07-21 05:01:05', NULL);
INSERT INTO `models` VALUES (22, 'approvals', NULL, NULL, 'approvals', 'ApplicationsController@approvals', NULL, 'ApplicationsPolicy@approvals', 'approvals', NULL, NULL, NULL, NULL, 24, 1, 1, NULL, '2025-07-21 05:01:05', '2025-07-21 05:01:05', NULL);
INSERT INTO `models` VALUES (23, 'crm', NULL, NULL, 'crm', 'ApplicationsController@crm', NULL, 'ApplicationsPolicy@crm', 'crm', NULL, NULL, NULL, NULL, 25, 1, 1, NULL, '2025-07-21 05:01:05', '2025-07-21 05:01:05', NULL);
INSERT INTO `models` VALUES (24, 'users', NULL, 'User', 'users', 'UsersController', 'UsersRequest', 'UsersPolicy', 'settings', NULL, NULL, NULL, NULL, 1, 2, 1, NULL, '2025-07-21 05:01:05', '2025-07-21 05:01:05', NULL);
INSERT INTO `models` VALUES (25, 'warehouses', NULL, 'Warehouse', 'warehouses', 'WarehousesController', 'WarehousesRequest', 'WarehousesPolicy', 'inventory', NULL, NULL, NULL, NULL, 9, 2, 1, NULL, '2025-07-21 05:01:05', '2025-07-21 05:01:05', NULL);
INSERT INTO `models` VALUES (26, 'product_categories', NULL, 'Product_category', 'product_categories', 'Product_categoriesController', 'Product_categoriesRequest', 'Product_categoriesPolicy', 'inventory', NULL, NULL, NULL, NULL, 9, 2, 1, NULL, '2025-07-21 05:01:05', '2025-07-21 05:01:05', NULL);
INSERT INTO `models` VALUES (27, 'currencies', NULL, 'Currency', 'currencies', 'CurrenciesController', 'CurrenciesRequest', 'CurrenciesPolicy', 'settings', NULL, NULL, NULL, NULL, 1, 2, 1, NULL, '2025-07-21 05:01:05', '2025-07-21 05:01:05', NULL);
INSERT INTO `models` VALUES (28, 'branches', NULL, 'Branch', 'branches', 'BranchsController', 'BranchsRequest', 'BranchsPolicy', 'settings', NULL, NULL, NULL, NULL, 1, 2, 1, NULL, '2025-07-21 05:01:05', '2025-07-21 05:01:05', NULL);
INSERT INTO `models` VALUES (29, 'customers', NULL, 'Customer', 'customers', 'CustomersController', 'CustomersRequest', 'CustomersPolicy', 'accounting', NULL, NULL, NULL, NULL, 6, 2, 1, NULL, '2025-07-21 05:01:05', '2025-07-21 05:01:05', NULL);
INSERT INTO `models` VALUES (30, 'cities', NULL, 'City', 'cities', 'CitiesController', 'CitiesRequest', 'CitiesPolicy', 'settings', NULL, NULL, NULL, NULL, 1, 2, 1, NULL, '2025-07-21 05:01:05', '2025-07-21 05:01:05', NULL);
INSERT INTO `models` VALUES (31, 'vendors', NULL, 'Vendor', 'vendors', 'VendorsController', 'VendorsRequest', 'VendorsPolicy', 'accounting', NULL, NULL, NULL, NULL, 6, 2, 1, NULL, '2025-07-21 05:01:05', '2025-07-21 05:01:05', NULL);
INSERT INTO `models` VALUES (32, 'main_accounts', NULL, 'Main_account', 'main_accounts', 'Main_accountsController', 'Main_accountsRequest', 'Main_accountsPolicy', 'accounting', NULL, NULL, NULL, NULL, 6, 2, 1, NULL, '2025-07-21 05:01:05', '2025-07-21 05:01:05', NULL);
INSERT INTO `models` VALUES (33, 'accounts', NULL, 'Account', 'accounts', 'AccountsController', 'AccountsRequest', 'AccountsPolicy', 'accounting', NULL, NULL, NULL, NULL, 6, 2, 1, NULL, '2025-07-21 05:01:05', '2025-07-21 05:01:05', NULL);
INSERT INTO `models` VALUES (34, 'journal_groups', NULL, 'Journal_group', 'journal_groups', 'Journal_groupsController', 'Journal_groupsRequest', 'Journal_groupsPolicy', 'accounting', NULL, NULL, NULL, NULL, 6, 2, 1, NULL, '2025-07-21 05:01:05', '2025-07-21 05:01:05', NULL);
INSERT INTO `models` VALUES (35, 'cost_centers', NULL, 'Cost_center', 'cost_centers', 'Cost_centersController', 'Cost_centersRequest', 'Cost_centersPolicy', 'accounting', NULL, NULL, NULL, NULL, 6, 2, 1, NULL, '2025-07-21 05:01:05', '2025-07-21 05:01:05', NULL);
INSERT INTO `models` VALUES (36, 'journals', NULL, 'Journal', 'journals', 'JournalsController', 'JournalsRequest', 'JournalsPolicy', 'accounting', NULL, NULL, NULL, NULL, 6, 2, 1, NULL, '2025-07-21 05:01:05', '2025-07-21 05:01:05', NULL);
INSERT INTO `models` VALUES (37, 'all_type_of_accounts', NULL, 'All_type_of_account', 'all_type_of_accounts', 'JournalsController', '', '', '', NULL, NULL, NULL, NULL, 6, 1, 1, NULL, '2025-07-21 05:01:05', '2025-07-21 05:01:05', NULL);
INSERT INTO `models` VALUES (38, 'journal_entries', NULL, 'Journal_entry', 'journal_entries', 'Journal_entris', 'Journal_entrisRequest', 'Journal_entrisPolicy', 'accounting', NULL, NULL, NULL, NULL, 6, 2, 1, NULL, '2025-07-21 05:01:05', '2025-07-21 05:01:05', NULL);
INSERT INTO `models` VALUES (39, 'account_statement', NULL, 'accounting_reports/account_statement', 'account_statement', 'Reports\\AccountingReportsController@account_statement', 'Reports\\Accounting\\Account_statementRequest', 'account_statement', 'accounting', NULL, NULL, NULL, NULL, 6, 3, 1, NULL, '2025-07-21 05:01:05', '2025-07-21 05:01:05', NULL);
INSERT INTO `models` VALUES (40, 'trial_balance', NULL, 'accounting_reports/trial_balance', 'trial_balance', 'Reports\\AccountingReportsController@trial_balance', 'Reports\\Accounting\\Trial_balanceRequest', 'trial_balance', 'accounting', NULL, NULL, NULL, NULL, 6, 3, 1, NULL, '2025-07-21 05:01:05', '2025-07-21 05:01:05', NULL);
INSERT INTO `models` VALUES (41, 'units', NULL, 'Unit', 'units', 'UnitsController', 'UnitsRequest', 'UnitsPolicy', 'inventory', NULL, NULL, NULL, NULL, 9, 2, 1, NULL, '2025-07-21 05:01:05', '2025-07-21 05:01:05', NULL);
INSERT INTO `models` VALUES (42, 'product_ids', NULL, 'Product_id', 'product_ids', 'Product_idsController', 'Product_idsRequest', 'Product_idsPolicy', 'inventory', NULL, NULL, NULL, NULL, 9, 2, 1, NULL, '2025-07-21 05:01:05', '2025-07-21 05:01:05', NULL);
INSERT INTO `models` VALUES (43, 'products', NULL, 'Product', 'products', 'ProductsController', 'ProductsRequest', 'ProductsPolicy', 'inventory', NULL, NULL, 1, NULL, 9, 2, 1, NULL, '2025-07-21 05:01:05', '2025-07-21 05:01:05', NULL);
INSERT INTO `models` VALUES (44, 'product_specifications', NULL, 'Product_specification', 'product_specifications', 'Product_specificationsController', 'Product_specificationsRequest', 'Product_specificationsPolicy', 'inventory', NULL, NULL, NULL, NULL, 9, 2, 1, NULL, '2025-07-21 05:01:05', '2025-07-21 05:01:05', NULL);
INSERT INTO `models` VALUES (45, 'product_specification_values', NULL, 'Product_specification_value', 'product_specification_values', 'Product_specification_valuesController', 'Product_specification_valuesRequest', 'Product_specification_valuesPolicy', 'inventory', NULL, NULL, NULL, NULL, 9, 2, 1, NULL, '2025-07-21 05:01:05', '2025-07-21 05:01:05', NULL);
INSERT INTO `models` VALUES (46, 'product_id_categories', NULL, 'Product_id_category', 'product_id_categories', 'Product_id_categoriesController', 'Product_id_categoriesRequest', 'Product_id_categoriesPolicy', 'inventory', NULL, NULL, NULL, NULL, 9, 2, 1, NULL, '2025-07-21 05:01:05', '2025-07-21 05:01:05', NULL);
INSERT INTO `models` VALUES (47, 'note_voucher_types', NULL, 'Note_voucher_type', 'note_voucher_types', 'Note_voucher_typesController', 'Note_voucher_typesRequest', 'Note_voucher_typesPolicy', 'inventory', NULL, NULL, NULL, NULL, 9, 2, 1, NULL, '2025-07-21 05:01:05', '2025-07-21 05:01:05', NULL);
INSERT INTO `models` VALUES (48, 'note_vouchers', NULL, 'Note_voucher', 'note_vouchers', 'note_vouchers_controller', 'note_vouchers_request', 'note_vouchers_policy', 'inventory', NULL, NULL, NULL, NULL, 9, 2, 1, NULL, '2025-07-21 05:01:05', '2025-07-21 05:01:05', NULL);
INSERT INTO `models` VALUES (49, 'change_warehouse_in_note_vouchers', NULL, '', 'change_warehouse_in_note_vouchers', 'note_vouchers_controller@change_warehouse_in_note_vouchers', 'change_warehouse_in_note_vouchers_request', 'note_vouchers_policy@change_warehouse_in_note_vouchers', 'inventory', NULL, NULL, NULL, NULL, 9, 1, 1, NULL, '2025-07-21 05:01:05', '2025-07-21 05:01:05', NULL);
INSERT INTO `models` VALUES (50, 'chart_of_accounts', NULL, 'accounting_reports/chart_of_accounts', 'chart_of_accounts', 'Reports\\AccountingReportsController@chart_of_accounts', 'Reports\\Accounting\\ChartOfAccountsRequest', 'chart_of_accounts', 'accounting', NULL, NULL, NULL, NULL, 6, 3, 1, NULL, '2025-07-21 05:01:05', '2025-07-21 05:01:05', NULL);
INSERT INTO `models` VALUES (51, 'transfer_note_voucher', NULL, NULL, 'transfer_note_voucher', '', '', 'transfer_note_voucher', '', NULL, NULL, NULL, NULL, 9, 1, 1, NULL, '2025-07-21 05:01:05', '2025-07-21 05:01:05', NULL);
INSERT INTO `models` VALUES (52, 'customer_main_accounts', NULL, 'Customer_main_account', 'customer_main_accounts', 'Customer_main_accountsController', 'Customer_main_accountsRequest', 'Customer_main_accountsPolicy', 'accounting', NULL, NULL, NULL, NULL, 6, 2, 1, NULL, '2025-07-21 05:01:05', '2025-07-21 05:01:05', NULL);
INSERT INTO `models` VALUES (53, 'vendor_main_accounts', NULL, 'Vendor_main_account', 'vendor_main_accounts', 'vendor_main_accounts_controller', 'vendor_main_accounts_request', 'vendor_main_accounts_policy', 'accounting', NULL, NULL, NULL, NULL, 6, 2, 1, NULL, '2025-07-21 05:01:05', '2025-07-21 05:01:05', NULL);
INSERT INTO `models` VALUES (54, 'product_moves', NULL, 'inventory_reports/product_moves', 'product_moves', 'Reports\\inventory_reports@product_moves', 'Reports\\inventory\\product_moves_request', 'product_moves', 'inventory', NULL, NULL, NULL, NULL, 9, 3, 1, NULL, '2025-07-21 05:01:05', '2025-07-21 05:01:05', NULL);
INSERT INTO `models` VALUES (55, 'journal_moves', NULL, 'accounting_reports/journal_moves', 'journal_moves', 'Reports\\Accounting_reportsController@journal_moves', 'Reports\\reports\\journal_moves', 'journal_moves', 'accounting', NULL, NULL, NULL, NULL, 6, 3, 1, NULL, '2025-07-21 05:01:05', '2025-07-21 05:01:05', NULL);
INSERT INTO `models` VALUES (56, 'cost_center_report', NULL, 'accounting_reports/cost_center_report', 'cost_center_report', 'Reports\\Accounting_reportsController@cost_center_report', 'Reports\\reports\\cost_center_report', 'cost_center_report', 'accounting', NULL, NULL, NULL, NULL, 6, 3, 1, NULL, '2025-07-21 05:01:05', '2025-07-21 05:01:05', NULL);
INSERT INTO `models` VALUES (57, 'material_requisition_types', NULL, 'MaterialRequisitionType', 'material_requisition_types', 'MaterialRequisitionTypesController', 'MaterialRequisitionTypesRequest', 'MaterialRequisitionTypesPolicy', 'inventory', NULL, NULL, NULL, NULL, 9, 2, 1, NULL, '2025-07-21 05:01:05', '2025-07-21 05:01:05', NULL);
INSERT INTO `models` VALUES (58, 'material_requisitions', NULL, 'MaterialRequisition', 'material_requisitions', 'MaterialRequisitionsController', 'MaterialRequisitionsRequest', 'MaterialRequisitionsPolicy', 'inventory', NULL, NULL, NULL, NULL, 9, 2, 1, NULL, '2025-07-21 05:01:05', '2025-07-21 05:01:05', NULL);
INSERT INTO `models` VALUES (59, 'material_requisitions_in_all_branches', NULL, '', 'material_requisitions_in_all_branches', '', '', 'Material_requisitions_policy@material_requisitions_in_all_branches', '', NULL, NULL, NULL, NULL, 9, 1, 1, NULL, '2025-07-21 05:01:05', '2025-07-21 05:01:05', NULL);
INSERT INTO `models` VALUES (60, 'request_for_quotations', NULL, 'Request_for_quotation', 'request_for_quotations', 'request_for_quotations_controller', 'request_for_quotations_request', 'request_for_quotations_policy', 'purchases', NULL, NULL, NULL, NULL, 11, 2, 1, NULL, '2025-07-21 05:01:05', '2025-07-21 05:01:05', NULL);
INSERT INTO `models` VALUES (61, 'request_for_quotations_in_all_branches', NULL, '', 'request_for_quotations_in_all_branches', '', '', '', '', NULL, NULL, NULL, NULL, 11, 1, 1, NULL, '2025-07-21 05:01:05', '2025-07-21 05:01:05', NULL);
INSERT INTO `models` VALUES (62, 'request_for_quotation_types', NULL, 'Request_for_quotation_type', 'request_for_quotation_types', 'request_for_quotation_types_controller', 'request_for_quotation_types_request', 'request_for_quotation_types_policy', 'purchases', NULL, NULL, NULL, NULL, 11, 2, 1, NULL, '2025-07-21 05:01:05', '2025-07-21 05:01:05', NULL);
INSERT INTO `models` VALUES (63, 'purchase_order_types', NULL, 'Purchase_order_type', 'purchase_order_types', 'purchase_order_types_controller', 'purchase_order_types_request', 'purchase_order_types_policy', 'purchases', NULL, NULL, NULL, NULL, 11, 2, 1, NULL, '2025-07-21 05:01:05', '2025-07-21 05:01:05', NULL);
INSERT INTO `models` VALUES (64, 'purchase_orders', NULL, 'Purchase_order', 'purchase_orders', 'purchase_orders_controller', 'purchase_orders_request', 'purchase_orders_policy', 'purchases', NULL, NULL, NULL, NULL, 11, 2, 1, NULL, '2025-07-21 05:01:05', '2025-07-21 05:01:05', NULL);
INSERT INTO `models` VALUES (65, 'purchase_orders_in_all_branches', NULL, '', 'purchase_orders_in_all_branches', '', '', '', '', NULL, NULL, NULL, NULL, 11, 1, 1, NULL, '2025-07-21 05:01:05', '2025-07-21 05:01:05', NULL);
INSERT INTO `models` VALUES (66, 'purchase_orders_report', NULL, 'purchase_reports/purchase_orders_report', 'purchase_orders_report', 'Reports\\purchase_controller@purchase_orders_report', 'Reports\\purchase\\purchase_orders_request', 'purchase_orders_report', 'purchases', NULL, NULL, NULL, NULL, 11, 3, 1, NULL, '2025-07-21 05:01:05', '2025-07-21 05:01:05', NULL);
INSERT INTO `models` VALUES (67, 'note_vouchers_in_all_branches', NULL, '', 'note_vouchers_in_all_branches', '', '', '', '', NULL, NULL, NULL, NULL, 9, 1, 1, NULL, '2025-07-21 05:01:05', '2025-07-21 05:01:05', NULL);
INSERT INTO `models` VALUES (68, 'journal_entries_in_all_branches', NULL, '', 'journal_entries_in_all_branches', '', '', '', '', NULL, NULL, NULL, NULL, 6, 1, 1, NULL, '2025-07-21 05:01:05', '2025-07-21 05:01:05', NULL);
INSERT INTO `models` VALUES (69, 'material_requisitions_report', NULL, 'purchase_reports/material_requisitions_report', 'material_requisitions_report', '', '', 'material_requisitions_report', 'purchases', NULL, NULL, NULL, NULL, 11, 3, 1, NULL, '2025-07-21 05:01:05', '2025-07-21 05:01:05', NULL);
INSERT INTO `models` VALUES (70, 'request_for_quotations_report', NULL, 'purchase_reports/request_for_quotations_report', 'request_for_quotations_report', '', '', 'request_for_quotations_report', 'purchases', NULL, NULL, NULL, NULL, 11, 3, 1, NULL, '2025-07-21 05:01:05', '2025-07-21 05:01:05', NULL);
INSERT INTO `models` VALUES (71, 'show_prices_in_note_voucher_come_from_purchase_order', NULL, '', 'show_prices_in_note_voucher_come_from_purchase_order', '', '', '', '', NULL, NULL, NULL, NULL, 9, 1, 1, NULL, '2025-07-21 05:01:05', '2025-07-21 05:01:05', NULL);
INSERT INTO `models` VALUES (72, 'sales_invoices', NULL, 'Sales_invoice', 'sales_invoices', '', '', '', 'accounting', NULL, NULL, NULL, NULL, 7, 2, 1, NULL, '2025-07-21 05:01:05', '2025-07-21 05:01:05', NULL);
INSERT INTO `models` VALUES (73, 'change_warehouse_in_invoice', NULL, '', 'change_warehouse_in_invoice', '', '', 'change_warehouse_in_invoice', 'accounting', NULL, NULL, NULL, NULL, 6, 1, 1, NULL, '2025-07-21 05:01:05', '2025-07-21 05:01:05', NULL);
INSERT INTO `models` VALUES (74, 'change_branch_in_invoice', NULL, '', 'change_branch_in_invoice', '', '', 'change_branch_in_invoice', 'accounting', NULL, NULL, NULL, NULL, 6, 1, 1, NULL, '2025-07-21 05:01:05', '2025-07-21 05:01:05', NULL);
INSERT INTO `models` VALUES (75, 'sales_tax_declaration_report', NULL, 'accounting_reports/sales_tax_declaration_report', 'sales_tax_declaration_report', '', '', 'sales_tax_declaration_report', 'accounting', NULL, NULL, NULL, NULL, 6, 3, 1, NULL, '2025-07-21 05:01:05', '2025-07-21 05:01:05', NULL);
INSERT INTO `models` VALUES (76, 'purchases_invoices', NULL, 'Purchase_invoice', 'purchases_invoices', '', '', '', 'accounting', NULL, NULL, NULL, NULL, 7, 2, 1, NULL, '2025-07-21 05:01:05', '2025-07-21 05:01:05', NULL);
INSERT INTO `models` VALUES (77, 'refund_purchases_invoices', NULL, 'Refund_purchases_invoice', 'refund_purchases_invoices', '', '', '', 'accounting', NULL, NULL, NULL, NULL, 7, 2, 1, NULL, '2025-07-21 05:01:05', '2025-07-21 05:01:05', NULL);
INSERT INTO `models` VALUES (78, 'refund_sales_invoices', NULL, 'Refund_sales_invoice', 'refund_sales_invoices', '', '', '', 'accounting', NULL, NULL, NULL, NULL, 7, 2, 1, NULL, '2025-07-21 05:01:05', '2025-07-21 05:01:05', NULL);
INSERT INTO `models` VALUES (79, 'profit_and_loss_report', NULL, 'accounting_reports/profit_and_loss_report', 'profit_and_loss_report', '', '', 'profit_and_loss_report', 'accounting', NULL, NULL, NULL, NULL, 7, 3, 1, NULL, '2025-07-21 05:01:05', '2025-07-21 05:01:05', NULL);
INSERT INTO `models` VALUES (80, 'balance_sheet_report', NULL, 'accounting_reports/balance_sheet_report', 'balance_sheet_report', '', '', 'balance_sheet_report', 'accounting', NULL, NULL, NULL, NULL, 7, 3, 1, NULL, '2025-07-21 05:01:05', '2025-07-21 05:01:05', NULL);
INSERT INTO `models` VALUES (81, 'invoice_types', NULL, 'Invoice_type', 'invoice_types', 'Invoice_types_controller', 'Invoice_types_request', 'Invoice_types_request', 'accounting', NULL, NULL, NULL, NULL, 6, 2, 1, NULL, '2025-07-21 05:01:05', '2025-07-21 05:01:05', NULL);
INSERT INTO `models` VALUES (82, 'receivables', NULL, NULL, 'receivables', 'ApplicationsController@receivables', NULL, 'ApplicationsPolicy@receivables', 'receivables', NULL, NULL, NULL, NULL, 12, 1, 1, NULL, '2025-07-21 05:01:05', '2025-07-21 05:01:05', NULL);
INSERT INTO `models` VALUES (83, 'check_portfolios', NULL, 'Check_portfolio', 'check_portfolios', 'Check_portfolios_controller', 'Check_portfolios_request', 'Check_portfolios_policy', 'receivables', NULL, NULL, NULL, NULL, 12, 2, 1, NULL, '2025-07-21 05:01:05', '2025-07-21 05:01:05', NULL);
INSERT INTO `models` VALUES (84, 'check_books', NULL, 'Check_book', 'check_books', 'Check_books_controller', 'Check_books_request', 'Check_books_policy', 'receivables', NULL, NULL, NULL, NULL, 12, 2, 1, NULL, '2025-07-21 05:01:05', '2025-07-21 05:01:05', NULL);
INSERT INTO `models` VALUES (85, 'process_of_depositing_checks_in_the_bank', NULL, 'process_of_depositing_checks_in_the_bank', 'process_of_depositing_checks_in_the_bank', 'process_of_depositing_checks_in_the_bank@journal_entries_checks', 'Process_of_depositing_checks_in_the_bank_request', 'process_of_depositing_checks_in_the_bank', 'receivables', NULL, NULL, NULL, NULL, 12, 1, 1, NULL, '2025-07-21 05:01:05', '2025-07-21 05:01:05', NULL);
INSERT INTO `models` VALUES (86, 'reject_check', NULL, 'reject_check', 'reject_check', 'reject_check@journal_entries_checks', 'Reject_check_request', 'reject_check', 'receivables', NULL, NULL, NULL, NULL, 12, 1, 1, NULL, '2025-07-21 05:01:05', '2025-07-21 05:01:05', NULL);
INSERT INTO `models` VALUES (87, 'collect_checks', NULL, 'collect_checks', 'collect_checks', 'collect_checks@journal_entries_checks', 'Collect_checks_request', 'collect_checks', 'receivables', NULL, NULL, NULL, NULL, 12, 1, 1, NULL, '2025-07-21 05:01:05', '2025-07-21 05:01:05', NULL);
INSERT INTO `models` VALUES (88, 'checks_report', NULL, 'receivable_reports/checks_report', 'checks_report', 'Reports\\AccountingReportsController@checks_report', 'Reports\\Accounting\\Checks_report_request', 'checks_report', 'receivables', NULL, NULL, NULL, NULL, 12, 3, 1, NULL, '2025-07-21 05:01:05', '2025-07-21 05:01:05', NULL);
INSERT INTO `models` VALUES (89, 'payable', NULL, NULL, 'payable', 'ApplicationsController@payable', NULL, 'ApplicationsPolicy@payable', 'payable', NULL, NULL, NULL, NULL, 13, 1, 1, NULL, '2025-07-21 05:01:05', '2025-07-21 05:01:05', NULL);
INSERT INTO `models` VALUES (90, 'request_for_checks', NULL, 'Request_for_check', 'request_for_checks', 'Request_for_checks_controller', 'Request_for_checks_request', 'Request_for_checks_policy', 'payable', NULL, NULL, NULL, NULL, 13, 2, 1, NULL, '2025-07-21 05:01:05', '2025-07-21 05:01:05', NULL);
INSERT INTO `models` VALUES (91, 'cash_a_checks', NULL, 'Cash_a_check', 'cash_a_checks', 'Cash_a_checks_controller', 'Cash_a_checks_request', 'Cash_a_checks_policy', 'payable', NULL, NULL, NULL, NULL, 13, 2, 1, NULL, '2025-07-21 05:01:05', '2025-07-21 05:01:05', NULL);
INSERT INTO `models` VALUES (92, 'payable_reject_check', NULL, 'payable_reject_check', 'payable_reject_check', 'payable_reject_check@journal_entries_checks', 'Payable_reject_check_request', 'payable_reject_check', 'payable', NULL, NULL, NULL, NULL, 13, 1, 1, NULL, '2025-07-21 05:01:05', '2025-07-21 05:01:05', NULL);
INSERT INTO `models` VALUES (93, 'payable_collect_checks', NULL, 'payable_collect_checks', 'payable_collect_checks', 'payable_collect_checks@journal_entries_checks', 'Payable_collect_checks_request', 'payable_collect_checks', 'payable', NULL, NULL, NULL, NULL, 13, 1, 1, NULL, '2025-07-21 05:01:05', '2025-07-21 05:01:05', NULL);
INSERT INTO `models` VALUES (94, 'stocktaking_report', NULL, 'inventory_reports/stocktaking_report', 'stocktaking_report', 'Reports\\inventory_reports@stocktaking_report', 'Reports\\inventory\\stocktaking_report', 'stocktaking_report', 'inventory', NULL, NULL, NULL, NULL, 9, 3, 1, NULL, '2025-07-21 05:01:05', '2025-07-21 05:01:05', NULL);
INSERT INTO `models` VALUES (95, 'stocktaking_in_all_warehouses', NULL, NULL, 'stocktaking_report', 'Reports\\inventory_reports@stocktaking_in_all_warehouses', 'Reports\\inventory\\stocktaking_in_all_warehouses', 'stocktaking_in_all_warehouses', 'inventory', NULL, NULL, NULL, NULL, 9, 1, 1, NULL, '2025-07-21 05:01:05', '2025-07-21 05:01:05', NULL);
INSERT INTO `models` VALUES (96, 'poss', NULL, 'Pos', 'poss', 'Poss_controller', 'Poss_request', 'Poss_policy', 'pos', NULL, NULL, NULL, NULL, 4, 2, 1, NULL, '2025-07-21 05:01:05', '2025-07-21 05:01:05', NULL);
INSERT INTO `models` VALUES (97, 'can_give_discount_in_pos', NULL, NULL, 'can_give_discount_in_pos', '', '', 'can_give_discount_in_pos', 'poss', NULL, NULL, NULL, NULL, 4, 1, 1, NULL, '2025-07-21 05:01:05', '2025-07-21 05:01:05', NULL);
INSERT INTO `models` VALUES (98, 'can_change_price_in_pos', NULL, NULL, 'can_change_price_in_pos', '', '', 'can_change_price_in_pos', 'poss', NULL, NULL, NULL, NULL, 4, 1, 1, NULL, '2025-07-21 05:01:05', '2025-07-21 05:01:05', NULL);
INSERT INTO `models` VALUES (99, 'can_delete_products_from_pos_invoice', NULL, NULL, 'can_delete_products_from_pos_invoice', '', '', 'can_delete_products_from_pos_invoice', 'poss', NULL, NULL, NULL, NULL, 4, 1, 1, NULL, '2025-07-21 05:01:05', '2025-07-21 05:01:05', NULL);
INSERT INTO `models` VALUES (100, 'pos_refund_invoice', NULL, NULL, 'pos_refund_invoice', '', '', 'pos_refund_invoice', 'poss', NULL, NULL, NULL, NULL, 4, 1, 1, NULL, '2025-07-21 05:01:05', '2025-07-21 05:01:05', NULL);
INSERT INTO `models` VALUES (101, 'pos_sales_report', NULL, 'poss_reports/pos_sales_report', 'pos_sales_report', '', '', 'pos_sales_report', 'poss', NULL, NULL, NULL, NULL, 4, 3, 1, NULL, '2025-07-21 05:01:05', '2025-07-21 05:01:05', NULL);
INSERT INTO `models` VALUES (102, 'pos_sales_report_in_all_branches', NULL, '', 'pos_sales_report_in_all_branches', '', '', 'pos_sales_report_in_all_branches', 'poss', NULL, NULL, NULL, NULL, 4, 1, 1, NULL, '2025-07-21 05:01:05', '2025-07-21 05:01:05', NULL);
INSERT INTO `models` VALUES (103, 'show_pos_invoices', NULL, 'Pos_invoice', 'show_pos_invoices', '', '', 'show_pos_invoices', 'poss', NULL, NULL, NULL, NULL, 4, 1, 1, NULL, '2025-07-21 05:01:05', '2025-07-21 05:01:05', NULL);
INSERT INTO `models` VALUES (104, 'sales_quotation_types', NULL, 'Sales_quotation_type', 'sales_quotation_types', 'Sales_quotation_types_controller', 'Sales_quotation_types_request', 'Sales_quotation_types_policy', 'sales', NULL, NULL, NULL, NULL, 3, 2, 1, NULL, '2025-07-21 05:01:05', '2025-07-21 05:01:05', NULL);
INSERT INTO `models` VALUES (105, 'sales_quotations', NULL, 'Sales_quotation', 'sales_quotations', 'Sales_quotations_controller', 'Sales_quotations_request', 'Sales_quotations_policy', 'sales', NULL, NULL, NULL, NULL, 3, 2, 1, NULL, '2025-07-21 05:01:05', '2025-07-21 05:01:05', NULL);
INSERT INTO `models` VALUES (106, 'sales_quotation_in_all_branches', NULL, '', 'sales_quotation_in_all_branches', '', '', 'sales_quotation_in_all_branches', 'sales', NULL, NULL, NULL, NULL, 3, 1, 1, NULL, '2025-07-21 05:01:05', '2025-07-21 05:01:05', NULL);
INSERT INTO `models` VALUES (107, 'sales_order_types', NULL, 'Sales_order_type', 'sales_order_types', 'Sales_order_types_controller', 'Sales_order_types_request', 'Sales_order_types_policy', 'sales', NULL, NULL, NULL, NULL, 3, 2, 1, NULL, '2025-07-21 05:01:05', '2025-07-21 05:01:05', NULL);
INSERT INTO `models` VALUES (108, 'sales_orders', NULL, 'Sales_order', 'sales_orders', 'Sales_orders_controller', 'Sales_orders_request', 'Sales_orders_policy', 'sales', NULL, NULL, NULL, NULL, 3, 2, 1, NULL, '2025-07-21 05:01:05', '2025-07-21 05:01:05', NULL);
INSERT INTO `models` VALUES (109, 'sales_order_in_all_branches', NULL, '', 'sales_order_in_all_branches', '', '', 'sales_order_in_all_branches', 'sales', NULL, NULL, NULL, NULL, 3, 1, 1, NULL, '2025-07-21 05:01:05', '2025-07-21 05:01:05', NULL);
INSERT INTO `models` VALUES (110, 'price_lists', NULL, 'Price_list', 'price_lists', 'Price_lists_controller', 'Price_lists_request', 'Price_lists_policy', 'sales', NULL, NULL, NULL, NULL, 3, 2, 1, NULL, '2025-07-21 05:01:05', '2025-07-21 05:01:05', NULL);
INSERT INTO `models` VALUES (111, 'price_list_in_all_branches', NULL, '', 'price_list_in_all_branches', '', '', 'price_list_in_all_branches', 'sales', NULL, NULL, NULL, NULL, 3, 1, 1, NULL, '2025-07-21 05:01:05', '2025-07-21 05:01:05', NULL);
INSERT INTO `models` VALUES (112, 'sales_quotations_report', NULL, 'sales_reports/sales_quotations_report', 'sales_quotations_report', '', '', 'sales_quotations_report', 'sales', NULL, NULL, NULL, NULL, 3, 3, 1, NULL, '2025-07-21 05:01:05', '2025-07-21 05:01:05', NULL);
INSERT INTO `models` VALUES (113, 'sales_orders_report', NULL, 'sales_reports/sales_orders_report', 'sales_orders_report', '', '', 'sales_orders_report', 'sales', NULL, NULL, NULL, NULL, 3, 3, 1, NULL, '2025-07-21 05:01:05', '2025-07-21 05:01:05', NULL);
INSERT INTO `models` VALUES (114, 'departments', NULL, 'Department', 'departments', 'Departments_controller', 'Departments_request', 'Departments_policy', 'employees', NULL, NULL, NULL, NULL, 17, 2, 1, NULL, '2025-07-21 05:01:05', '2025-07-21 05:01:05', NULL);
INSERT INTO `models` VALUES (115, 'employee_groups', NULL, 'Employee_group', 'employee_groups', 'Employee_groups_controller', 'Employee_groups_request', 'Employee_groups_policy', 'employees', NULL, NULL, NULL, NULL, 17, 2, 1, NULL, '2025-07-21 05:01:05', '2025-07-21 05:01:05', NULL);
INSERT INTO `models` VALUES (116, 'employees', NULL, 'Employee', 'employees', 'Employees_controller', 'Employees_request', 'Employees_policy', 'employees', NULL, NULL, NULL, NULL, 17, 2, 1, NULL, '2025-07-21 05:01:05', '2025-07-21 05:01:05', NULL);
INSERT INTO `models` VALUES (117, 'education_types', NULL, 'Education_type', 'education_types', 'Education_types_controller', 'Education_types_request', 'Education_types_policy', 'employees', NULL, NULL, NULL, NULL, 17, 2, 1, NULL, '2025-07-21 05:01:05', '2025-07-21 05:01:05', NULL);
INSERT INTO `models` VALUES (118, 'add_visa_to_employee', NULL, '', 'add_visa_to_employee', '', '', 'add_visa_to_employee', 'employees', NULL, NULL, NULL, NULL, 17, 1, 1, NULL, '2025-07-21 05:01:05', '2025-07-21 05:01:05', NULL);
INSERT INTO `models` VALUES (119, 'safe_deposits', NULL, 'Safe_deposit', 'safe_deposits', 'Safe_deposits_controller', 'Safe_deposits_request', 'Safe_deposits_policy', 'employees', NULL, NULL, NULL, NULL, 17, 2, 1, NULL, '2025-07-21 05:01:05', '2025-07-21 05:01:05', NULL);
INSERT INTO `models` VALUES (120, 'employees_report', NULL, 'hrm_reports/employees_report', 'employees_report', '', '', 'employees_report', 'employees', NULL, NULL, NULL, NULL, 17, 3, 1, NULL, '2025-07-21 05:01:05', '2025-07-21 05:01:05', NULL);
INSERT INTO `models` VALUES (121, 'employees_in_all_branches', NULL, '', 'employees_in_all_branches', '', '', 'employees_in_all_branches', 'employees', NULL, NULL, NULL, NULL, 17, 1, 1, NULL, '2025-07-21 05:01:05', '2025-07-21 05:01:05', NULL);
INSERT INTO `models` VALUES (122, 'employee_visa_report', NULL, 'hrm_reports/employee_visa_report', 'employee_visa_report', '', '', 'employee_visa_report', 'employees', NULL, NULL, NULL, NULL, 17, 3, 1, NULL, '2025-07-21 05:01:05', '2025-07-21 05:01:05', NULL);
INSERT INTO `models` VALUES (123, 'safe_deposits_reports', NULL, 'hrm_reports/safe_deposits_reports', 'safe_deposits_reports', '', '', 'safe_deposits_reports', 'employees', NULL, NULL, NULL, NULL, 17, 3, 1, NULL, '2025-07-21 05:01:05', '2025-07-21 05:01:05', NULL);
INSERT INTO `models` VALUES (124, 'attendance_machines', NULL, 'Attendance_machine', 'attendance_machines', 'Attendance_machines_controller', 'Attendance_machines_request', 'Attendance_machines_policy', 'attendances', NULL, NULL, NULL, NULL, 18, 2, 1, NULL, '2025-07-21 05:01:05', '2025-07-21 05:01:05', NULL);
INSERT INTO `models` VALUES (125, 'add_attendance_to_employee', NULL, '', 'add_attendance_to_employee', '', '', 'add_attendance_to_employee', 'attendances', NULL, NULL, NULL, NULL, 18, 1, 1, NULL, '2025-07-21 05:01:05', '2025-07-21 05:01:05', NULL);
INSERT INTO `models` VALUES (126, 'employee_attendance_report', NULL, 'hrm_reports/employee_attendance_report', 'employee_attendance_report', '', '', 'employee_attendance_report', 'attendances', NULL, NULL, NULL, NULL, 18, 3, 1, NULL, '2025-07-21 05:01:05', '2025-07-21 05:01:05', NULL);
INSERT INTO `models` VALUES (127, 'attendance_notifications', NULL, 'Attendance_notification', 'attendance_notifications', 'Attendance_notifications_controller', 'Attendance_notifications_request', 'Attendance_notifications_policy', 'attendances', NULL, NULL, NULL, NULL, 18, 2, 1, NULL, '2025-07-21 05:01:05', '2025-07-21 05:01:05', NULL);
INSERT INTO `models` VALUES (128, 'shifts', NULL, 'Shift', 'shifts', 'Shifts_controller', 'Shifts_request', 'Shifts_policy', 'payrolls', NULL, NULL, NULL, NULL, 19, 2, 1, NULL, '2025-07-21 05:01:05', '2025-07-21 05:01:05', NULL);
INSERT INTO `models` VALUES (129, 'shift_holidays', NULL, 'Shift_holiday', 'shift_holidays', 'Shift_holidays_controller', 'Shift_holidays_request', 'Shift_holidays_policy', 'payrolls', NULL, NULL, NULL, NULL, 19, 2, 1, NULL, '2025-07-21 05:01:05', '2025-07-21 05:01:05', NULL);
INSERT INTO `models` VALUES (130, 'holidays', NULL, 'Holiday', 'holidays', 'Holidays_controller', 'Holidays_request', 'Holidays_policy', 'payrolls', NULL, NULL, NULL, NULL, 19, 2, 1, NULL, '2025-07-21 05:01:05', '2025-07-21 05:01:05', NULL);
INSERT INTO `models` VALUES (131, 'employee_shifts', NULL, 'Employee_shift', 'employee_shifts', 'Employee_shifts_controller', 'Employee_shifts_request', 'Employee_shifts_policy', 'payrolls', NULL, NULL, NULL, NULL, 19, 2, 1, NULL, '2025-07-21 05:01:05', '2025-07-21 05:01:05', NULL);
INSERT INTO `models` VALUES (132, 'employee_attendances', NULL, 'Employee_attendance', 'employee_attendances', 'Employee_attendances_controller', 'Employee_attendances_request', 'Employee_attendances_policy', 'payrolls', NULL, NULL, NULL, NULL, 19, 2, 1, NULL, '2025-07-21 05:01:05', '2025-07-21 05:01:05', NULL);
INSERT INTO `models` VALUES (133, 'rewards', NULL, 'Reward', 'rewards', 'Rewards_controller', 'Rewards_request', 'Rewards_policy', 'payrolls', NULL, NULL, NULL, NULL, 19, 2, 1, NULL, '2025-07-21 05:01:05', '2025-07-21 05:01:05', NULL);
INSERT INTO `models` VALUES (134, 'deductions', NULL, 'Deduction', 'deductions', 'Deductions_controller', 'Deductions_request', 'Deductions_policy', 'payrolls', NULL, NULL, NULL, NULL, 19, 2, 1, NULL, '2025-07-21 05:01:05', '2025-07-21 05:01:05', NULL);
INSERT INTO `models` VALUES (135, 'allowance_on_salarys', NULL, 'Allowance_on_salary', 'allowance_on_salarys', 'Allowance_on_salarys_controller', 'Allowance_on_salarys_request', 'Allowance_on_salarys_policy', 'payrolls', NULL, NULL, NULL, NULL, 19, 2, 1, NULL, '2025-07-21 05:01:05', '2025-07-21 05:01:05', NULL);
INSERT INTO `models` VALUES (136, 'petty_cashs', NULL, 'Petty_cash', 'petty_cashs', 'Petty_cashs_controller', 'Petty_cashs_request', 'Petty_cashs_policy', 'payrolls', NULL, NULL, NULL, NULL, 19, 2, 1, NULL, '2025-07-21 05:01:05', '2025-07-21 05:01:05', NULL);
INSERT INTO `models` VALUES (137, 'employee_permits', NULL, 'Employee_permit', 'employee_permits', 'Employee_permits_controller', 'Employee_permits_request', 'Employee_permits_policy', 'payrolls', NULL, NULL, NULL, NULL, 19, 2, 1, NULL, '2025-07-21 05:01:05', '2025-07-21 05:01:05', NULL);
INSERT INTO `models` VALUES (138, 'employee_rewards', NULL, 'Employee_reward', 'employee_rewards', 'Employee_rewards_controller', 'Employee_rewards_request', 'Employee_rewards_policy', 'payrolls', NULL, NULL, NULL, NULL, 19, 2, 1, NULL, '2025-07-21 05:01:05', '2025-07-21 05:01:05', NULL);
INSERT INTO `models` VALUES (139, 'employee_deductions', NULL, 'Employee_deduction', 'employee_deductions', 'Employee_deductions_controller', 'Employee_deductions_request', 'Employee_deductions_policy', 'payrolls', NULL, NULL, NULL, NULL, 19, 2, 1, NULL, '2025-07-21 05:01:05', '2025-07-21 05:01:05', NULL);
INSERT INTO `models` VALUES (140, 'employee_allowance_on_salaries', NULL, 'Employee_allowance_on_salary', 'employee_allowance_on_salaries', 'Employee_allowance_on_salaries_controller', 'Employee_allowance_on_salaries_request', 'Employee_allowance_on_salaries_policy', 'payrolls', NULL, NULL, NULL, NULL, 19, 2, 1, NULL, '2025-07-21 05:01:05', '2025-07-21 05:01:05', NULL);
INSERT INTO `models` VALUES (141, 'employee_petty_cashs', NULL, 'Employee_petty_cash', 'employee_petty_cashs', 'Employee_petty_cashs_controller', 'Employee_petty_cashs_request', 'Employee_petty_cashs_policy', 'payrolls', NULL, NULL, NULL, NULL, 19, 2, 1, NULL, '2025-07-21 05:01:05', '2025-07-21 05:01:05', NULL);
INSERT INTO `models` VALUES (142, 'salary_cutoffs', NULL, 'Salary_cutoff', 'salary_cutoffs', 'Salary_cutoffs_controller', 'Salary_cutoffs_request', 'Salary_cutoffs_policy', 'payrolls', NULL, NULL, NULL, NULL, 19, 2, 1, NULL, '2025-07-21 05:01:05', '2025-07-21 05:01:05', NULL);
INSERT INTO `models` VALUES (143, 'employee_salary_cutoffs', NULL, 'Employee_salary_cutoff', 'employee_salary_cutoffs', 'Employee_salary_cutoffs_controller', 'Employee_salary_cutoffs_request', 'Employee_salary_cutoffs_policy', 'payrolls', NULL, NULL, NULL, NULL, 19, 2, 1, NULL, '2025-07-21 05:01:05', '2025-07-21 05:01:05', NULL);
INSERT INTO `models` VALUES (144, 'employee_shifts_report', NULL, 'hrm_reports/employee_shifts_report', 'employee_shifts_report', '', '', 'employee_shifts_report', 'payrolls', NULL, NULL, NULL, NULL, 19, 3, 1, NULL, '2025-07-21 05:01:05', '2025-07-21 05:01:05', NULL);
INSERT INTO `models` VALUES (145, 'employee_hrm_attendance_report', NULL, 'hrm_reports/employee_hrm_attendance_report', 'employee_hrm_attendance_report', '', '', 'employee_hrm_attendance_report', 'payrolls', NULL, NULL, NULL, NULL, 19, 3, 1, NULL, '2025-07-21 05:01:05', '2025-07-21 05:01:05', NULL);
INSERT INTO `models` VALUES (146, 'employee_permit_report', NULL, 'hrm_reports/employee_permit_report', 'employee_permit_report', '', '', 'employee_permit_report', 'payrolls', NULL, NULL, NULL, NULL, 19, 3, 1, NULL, '2025-07-21 05:01:05', '2025-07-21 05:01:05', NULL);
INSERT INTO `models` VALUES (147, 'employee_reward_report', NULL, 'hrm_reports/employee_reward_report', 'employee_reward_report', '', '', 'employee_reward_report', 'payrolls', NULL, NULL, NULL, NULL, 19, 3, 1, NULL, '2025-07-21 05:01:05', '2025-07-21 05:01:05', NULL);
INSERT INTO `models` VALUES (148, 'employee_deduction_report', NULL, 'hrm_reports/employee_deduction_report', 'employee_deduction_report', '', '', 'employee_deduction_report', 'payrolls', NULL, NULL, NULL, NULL, 19, 3, 1, NULL, '2025-07-21 05:01:05', '2025-07-21 05:01:05', NULL);
INSERT INTO `models` VALUES (149, 'employee_allowance_on_salary_report', NULL, 'hrm_reports/employee_allowance_on_salary_report', 'employee_allowance_on_salary_report', '', '', 'employee_allowance_on_salary_report', 'payrolls', NULL, NULL, NULL, NULL, 19, 3, 1, NULL, '2025-07-21 05:01:05', '2025-07-21 05:01:05', NULL);
INSERT INTO `models` VALUES (150, 'employee_petty_cash_report', NULL, 'hrm_reports/employee_petty_cash_report', 'employee_petty_cash_report', '', '', 'employee_petty_cash_report', 'payrolls', NULL, NULL, NULL, NULL, 19, 3, 1, NULL, '2025-07-21 05:01:05', '2025-07-21 05:01:05', NULL);
INSERT INTO `models` VALUES (151, 'payroll_calculation_report', NULL, 'hrm_reports/payroll_calculation_report', 'payroll_calculation_report', '', '', 'payroll_calculation_report', 'payrolls', NULL, NULL, NULL, NULL, 19, 3, 1, NULL, '2025-07-21 05:01:05', '2025-07-21 05:01:05', NULL);
INSERT INTO `models` VALUES (152, 'employee_salary_cutoff_report', NULL, 'hrm_reports/employee_salary_cutoff_report', 'employee_salary_cutoff_report', '', '', 'employee_salary_cutoff_report', 'payrolls', NULL, NULL, NULL, NULL, 19, 3, 1, NULL, '2025-07-21 05:01:05', '2025-07-21 05:01:05', NULL);
INSERT INTO `models` VALUES (153, 'document_categories', NULL, 'Document_category', 'document_categories', 'Document_categories_controller', 'Document_categories_request', 'Document_categories_policy', 'documents', NULL, NULL, NULL, NULL, 14, 2, 1, NULL, '2025-07-21 05:01:05', '2025-07-21 05:01:05', NULL);
INSERT INTO `models` VALUES (154, 'document_paths', NULL, 'Document_path', 'document_paths', 'Document_paths_controller', 'Document_paths_request', 'Document_paths_policy', 'documents', NULL, NULL, NULL, NULL, 14, 2, 1, NULL, '2025-07-21 05:01:05', '2025-07-21 05:01:05', NULL);
INSERT INTO `models` VALUES (155, 'uploaded_document_report', NULL, 'document_reports/uploaded_document_report', 'uploaded_document_report', '', '', 'uploaded_document_report', 'documents', NULL, NULL, NULL, NULL, 14, 3, 1, NULL, '2025-07-21 05:01:05', '2025-07-21 05:01:05', NULL);
INSERT INTO `models` VALUES (156, 'formula_types', NULL, 'Formula_type', 'formula_types', 'Formula_types_controller', 'Formula_types_request', 'Formula_types_policy', 'manufacturing', NULL, NULL, NULL, NULL, 15, 2, 1, NULL, '2025-07-21 05:01:05', '2025-07-21 05:01:05', NULL);
INSERT INTO `models` VALUES (157, 'formulas', NULL, 'Formula', 'formulas', 'Formulas_controller', 'Formulas_request', 'Formulas_policy', 'manufacturing', NULL, NULL, NULL, NULL, 15, 2, 1, NULL, '2025-07-21 05:01:05', '2025-07-21 05:01:05', NULL);
INSERT INTO `models` VALUES (158, 'manufacturing_order_types', NULL, 'Manufacturing_order_type', 'manufacturing_order_types', 'Manufacturing_order_types_controller', 'Manufacturing_order_types_request', 'Manufacturing_order_types_policy', 'manufacturing', NULL, NULL, NULL, NULL, 15, 2, 1, NULL, '2025-07-21 05:01:05', '2025-07-21 05:01:05', NULL);
INSERT INTO `models` VALUES (159, 'manufacturing_orders', NULL, 'Manufacturing_order', 'manufacturing_orders', 'Manufacturing_orders_controller', 'Manufacturing_orders_request', 'Manufacturing_orders_policy', 'manufacturing', NULL, NULL, NULL, NULL, 15, 2, 1, NULL, '2025-07-21 05:01:05', '2025-07-21 05:01:05', NULL);
INSERT INTO `models` VALUES (160, 'formulas_report', NULL, 'manufacturing_reports/formulas_report', 'formulas_report', '', '', 'formulas_report', 'manufacturing', NULL, NULL, NULL, NULL, 15, 3, 1, NULL, '2025-07-21 05:01:05', '2025-07-21 05:01:05', NULL);
INSERT INTO `models` VALUES (161, 'manufacturing_orders_report', NULL, 'manufacturing_reports/manufacturing_orders_report', 'manufacturing_orders_report', '', '', 'manufacturing_orders_report', 'manufacturing', NULL, NULL, NULL, NULL, 15, 3, 1, NULL, '2025-07-21 05:01:05', '2025-07-21 05:01:05', NULL);
INSERT INTO `models` VALUES (162, 'contract_types', NULL, 'Contract_type', 'contract_types', 'Contract_types_controller', 'Contract_types_request', 'Contract_types_policy', 'rental', NULL, NULL, NULL, NULL, 5, 2, 1, NULL, '2025-07-21 05:01:05', '2025-07-21 05:01:05', NULL);
INSERT INTO `models` VALUES (163, 'contracts', NULL, 'Contract', 'contracts', 'Contracts_controller', 'Contracts_request', 'Contracts_policy', 'rental', NULL, NULL, NULL, NULL, 5, 2, 1, NULL, '2025-07-21 05:01:05', '2025-07-21 05:01:05', NULL);
INSERT INTO `models` VALUES (164, 'contracts_report', NULL, 'contracts_reports/contracts_report', 'contracts_report', '', '', 'contracts_report', 'rental', NULL, NULL, NULL, NULL, 5, 3, 1, NULL, '2025-07-21 05:01:05', '2025-07-21 05:01:05', NULL);
INSERT INTO `models` VALUES (165, 'contracts_tax_report', NULL, 'contracts_reports/contracts_tax_report', 'contracts_tax_report', '', '', 'contracts_tax_report', 'rental', NULL, NULL, NULL, NULL, 5, 3, 1, NULL, '2025-07-21 05:01:05', '2025-07-21 05:01:05', NULL);
INSERT INTO `models` VALUES (166, 'rental_categories', NULL, 'Rental_category', 'rental_categories', 'Rental_categories_controller', 'Rental_categories_request', 'Rental_categories_policy', 'rental', NULL, NULL, NULL, NULL, 5, 2, 1, NULL, '2025-07-21 05:01:05', '2025-07-21 05:01:05', NULL);
INSERT INTO `models` VALUES (167, 'rental_category_products', NULL, 'Rental_category_product', 'rental_category_products', 'Rental_category_products_controller', 'Rental_category_products_request', 'Rental_category_products_policy', 'rental', NULL, NULL, NULL, NULL, 5, 2, 1, NULL, '2025-07-21 05:01:05', '2025-07-21 05:01:05', NULL);
INSERT INTO `models` VALUES (168, 'favorites', NULL, 'Favorite', 'favorites', 'Favorites_controller', 'Favorites_request', 'Favorites_policy', 'settings', NULL, NULL, NULL, NULL, 1, 2, 1, NULL, '2025-07-21 05:01:05', '2025-07-21 05:01:05', NULL);
INSERT INTO `models` VALUES (169, 'model_permissions', NULL, 'Model_permission', 'model_permissions', 'Model_permissions_controller', 'Model_permissions_request', 'Model_permissions_policy', 'settings', NULL, NULL, NULL, NULL, 1, 2, 1, NULL, '2025-07-21 05:01:05', '2025-07-21 05:01:05', NULL);
INSERT INTO `models` VALUES (170, 'customers_report', NULL, 'accounting_reports/customers_report', 'customers_report', '', '', 'customers_report', 'accounting', NULL, NULL, NULL, NULL, 6, 3, 1, NULL, '2025-07-21 05:01:05', '2025-07-21 05:01:05', NULL);
INSERT INTO `models` VALUES (171, 'customers_trial_balance_report', NULL, 'accounting_reports/customers_trial_balance_report', 'customers_trial_balance_report', '', '', 'customers_trial_balance_report', 'accounting', NULL, NULL, NULL, NULL, 6, 3, 1, NULL, '2025-07-21 05:01:05', '2025-07-21 05:01:05', NULL);
INSERT INTO `models` VALUES (172, 'vendors_report', NULL, 'accounting_reports/vendors_report', 'vendors_report', '', '', 'vendors_report', 'accounting', NULL, NULL, NULL, NULL, 6, 3, 1, NULL, '2025-07-21 05:01:05', '2025-07-21 05:01:05', NULL);
INSERT INTO `models` VALUES (173, 'vendors_trial_balance_report', NULL, 'accounting_reports/vendors_trial_balance_report', 'vendors_trial_balance_report', '', '', 'vendors_trial_balance_report', 'accounting', NULL, NULL, NULL, NULL, 6, 3, 1, NULL, '2025-07-21 05:01:05', '2025-07-21 05:01:05', NULL);
INSERT INTO `models` VALUES (174, 'sales_report', NULL, 'accounting_reports/sales_report', 'sales_report', '', '', 'sales_report', 'accounting', NULL, NULL, NULL, NULL, 6, 3, 1, NULL, '2025-07-21 05:01:05', '2025-07-21 05:01:05', NULL);
INSERT INTO `models` VALUES (175, 'product_categories_profits_report', NULL, 'accounting_reports/product_categories_profits_report', 'product_categories_profits_report', '', '', 'product_categories_profits_report', 'accounting', NULL, NULL, NULL, NULL, 6, 3, 1, NULL, '2025-07-21 05:01:05', '2025-07-21 05:01:05', NULL);
INSERT INTO `models` VALUES (176, 'activity_log_report', NULL, 'activity_log_report', 'activity_log_report', '', '', 'activity_log_report', 'settings', NULL, NULL, NULL, NULL, 1, 3, 1, NULL, '2025-07-21 05:01:05', '2025-07-21 05:01:05', NULL);
INSERT INTO `models` VALUES (177, 'pos_product_categories', NULL, 'Pos_product_category', 'pos_product_categories', 'Pos_product_categories_controller', 'Pos_product_categories_request', 'Pos_product_categories_policy', 'poss', NULL, NULL, NULL, NULL, 4, 2, 1, NULL, '2025-07-21 05:01:05', '2025-07-21 05:01:05', NULL);
INSERT INTO `models` VALUES (178, 'pos_journal_entries', NULL, '', 'pos_journal_entries', '', '', 'pos_journal_entries', 'poss', NULL, NULL, NULL, NULL, 4, 1, 1, NULL, '2025-07-21 05:01:05', '2025-07-21 05:01:05', NULL);
INSERT INTO `models` VALUES (179, 'pos_product_category_relations', NULL, 'Pos_product_category_relation', 'pos_product_category_relations', 'Pos_product_category_relations_controller', 'Pos_product_category_relations_request', 'Pos_product_category_relations_policy', 'poss', NULL, NULL, NULL, NULL, 4, 2, 1, NULL, '2025-07-21 05:01:05', '2025-07-21 05:01:05', NULL);
INSERT INTO `models` VALUES (180, 'daily_notifications', NULL, 'Daily_notification', 'daily_notifications', 'Daily_notifications_controller', 'Daily_notifications_request', 'Daily_notifications_policy', 'settings', NULL, NULL, NULL, NULL, 1, 2, 1, NULL, '2025-07-21 05:01:05', '2025-07-21 05:01:05', NULL);
INSERT INTO `models` VALUES (181, 'slow_moving_products_report', NULL, 'inventory_reports/slow_moving_products_report', 'slow_moving_products_report', 'Reports\\inventory_reports@slow_moving_products_report', 'Reports\\inventory\\slow_moving_products_report', 'slow_moving_products_report', 'inventory', NULL, NULL, NULL, NULL, 9, 3, 1, NULL, '2025-07-21 05:01:05', '2025-07-21 05:01:05', NULL);
INSERT INTO `models` VALUES (182, 'one_way_journals', NULL, '', 'one_way_journals', '', '', 'one_way_journals', 'accounting', NULL, NULL, NULL, NULL, 6, 1, 1, NULL, '2025-07-21 05:01:05', '2025-07-21 05:01:05', NULL);
INSERT INTO `models` VALUES (183, 'account_statment_notifications', NULL, 'Account_statment_notification', 'account_statment_notifications', 'Account_statment_notifications_controller', 'Account_statment_notifications_request', 'Account_statment_notifications_policy', 'accounting', NULL, NULL, NULL, NULL, 6, 2, 1, NULL, '2025-07-21 05:01:05', '2025-07-21 05:01:05', NULL);
INSERT INTO `models` VALUES (184, 'payment_terms', NULL, 'Payment_term', 'payment_terms', 'Payment_terms_controller', 'Payment_terms_request', 'Payment_terms_policy', 'accounting', NULL, NULL, NULL, NULL, 6, 2, 1, NULL, '2025-07-21 05:01:05', '2025-07-21 05:01:05', NULL);
INSERT INTO `models` VALUES (185, 'customers_balance_limit_report', NULL, 'customers_balance_limit_report', 'customers_balance_limit_report', '', '', 'customers_balance_limit_report', 'accounting', NULL, NULL, NULL, NULL, 6, 3, 1, NULL, '2025-07-21 05:01:05', '2025-07-21 05:01:05', NULL);
INSERT INTO `models` VALUES (186, 'vendors_balance_limit_report', NULL, 'vendors_balance_limit_report', 'vendors_balance_limit_report', '', '', 'vendors_balance_limit_report', 'accounting', NULL, NULL, NULL, NULL, 6, 3, 1, NULL, '2025-07-21 05:01:05', '2025-07-21 05:01:05', NULL);
INSERT INTO `models` VALUES (187, 'customers_minimum_value_for_purchases', NULL, 'customers_minimum_value_for_purchases', 'customers_minimum_value_for_purchases', '', '', 'customers_minimum_value_for_purchases', 'accounting', NULL, NULL, NULL, NULL, 6, 3, 1, NULL, '2025-07-21 05:01:05', '2025-07-21 05:01:05', NULL);
INSERT INTO `models` VALUES (188, 'vendors_minimum_value_for_purchases', NULL, 'vendors_minimum_value_for_purchases', 'vendors_minimum_value_for_purchases', '', '', 'vendors_minimum_value_for_purchases', 'accounting', NULL, NULL, NULL, NULL, 6, 3, 1, NULL, '2025-07-21 05:01:05', '2025-07-21 05:01:05', NULL);
INSERT INTO `models` VALUES (189, 'customers_minimum_value_for_sales', NULL, 'customers_minimum_value_for_sales', 'customers_minimum_value_for_sales', '', '', 'customers_minimum_value_for_sales', 'accounting', NULL, NULL, NULL, NULL, 6, 3, 1, NULL, '2025-07-21 05:01:05', '2025-07-21 05:01:05', NULL);
INSERT INTO `models` VALUES (190, 'vendors_minimum_value_for_sales', NULL, 'vendors_minimum_value_for_sales', 'vendors_minimum_value_for_sales', '', '', 'vendors_minimum_value_for_sales', 'accounting', NULL, NULL, NULL, NULL, 6, 3, 1, NULL, '2025-07-21 05:01:05', '2025-07-21 05:01:05', NULL);
INSERT INTO `models` VALUES (191, 'accounts_balance_limit_report', NULL, 'accounts_balance_limit_report', 'accounts_balance_limit_report', '', '', 'accounts_balance_limit_report', 'accounting', NULL, NULL, NULL, NULL, 6, 3, 1, NULL, '2025-07-21 05:01:05', '2025-07-21 05:01:05', NULL);
INSERT INTO `models` VALUES (192, 'sales_tax_report', NULL, 'sales_tax_report', 'sales_tax_report', '', '', 'sales_tax_report', 'accounting', NULL, NULL, NULL, NULL, 6, 3, 1, NULL, '2025-07-21 05:01:05', '2025-07-21 05:01:05', NULL);
INSERT INTO `models` VALUES (193, 'delivery_orders', NULL, 'Delivery_order', 'delivery_orders', 'Delivery_orders_controller', 'Delivery_orders_request', 'Delivery_orders_policy', 'inventory', NULL, NULL, NULL, NULL, 3, 2, 1, NULL, '2025-07-21 05:01:05', '2025-07-21 05:01:05', NULL);
INSERT INTO `models` VALUES (194, 'pos_online_order', NULL, NULL, 'pos_online_order', 'ApplicationsController@pos_online_order', NULL, 'ApplicationsPolicy@pos_online_order', 'pos_online_order', NULL, NULL, NULL, NULL, 26, 1, 1, NULL, '2025-07-21 05:01:05', '2025-07-21 05:01:05', NULL);
INSERT INTO `models` VALUES (195, 'permissions', NULL, 'Permission', 'permissions', 'Permissions_controller', 'Permissions_request', 'Permissions_policy', 'settings', NULL, NULL, NULL, NULL, 1, 2, 1, NULL, '2025-07-21 05:01:05', '2025-07-21 05:01:05', NULL);
INSERT INTO `models` VALUES (196, 'pos_online_order_in_all_branches', NULL, NULL, 'pos_online_order_in_all_branches', '', NULL, '', 'poss', NULL, NULL, NULL, NULL, 4, 1, 1, NULL, '2025-07-21 05:01:05', '2025-07-21 05:01:05', NULL);
INSERT INTO `models` VALUES (197, 'show_new_pos_order', NULL, NULL, 'show_new_pos_order', '', NULL, '', 'poss', NULL, NULL, NULL, NULL, 4, 1, 1, NULL, '2025-07-21 05:01:05', '2025-07-21 05:01:05', NULL);
INSERT INTO `models` VALUES (198, 'pos_lounges', NULL, 'Pos_lounge', 'pos_lounges', 'Pos_lounges_controller', 'Pos_lounges_request', 'Pos_lounges_policy', 'poss', NULL, NULL, NULL, NULL, 4, 2, 1, NULL, '2025-07-21 05:01:05', '2025-07-21 05:01:05', NULL);
INSERT INTO `models` VALUES (199, 'pos_tables', NULL, 'Pos_table', 'pos_tables', 'Pos_tables_controller', 'Pos_tables_request', 'Pos_tables_policy', 'poss', NULL, NULL, NULL, NULL, 4, 2, 1, NULL, '2025-07-21 05:01:05', '2025-07-21 05:01:05', NULL);
INSERT INTO `models` VALUES (200, 'educations', NULL, NULL, 'educations', 'ApplicationsController@educations', NULL, 'ApplicationsPolicy@educations', 'educations', NULL, NULL, NULL, NULL, 27, 1, 1, NULL, '2025-07-21 05:01:05', '2025-07-21 05:01:05', NULL);
INSERT INTO `models` VALUES (201, 'subject_groups', NULL, 'Subject_group', 'subject_groups', 'Subject_groups_controller', 'Subject_groups_request', 'Subject_groups_policy', 'educations', NULL, NULL, NULL, NULL, 27, 2, 1, NULL, '2025-07-21 05:01:05', '2025-07-21 05:01:05', NULL);
INSERT INTO `models` VALUES (202, 'subjects', NULL, 'Subject', 'subjects', 'Subjects_controller', 'Subjects_request', 'Subjects_policy', 'educations', NULL, NULL, NULL, NULL, 27, 2, 1, NULL, '2025-07-21 05:01:05', '2025-07-21 05:01:05', NULL);
INSERT INTO `models` VALUES (203, 'classe_groups', NULL, 'Classe_group', 'classe_groups', 'Classe_groups_controller', 'Classe_groups_request', 'Classe_groups_policy', 'educations', NULL, NULL, NULL, NULL, 27, 2, 1, NULL, '2025-07-21 05:01:05', '2025-07-21 05:01:05', NULL);
INSERT INTO `models` VALUES (204, 'classes', NULL, 'Classe', 'classes', 'Classes_controller', 'Classes_request', 'Classes_policy', 'educations', NULL, NULL, NULL, NULL, 27, 2, 1, NULL, '2025-07-21 05:01:05', '2025-07-21 05:01:05', NULL);
INSERT INTO `models` VALUES (205, 'class_teachers', NULL, 'Class_teacher', 'class_teachers', 'Class_teachers_controller', 'Class_teachers_request', 'Class_teachers_policy', 'educations', NULL, NULL, NULL, NULL, 27, 2, 1, NULL, '2025-07-21 05:01:05', '2025-07-21 05:01:05', NULL);
INSERT INTO `models` VALUES (206, 'questions', NULL, 'Question', 'questions', 'Questions_controller', 'Questions_request', 'Questions_policy', 'educations', NULL, NULL, NULL, NULL, 27, 2, 1, NULL, '2025-07-21 05:01:05', '2025-07-21 05:01:05', NULL);
INSERT INTO `models` VALUES (207, 'student_groups', NULL, 'Student_group', 'student_groups', 'Student_groups_controller', 'Student_groups_request', 'Student_groups_policy', 'educations', NULL, NULL, NULL, NULL, 27, 2, 1, NULL, '2025-07-21 05:01:05', '2025-07-21 05:01:05', NULL);
INSERT INTO `models` VALUES (208, 'students', NULL, 'Student', 'students', 'Students_controller', 'Students_request', 'Students_policy', 'educations', NULL, NULL, NULL, NULL, 27, 2, 1, NULL, '2025-07-21 05:01:05', '2025-07-21 05:01:05', NULL);
INSERT INTO `models` VALUES (209, 'student_classes', NULL, 'Student_classe', 'student_classes', 'Student_classes_controller', 'Student_classes_request', 'Student_classes_policy', 'educations', NULL, NULL, NULL, NULL, 27, 2, 1, NULL, '2025-07-21 05:01:05', '2025-07-21 05:01:05', NULL);
INSERT INTO `models` VALUES (210, 'student_homeworks', NULL, 'Student_homework', 'student_homeworks', 'Student_homeworks_controller', 'Student_homeworks_request', 'Student_homeworks_policy', 'educations', NULL, NULL, NULL, NULL, 27, 2, 1, NULL, '2025-07-21 05:01:05', '2025-07-21 05:01:05', NULL);
INSERT INTO `models` VALUES (211, 'student_attendances', NULL, 'Student_attendance', 'student_attendances', 'Student_attendances_controller', 'Student_attendances_request', 'Student_attendances_policy', 'educations', NULL, NULL, NULL, NULL, 27, 2, 1, NULL, '2025-07-21 05:01:05', '2025-07-21 05:01:05', NULL);
INSERT INTO `models` VALUES (212, 'online_exams', NULL, 'Online_exam', 'online_exams', 'Online_exams_controller', 'Online_exams_request', 'Online_exams_policy', 'educations', NULL, NULL, NULL, NULL, 27, 2, 1, NULL, '2025-07-21 05:01:05', '2025-07-21 05:01:05', NULL);
INSERT INTO `models` VALUES (213, 'class_schedules', NULL, 'Class_schedule', 'class_schedules', 'Class_schedules_controller', 'Class_schedules_request', 'Class_schedules_policy', 'educations', NULL, NULL, NULL, NULL, 27, 2, 1, NULL, '2025-07-21 05:01:05', '2025-07-21 05:01:05', NULL);
INSERT INTO `models` VALUES (214, 'buses', NULL, 'Bus', 'buses', 'Buses_controller', 'Buses_request', 'Buses_policy', 'educations', NULL, NULL, NULL, NULL, 27, 2, 1, NULL, '2025-07-21 05:01:05', '2025-07-21 05:01:05', NULL);
INSERT INTO `models` VALUES (215, 'bus_groups', NULL, 'Bus_group', 'bus_groups', 'Bus_groups_controller', 'Bus_groups_reuqest', 'Bus_groups_policy', 'educations', NULL, NULL, NULL, NULL, 27, 2, 1, NULL, '2025-07-21 05:01:05', '2025-07-21 05:01:05', NULL);
INSERT INTO `models` VALUES (216, 'class_bus_periods', NULL, 'Class_bus_period', 'class_bus_periods', 'Class_bus_periods_controller', 'Class_bus_periods_request', 'Class_bus_periods_policy', 'educations', NULL, NULL, NULL, NULL, 27, 2, 1, NULL, '2025-07-21 05:01:05', '2025-07-21 05:01:05', NULL);
INSERT INTO `models` VALUES (217, 'subject_teachers', NULL, 'Subject_teacher', 'subject_teachers', 'Subject_teachers_controller', 'Subject_teachers_request', 'Subject_teachers_policy', 'educations', NULL, NULL, NULL, NULL, 27, 2, 1, NULL, '2025-07-21 05:01:05', '2025-07-21 05:01:05', NULL);
INSERT INTO `models` VALUES (218, 'events', NULL, 'Event', 'events', 'Events_controller', 'Events_request', 'Events_policy', 'educations', NULL, NULL, NULL, NULL, 27, 2, 1, NULL, '2025-07-21 05:01:05', '2025-07-21 05:01:05', NULL);
INSERT INTO `models` VALUES (219, 'education_settings', NULL, NULL, 'education_settings', 'education_settings_controller@educations', NULL, 'education_settings', 'educations', NULL, NULL, NULL, NULL, 27, 1, 1, NULL, '2025-07-21 05:01:05', '2025-07-21 05:01:05', NULL);
INSERT INTO `models` VALUES (220, 'daily_classes', NULL, 'Daily_classe', 'daily_classes', 'Daily_classes_controller', 'Daily_classes_request', 'Daily_classes_policy', 'educations', NULL, NULL, NULL, NULL, 27, 2, 1, NULL, '2025-07-21 05:01:05', '2025-07-21 05:01:05', NULL);
INSERT INTO `models` VALUES (221, 'student_attendance_report', NULL, 'educations_reports/student_attendance_report', 'student_attendance_report', 'Reports\\Educations_reports@student_attendance_report', 'Reports\\Educations\\student_attendance_report', 'student_attendance_report', 'educations', NULL, NULL, NULL, NULL, 27, 3, 1, NULL, '2025-07-21 05:01:05', '2025-07-21 05:01:05', NULL);
INSERT INTO `models` VALUES (222, 'student_report', NULL, 'educations_reports/student_report', 'student_report', 'Reports\\Educations_reports@student_report', 'Reports\\Educations\\student_report', 'student_report', 'educations', NULL, NULL, NULL, NULL, 27, 3, 1, NULL, '2025-07-21 05:01:05', '2025-07-21 05:01:05', NULL);
INSERT INTO `models` VALUES (223, 'online_exams_report', NULL, 'educations_reports/online_exams_report', 'online_exams_report', 'Reports\\Educations_reports@online_exams_report', 'Reports\\Educations\\online_exams_report', 'online_exams_report', 'educations', NULL, NULL, NULL, NULL, 27, 3, 1, NULL, '2025-07-21 05:01:05', '2025-07-21 05:01:05', NULL);
INSERT INTO `models` VALUES (224, 'online_exam_marks_report', NULL, 'educations_reports/online_exam_marks_report', 'online_exam_marks_report', 'Reports\\Educations_reports@online_exam_marks_report', 'Reports\\Educations\\online_exam_marks_report', 'online_exam_marks_report', 'educations', NULL, NULL, NULL, NULL, 27, 3, 1, NULL, '2025-07-21 05:01:05', '2025-07-21 05:01:05', NULL);
INSERT INTO `models` VALUES (225, 'daily_classes_report', NULL, 'educations_reports/daily_classes_report', 'daily_classes_report', 'Reports\\Educations_reports@daily_classes_report', 'Reports\\Educations\\daily_classes_report', 'daily_classes_report', 'educations', NULL, NULL, NULL, NULL, 27, 3, 1, NULL, '2025-07-21 05:01:05', '2025-07-21 05:01:05', NULL);
INSERT INTO `models` VALUES (226, 'product_report', NULL, 'inventory_reports/product_report', 'product_report', 'Reports\\inventory_reports@product_report', '', 'product_report', 'inventory', NULL, NULL, NULL, NULL, 9, 3, 1, NULL, '2025-07-21 05:01:05', '2025-07-21 05:01:05', NULL);
INSERT INTO `models` VALUES (227, 'change_note_voucher_to_invoice', NULL, NULL, 'change_note_voucher_to_invoice', '', NULL, '', 'accounting', NULL, NULL, NULL, NULL, 6, 1, 1, NULL, '2025-07-21 05:01:05', '2025-07-21 05:01:05', NULL);
INSERT INTO `models` VALUES (228, 'asset_groups', NULL, 'Asset_group', 'asset_groups', 'Asset_groups_controller', 'Asset_groups_request', 'Asset_groups_policy', 'accounting', NULL, NULL, NULL, NULL, 6, 2, 1, NULL, '2025-07-21 05:01:05', '2025-07-21 05:01:05', NULL);
INSERT INTO `models` VALUES (229, 'asset', NULL, 'Asset', 'assets', 'Assets_controller', 'Assets_request', 'Assets_policy', 'accounting', NULL, NULL, NULL, NULL, 6, 2, 1, NULL, '2025-07-21 05:01:05', '2025-07-21 05:01:05', NULL);
INSERT INTO `models` VALUES (230, 'asset_report', NULL, 'accounting_reports/asset_report', 'asset_report', '', '', 'asset_report', 'accounting', NULL, NULL, NULL, NULL, 6, 3, 1, NULL, '2025-07-21 05:01:05', '2025-07-21 05:01:05', NULL);
INSERT INTO `models` VALUES (231, 'depreciation_of_assets', NULL, 'depreciation_of_assets', 'depreciation_of_assets', '', '', 'depreciation_of_assets', 'accounting', NULL, NULL, NULL, NULL, 6, 1, 1, NULL, '2025-07-21 05:01:05', '2025-07-21 05:01:05', NULL);
INSERT INTO `models` VALUES (232, 'email_lists', NULL, 'Email_list', 'email_lists', 'Email_lists_controller', 'Email_lists_request', 'Email_lists_policy', 'email_marketing', NULL, NULL, NULL, NULL, 21, 2, 1, NULL, '2025-07-21 05:01:05', '2025-07-21 05:01:05', NULL);
INSERT INTO `models` VALUES (233, 'email_list_mails', NULL, 'Email_list_mail', 'email_list_mails', 'Email_list_mails_controller', 'Email_list_mails_request', 'Email_list_mails_policy', 'email_marketing', NULL, NULL, NULL, NULL, 21, 2, 1, NULL, '2025-07-21 05:01:05', '2025-07-21 05:01:05', NULL);
INSERT INTO `models` VALUES (234, 'send_email_to_lists', NULL, 'send_email_to_lists', 'send_email_to_lists', '', '', 'send_email_to_lists', 'email_marketing', NULL, NULL, NULL, NULL, 21, 1, 1, NULL, '2025-07-21 05:01:05', '2025-07-21 05:01:05', NULL);
INSERT INTO `models` VALUES (235, 'partner_relations', NULL, 'Partner_relation', 'partner_relations', 'Partner_relations_controller', 'Partner_relations_request', 'Partner_relations_policy', 'accounting', NULL, NULL, NULL, NULL, 6, 2, 1, NULL, '2025-07-21 05:01:05', '2025-07-21 05:01:05', NULL);
INSERT INTO `models` VALUES (236, 'student_homeworks_report', NULL, 'educations_reports/student_homeworks_report', 'student_homeworks_report', 'Reports\\Educations_reports@student_homeworks_report', 'Reports\\Educations\\student_homeworks_report', 'student_homeworks_report', 'educations', NULL, NULL, NULL, NULL, 27, 3, 1, NULL, '2025-07-21 05:01:05', '2025-07-21 05:01:05', NULL);
INSERT INTO `models` VALUES (237, 'locations', NULL, 'Location', 'locations', 'Locations_controller', 'Locations_request', 'Locations_policy', 'inventory', NULL, NULL, NULL, NULL, 9, 2, 1, NULL, '2025-07-21 05:01:05', '2025-07-21 05:01:05', NULL);
INSERT INTO `models` VALUES (238, 'change_exam_mark', NULL, 'change_exam_mark', 'change_exam_mark', '', '', 'change_exam_mark', 'educations', NULL, NULL, NULL, NULL, 27, 1, 1, NULL, '2025-07-21 05:01:05', '2025-07-21 05:01:05', NULL);
INSERT INTO `models` VALUES (239, 'pos_users', NULL, 'Pos_user', 'pos_users', 'Pos_users_controller', 'Pos_users_request', 'Pos_users_policy', 'pos', NULL, NULL, NULL, NULL, 4, 2, 1, NULL, '2025-07-21 05:01:05', '2025-07-21 05:01:05', NULL);
INSERT INTO `models` VALUES (240, 'online_suppliers', NULL, 'Online_supplier', 'online_suppliers', 'Online_suppliers_controller', 'Online_suppliers_request', 'Online_suppliers_policy', 'pos', NULL, NULL, NULL, NULL, 4, 2, 1, NULL, '2025-07-21 05:01:05', '2025-07-21 05:01:05', NULL);
INSERT INTO `models` VALUES (241, 'pos_product_components', NULL, 'Pos_product_component', 'pos_product_components', 'Pos_product_components_controller', 'Pos_product_components_request', 'Pos_product_components_policy', 'pos', NULL, NULL, NULL, NULL, 4, 2, 1, NULL, '2025-07-21 05:01:05', '2025-07-21 05:01:05', NULL);
INSERT INTO `models` VALUES (242, 'debit_aging_report', NULL, 'accounting_reports/debit_aging_report', 'debit_aging_report', '', '', 'debit_aging_report', 'accounting', NULL, NULL, NULL, NULL, 6, 3, 1, NULL, '2025-07-21 05:01:05', '2025-07-21 05:01:05', NULL);
INSERT INTO `models` VALUES (243, 'working_contracts', NULL, NULL, 'working_contracts', 'ApplicationsController@doors', NULL, 'ApplicationsPolicy@working_contracts', 'working_contracts', NULL, NULL, NULL, NULL, 28, 1, 1, NULL, '2025-07-21 05:01:05', '2025-07-21 05:01:05', NULL);
INSERT INTO `models` VALUES (244, 'working_contract_groups', NULL, 'Working_contract_group', 'working_contract_groups', 'Working_contract_groups_controller', 'Working_contract_groups_request', 'Working_contract_groups_policy', 'working_contracts', NULL, NULL, NULL, NULL, 28, 2, 1, NULL, '2025-07-21 05:01:05', '2025-07-21 05:01:05', NULL);
INSERT INTO `models` VALUES (245, 'working_contract_status', NULL, 'Working_contract_state', 'working_contract_status', 'Working_contract_status_controller', 'Working_contract_status_request', 'Working_contract_status_policy', 'working_contracts', NULL, NULL, NULL, NULL, 28, 2, 1, NULL, '2025-07-21 05:01:05', '2025-07-21 05:01:05', NULL);
INSERT INTO `models` VALUES (246, 'working_contracts', NULL, 'Working_contract', 'working_contracts', 'Working_contracts_controller', 'Working_contracts_request', 'Working_contracts_policy', 'working_contracts', NULL, NULL, NULL, NULL, 28, 2, 1, NULL, '2025-07-21 05:01:05', '2025-07-21 05:01:05', NULL);
INSERT INTO `models` VALUES (247, 'working_contracts_in_all_branches', NULL, NULL, 'working_contracts_in_all_branches', '', NULL, 'working_contracts_in_all_branches', 'working_contracts', NULL, NULL, NULL, NULL, 28, 1, 1, NULL, '2025-07-21 05:01:06', '2025-07-21 05:01:06', NULL);
INSERT INTO `models` VALUES (248, 'change_warehouse_in_working_contracts', NULL, NULL, 'change_warehouse_in_working_contracts', '', NULL, 'change_warehouse_in_working_contracts', 'working_contracts', NULL, NULL, NULL, NULL, 28, 1, 1, NULL, '2025-07-21 05:01:06', '2025-07-21 05:01:06', NULL);
INSERT INTO `models` VALUES (249, 'change_tax_state_in_working_contract', NULL, NULL, 'change_tax_state_in_working_contract', '', NULL, 'change_tax_state_in_working_contract', 'working_contracts', NULL, NULL, NULL, NULL, 28, 1, 1, NULL, '2025-07-21 05:01:06', '2025-07-21 05:01:06', NULL);
INSERT INTO `models` VALUES (250, 'add_payment_from_working_contract', NULL, NULL, 'add_payment_from_working_contract', '', NULL, 'add_payment_from_working_contract', 'working_contracts', NULL, NULL, NULL, NULL, 28, 1, 1, NULL, '2025-07-21 05:01:06', '2025-07-21 05:01:06', NULL);
INSERT INTO `models` VALUES (251, 'add_payment_on_working_contract', NULL, NULL, 'add_payment_on_working_contract', '', NULL, 'add_payment_on_working_contract', 'working_contracts', NULL, NULL, NULL, NULL, 28, 1, 1, NULL, '2025-07-21 05:01:06', '2025-07-21 05:01:06', NULL);
INSERT INTO `models` VALUES (252, 'note_vouchers_report', NULL, 'inventory_reports/note_vouchers_report', 'note_vouchers_report', '', '', 'note_vouchers_report', 'inventory', NULL, NULL, NULL, NULL, 9, 3, 1, NULL, '2025-07-21 05:01:06', '2025-07-21 05:01:06', NULL);
INSERT INTO `models` VALUES (253, 'work_order_groups', NULL, 'Work_order_group', 'work_order_groups', 'Work_order_groups_controller', 'Work_order_groups_request', 'Work_order_groups_policy', 'working_contracts', NULL, NULL, NULL, NULL, 28, 2, 1, NULL, '2025-07-21 05:01:06', '2025-07-21 05:01:06', NULL);
INSERT INTO `models` VALUES (254, 'work_order_steps', NULL, 'Work_order_step', 'work_order_steps', 'Work_order_steps_controller', 'Work_order_steps_request', 'Work_order_steps_policy', 'working_contracts', NULL, NULL, NULL, NULL, 28, 2, 1, NULL, '2025-07-21 05:01:06', '2025-07-21 05:01:06', NULL);
INSERT INTO `models` VALUES (255, 'work_order_step_status', NULL, 'Work_order_step_state', 'work_order_step_status', 'Work_order_step_status_controller', 'Work_order_step_status_request', 'Work_order_step_status_policy', 'working_contracts', NULL, NULL, NULL, NULL, 28, 2, 1, NULL, '2025-07-21 05:01:06', '2025-07-21 05:01:06', NULL);
INSERT INTO `models` VALUES (256, 'work_orders', NULL, 'Work_order', 'work_orders', 'Work_orders_controller', 'Work_orders_request', 'Work_orders_policy', 'working_contracts', NULL, NULL, NULL, NULL, 28, 2, 1, NULL, '2025-07-21 05:01:06', '2025-07-21 05:01:06', NULL);
INSERT INTO `models` VALUES (257, 'partner_cost_centers', NULL, 'Partner_cost_center', 'partner_cost_centers', 'Partner_cost_centers_controller', 'Work_orders_request', 'Partner_cost_centers_policy', 'accounting', NULL, NULL, NULL, NULL, 6, 2, 1, NULL, '2025-07-21 05:01:06', '2025-07-21 05:01:06', NULL);
INSERT INTO `models` VALUES (258, 'reserve_material_orders', NULL, 'Reserve_material_order', 'reserve_material_orders', 'Reserve_material_orders_controller', 'Reserve_material_orders_request', 'Reserve_material_orders_policy', 'working_contracts', NULL, NULL, NULL, NULL, 9, 2, 1, NULL, '2025-07-21 05:01:06', '2025-07-21 05:01:06', NULL);
INSERT INTO `models` VALUES (259, 'reserve_material_order_groups', NULL, 'Reserve_material_order_group', 'reserve_material_order_groups', 'Reserve_material_order_groups_controller', 'Reserve_material_order_groups_request', 'Reserve_material_order_groups_policy', 'working_contracts', NULL, NULL, NULL, NULL, 9, 2, 1, NULL, '2025-07-21 05:01:06', '2025-07-21 05:01:06', NULL);
INSERT INTO `models` VALUES (260, 'change_warehouse_in_work_order', NULL, NULL, 'change_warehouse_in_work_order', '', NULL, 'change_warehouse_in_work_order', 'working_contracts', NULL, NULL, NULL, NULL, 28, 1, 1, NULL, '2025-07-21 05:01:06', '2025-07-21 05:01:06', NULL);
INSERT INTO `models` VALUES (261, 'change_reserve_material_order_to_note_voucher', NULL, NULL, 'change_reserve_material_order_to_note_voucher', '', NULL, 'change_reserve_material_order_to_note_voucher', 'working_contracts', NULL, NULL, NULL, NULL, 9, 1, 1, NULL, '2025-07-21 05:01:06', '2025-07-21 05:01:06', NULL);
INSERT INTO `models` VALUES (262, 'working_contracts_report', NULL, 'working_contract_reports/working_contracts_report', 'working_contracts_report', '', '', 'working_contracts_report', 'working_contracts', NULL, NULL, NULL, NULL, 28, 3, 1, NULL, '2025-07-21 05:01:06', '2025-07-21 05:01:06', NULL);
INSERT INTO `models` VALUES (263, 'work_orders_report', NULL, 'working_contract_reports/work_orders_report', 'work_orders_report', '', '', 'work_orders_report', 'working_contracts', NULL, NULL, NULL, NULL, 28, 3, 1, NULL, '2025-07-21 05:01:06', '2025-07-21 05:01:06', NULL);
INSERT INTO `models` VALUES (264, 'reserve_material_orders_report', NULL, 'working_contract_reports/reserve_material_orders_report', 'reserve_material_orders_report', '', '', 'reserve_material_orders_report', 'working_contracts', NULL, NULL, NULL, NULL, 9, 3, 1, NULL, '2025-07-21 05:01:06', '2025-07-21 05:01:06', NULL);
INSERT INTO `models` VALUES (265, 'set_working_contract_product_specifications', NULL, NULL, 'set_working_contract_product_specifications', '', NULL, 'set_working_contract_product_specifications', 'working_contracts', NULL, NULL, NULL, NULL, 28, 1, 1, NULL, '2025-07-21 05:01:06', '2025-07-21 05:01:06', NULL);
INSERT INTO `models` VALUES (266, 'working_contract_types', NULL, 'Working_contract_type', 'working_contract_types', 'Working_contract_types_controller', 'Working_contract_types_request', 'Working_contract_types_policy', 'working_contracts', NULL, NULL, NULL, NULL, 28, 2, 1, NULL, '2025-07-21 05:01:06', '2025-07-21 05:01:06', NULL);
INSERT INTO `models` VALUES (267, 'change_work_order_status', NULL, NULL, 'change_work_order_status', '', NULL, 'change_work_order_status', 'working_contracts', NULL, NULL, NULL, NULL, 28, 1, 1, NULL, '2025-07-21 05:01:06', '2025-07-21 05:01:06', NULL);
INSERT INTO `models` VALUES (268, 'employee_promotions', NULL, 'Employee_promotion', 'employee_promotions', 'Employee_promotions_controller', 'Employee_promotions_request', 'Employee_promotions_policy', 'employees', NULL, NULL, NULL, NULL, 17, 2, 1, NULL, '2025-07-21 05:01:06', '2025-07-21 05:01:06', NULL);
INSERT INTO `models` VALUES (269, 'employee_promotions_report', NULL, 'hrm_reports/employee_promotions_report', 'employee_promotions_report', '', '', 'employee_promotions_report', 'employees', NULL, NULL, NULL, NULL, 17, 3, 1, NULL, '2025-07-21 05:01:06', '2025-07-21 05:01:06', NULL);
INSERT INTO `models` VALUES (270, 'payrolls_report', NULL, 'hrm_reports/payrolls_report', 'payrolls_report', '', '', 'payrolls_report', 'payrolls', NULL, NULL, NULL, NULL, 19, 3, 1, NULL, '2025-07-21 05:01:06', '2025-07-21 05:01:06', NULL);
INSERT INTO `models` VALUES (271, 'social_security_disclosure_report', NULL, 'hrm_reports/social_security_disclosure_report', 'social_security_disclosure_report', '', '', 'social_security_disclosure_report', 'payrolls', NULL, NULL, NULL, NULL, 19, 3, 1, NULL, '2025-07-21 05:01:06', '2025-07-21 05:01:06', NULL);
INSERT INTO `models` VALUES (272, 'employee_penalties_groups', NULL, 'Employee_penalties_group', 'employee_penalties_groups', 'Employee_penalties_groups_controller', 'Employee_penalties_groups_reuqest', 'Employee_penalties_groups_policy', 'employees', NULL, NULL, NULL, NULL, 17, 2, 1, NULL, '2025-07-21 05:01:06', '2025-07-21 05:01:06', NULL);
INSERT INTO `models` VALUES (273, 'employee_penalties', NULL, 'Employee_penaltie', 'employee_penalties', 'Employee_penalties_controller', 'Employee_penalties_request', 'Employee_penalties_policy', 'employees', NULL, NULL, NULL, NULL, 17, 2, 1, NULL, '2025-07-21 05:01:06', '2025-07-21 05:01:06', NULL);
INSERT INTO `models` VALUES (274, 'employee_penalties_asserts', NULL, 'Employee_penalties_assert', 'employee_penalties_asserts', 'Employee_penalties_asserts_controller', 'Employee_penalties_asserts_request', 'Employee_penalties_asserts_policy', 'employees', NULL, NULL, NULL, NULL, 17, 2, 1, NULL, '2025-07-21 05:01:06', '2025-07-21 05:01:06', NULL);
INSERT INTO `models` VALUES (275, 'employee_clearances', NULL, 'Employee_clearance', 'employee_clearances', 'Employee_clearances_controller', 'Employee_clearances_request', 'Employee_clearances_policy', 'employees', NULL, NULL, NULL, NULL, 17, 2, 1, NULL, '2025-07-21 05:01:06', '2025-07-21 05:01:06', NULL);
INSERT INTO `models` VALUES (276, 'show_price_in_product_move', NULL, NULL, 'show_price_in_product_move', '', NULL, 'show_price_in_product_move', 'inventory', NULL, NULL, NULL, NULL, 9, 1, 1, NULL, '2025-07-21 05:01:06', '2025-07-21 05:01:06', NULL);
INSERT INTO `models` VALUES (277, 'invoice_maintenance_types', NULL, 'Invoice_maintenance_type', 'invoice_maintenance_types', 'Invoice_maintenance_types_controller', 'Invoice_maintenance_types_request', 'Invoice_maintenance_types_policy', 'maintenances', NULL, NULL, NULL, NULL, 16, 2, 1, NULL, '2025-07-21 05:01:06', '2025-07-21 05:01:06', NULL);
INSERT INTO `models` VALUES (278, 'invoice_maintenance_groups', NULL, 'Invoice_maintenance_group', 'invoice_maintenance_groups', 'Invoice_maintenance_groups_controller', 'Invoice_maintenance_groups_request', 'Invoice_maintenance_groups_policy', 'maintenances', NULL, NULL, NULL, NULL, 16, 2, 1, NULL, '2025-07-21 05:01:06', '2025-07-21 05:01:06', NULL);
INSERT INTO `models` VALUES (279, 'invoice_maintenances', NULL, 'Invoice_maintenance', 'invoice_maintenances', 'Invoice_maintenances_controller', 'Invoice_maintenances_request', 'Invoice_maintenances_policy', 'maintenances', NULL, NULL, NULL, NULL, 16, 2, 1, NULL, '2025-07-21 05:01:06', '2025-07-21 05:01:06', NULL);
INSERT INTO `models` VALUES (280, 'id_types', NULL, 'Id_type', 'id_types', 'Id_types_controller', 'Id_types_request', 'Id_types_policy', 'employees', NULL, NULL, NULL, NULL, 17, 2, 1, NULL, '2025-07-21 05:01:06', '2025-07-21 05:01:06', NULL);
INSERT INTO `models` VALUES (281, 'quality_groups', NULL, 'Quality_group', 'quality_groups', 'Quality_groups_controller', 'Quality_groups_request', 'Quality_groups_policy', 'quality', NULL, NULL, NULL, NULL, 20, 2, 1, NULL, '2025-07-21 05:01:06', '2025-07-21 05:01:06', NULL);
INSERT INTO `models` VALUES (282, 'quality_types', NULL, 'Quality_type', 'quality_types', 'Quality_types_controller', 'Quality_types_request', 'Quality_types_policy', 'quality', NULL, NULL, NULL, NULL, 20, 2, 1, NULL, '2025-07-21 05:01:06', '2025-07-21 05:01:06', NULL);
INSERT INTO `models` VALUES (283, 'quality_test_keys', NULL, 'Quality_test_key', 'quality_test_keys', 'Quality_test_keys_controller', 'Quality_test_keys_reuqest', 'Quality_test_keys_policy', 'quality', NULL, NULL, NULL, NULL, 20, 2, 1, NULL, '2025-07-21 05:01:06', '2025-07-21 05:01:06', NULL);
INSERT INTO `models` VALUES (284, 'quality_tests', NULL, 'Quality_test', 'quality_tests', 'Quality_tests_controller', 'Quality_tests_request', 'Quality_tests_policy', 'quality', NULL, NULL, NULL, NULL, 20, 2, 1, NULL, '2025-07-21 05:01:06', '2025-07-21 05:01:06', NULL);
INSERT INTO `models` VALUES (285, 'quality_test_report', NULL, 'quality_reports/quality_test_report', 'quality_test_report', '', '', 'quality_test_report', 'quality', NULL, NULL, NULL, NULL, 20, 3, 1, NULL, '2025-07-21 05:01:06', '2025-07-21 05:01:06', NULL);
INSERT INTO `models` VALUES (286, 'quality_test_key_values', NULL, 'Quality_test_key_value', 'quality_test_key_values', 'Quality_test_key_values_controller', 'Quality_test_key_values_request', 'Quality_test_key_values_policy', 'quality', NULL, NULL, NULL, NULL, 20, 2, 1, NULL, '2025-07-21 05:01:06', '2025-07-21 05:01:06', NULL);
INSERT INTO `models` VALUES (287, 'show_all_sales_quotations', NULL, NULL, 'show_all_sales_quotations', '', NULL, 'show_all_sales_quotations', 'inventory', NULL, NULL, NULL, NULL, 9, 1, 1, NULL, '2025-07-21 05:01:06', '2025-07-21 05:01:06', NULL);
INSERT INTO `models` VALUES (288, 'change_sales_quotations_to_note_voucher', NULL, NULL, 'change_sales_quotations_to_note_voucher', '', NULL, 'change_sales_quotations_to_note_voucher', 'inventory', NULL, NULL, NULL, NULL, 9, 1, 1, NULL, '2025-07-21 05:01:06', '2025-07-21 05:01:06', NULL);
INSERT INTO `models` VALUES (289, 'show_all_note_vouchers', NULL, NULL, 'show_all_note_vouchers', '', NULL, 'show_all_note_vouchers', 'inventory', NULL, NULL, NULL, NULL, 9, 1, 1, NULL, '2025-07-21 05:01:06', '2025-07-21 05:01:06', NULL);
INSERT INTO `models` VALUES (290, 'permission_products', NULL, 'Permission_product', 'permission_products', 'Permission_products_controller', 'Permission_products_request', 'Permission_products_policy', 'inventory', NULL, NULL, NULL, NULL, 9, 2, 1, NULL, '2025-07-21 05:01:06', '2025-07-21 05:01:06', NULL);
INSERT INTO `models` VALUES (291, 'permission_product_categories', NULL, 'Permission_product_category', 'permission_product_categories', 'Permission_product_categories_controller', 'Permission_product_categories_request', 'Permission_product_categories_policy', 'inventory', NULL, NULL, NULL, NULL, 9, 2, 1, NULL, '2025-07-21 05:01:06', '2025-07-21 05:01:06', NULL);
INSERT INTO `models` VALUES (292, 'stock_report', NULL, 'inventory_reports/stock_report', 'stock_report', '', '', 'stock_report', 'inventory', NULL, NULL, NULL, NULL, 9, 3, 1, NULL, '2025-07-21 05:01:06', '2025-07-21 05:01:06', NULL);
INSERT INTO `models` VALUES (293, 'show_selling_price_in_note_vouchers', NULL, NULL, 'show_selling_price_in_note_vouchers', '', NULL, 'show_selling_price_in_note_vouchers', 'inventory', NULL, NULL, NULL, NULL, 9, 1, 1, NULL, '2025-07-21 05:01:06', '2025-07-21 05:01:06', NULL);
INSERT INTO `models` VALUES (294, 'get_product_balance_in_note_vouchers', NULL, NULL, 'get_product_balance_in_note_vouchers', '', NULL, 'get_product_balance_in_note_vouchers', 'inventory', NULL, NULL, NULL, NULL, 9, 1, 1, NULL, '2025-07-21 05:01:06', '2025-07-21 05:01:06', NULL);
INSERT INTO `models` VALUES (295, 'employee_loans', NULL, 'Employee_loan', 'employee_loans', 'Employee_loans_controller', 'Employee_loans_request', 'Employee_loans_policy', 'payrolls', NULL, NULL, NULL, NULL, 19, 2, 1, NULL, '2025-07-21 05:01:06', '2025-07-21 05:01:06', NULL);
INSERT INTO `models` VALUES (296, 'bank_salaries_report', NULL, 'payrolls_report/bank_salaries_report', 'bank_salaries_report', '', '', 'bank_salaries_report', 'payrolls', NULL, NULL, NULL, NULL, 19, 3, 1, NULL, '2025-07-21 05:01:06', '2025-07-21 05:01:06', NULL);
INSERT INTO `models` VALUES (297, 'change_sales_quotations_to_invoice', NULL, NULL, 'change_sales_quotations_to_invoice', '', NULL, 'change_sales_quotations_to_invoice', 'inventory', NULL, NULL, NULL, NULL, 6, 1, 1, NULL, '2025-07-21 05:01:06', '2025-07-21 05:01:06', NULL);
INSERT INTO `models` VALUES (298, 'work_order_step_quality_types', NULL, 'Work_order_step_quality_type', 'work_order_step_quality_types', 'Work_order_step_quality_types_controller', 'Work_order_step_quality_types_request', 'Work_order_step_quality_types_policy', 'quality', NULL, NULL, NULL, NULL, 20, 2, 1, NULL, '2025-07-21 05:01:06', '2025-07-21 05:01:06', NULL);
INSERT INTO `models` VALUES (299, 'weekly_plans', NULL, 'Weekly_plan', 'weekly_plans', 'Weekly_plans_controller', 'Weekly_plans_request', 'Weekly_plans_policy', 'educations', NULL, NULL, NULL, NULL, 27, 2, 1, NULL, '2025-07-21 05:01:06', '2025-07-21 05:01:06', NULL);
INSERT INTO `models` VALUES (300, 'reminders', NULL, 'Reminder', 'reminders', 'Reminders_controller', 'Reminders_request', 'Reminders_policy', 'inventory', NULL, NULL, NULL, NULL, 9, 2, 1, NULL, '2025-07-21 05:01:06', '2025-07-21 05:01:06', NULL);
INSERT INTO `models` VALUES (301, 'reminder_lines', NULL, 'Reminder_line', 'reminder_lines', 'Reminder_lines_controller', 'Reminder_lines_request', 'Reminder_lines_policy', 'inventory', NULL, NULL, NULL, NULL, 9, 2, 1, NULL, '2025-07-21 05:01:06', '2025-07-21 05:01:06', NULL);
INSERT INTO `models` VALUES (302, 'reminders_report', NULL, 'inventory_reports/reminders_report', 'reminders_report', '', '', 'reminders_report', 'inventory', NULL, NULL, NULL, NULL, 9, 3, 1, NULL, '2025-07-21 05:01:06', '2025-07-21 05:01:06', NULL);
INSERT INTO `models` VALUES (303, 'product_reorders_report', NULL, 'inventory_reports/product_reorders_report', 'product_reorders_report', '', '', 'product_reorders_report', 'inventory', NULL, NULL, NULL, NULL, 9, 3, 1, NULL, '2025-07-21 05:01:06', '2025-07-21 05:01:06', NULL);
INSERT INTO `models` VALUES (304, 'product_schedules', NULL, 'Product_schedule', 'product_schedules', 'Product_schedules_controller', 'Product_schedules_request', 'Product_schedules_policy', 'inventory', NULL, NULL, NULL, NULL, 9, 2, 1, NULL, '2025-07-21 05:01:06', '2025-07-21 05:01:06', NULL);
INSERT INTO `models` VALUES (305, 'product_schedule_lines', NULL, 'Product_schedule_line', 'product_schedule_lines', 'Product_schedule_lines_controller', 'Product_schedule_lines_request', 'Product_schedule_lines_policy', 'inventory', NULL, NULL, NULL, NULL, 9, 2, 1, NULL, '2025-07-21 05:01:06', '2025-07-21 05:01:06', NULL);
INSERT INTO `models` VALUES (306, 'product_schedules_report', NULL, 'inventory_reports/product_schedules_report', 'product_schedules_report', '', '', 'product_schedules_report', 'inventory', NULL, NULL, NULL, NULL, 9, 3, 1, NULL, '2025-07-21 05:01:06', '2025-07-21 05:01:06', NULL);
INSERT INTO `models` VALUES (307, 'quality_report', NULL, 'quality_report/quality_report', 'quality_report', '', '', 'quality_report', 'quality', NULL, NULL, NULL, NULL, 20, 3, 1, NULL, '2025-07-21 05:01:06', '2025-07-21 05:01:06', NULL);
INSERT INTO `models` VALUES (308, 'pos_delivery_report', NULL, 'poss_reports/pos_delivery_report', 'pos_delivery_report', '', '', 'pos_delivery_report', 'poss', NULL, NULL, NULL, NULL, 4, 3, 1, NULL, '2025-07-21 05:01:06', '2025-07-21 05:01:06', NULL);
INSERT INTO `models` VALUES (309, 'weekly_plans_report', NULL, 'educations_reports/weekly_plans_report', 'weekly_plans_report', '', '', 'weekly_plans_report', 'educations', NULL, NULL, NULL, NULL, 27, 3, 1, NULL, '2025-07-21 05:01:06', '2025-07-21 05:01:06', NULL);
INSERT INTO `models` VALUES (310, 'foreign_order_types', NULL, 'Foreign_order_type', 'foreign_order_types', 'Foreign_order_types_controller', 'Foreign_order_types_request', 'Foreign_order_types_policy', 'purchases', NULL, NULL, NULL, NULL, 11, 2, 1, NULL, '2025-07-21 05:01:06', '2025-07-21 05:01:06', NULL);
INSERT INTO `models` VALUES (311, 'foreign_orders', NULL, 'Foreign_order', 'foreign_orders', 'Foreign_orders_controller', 'Foreign_orders_request', 'Foreign_orders_policy', 'purchases', NULL, NULL, NULL, NULL, 11, 2, 1, NULL, '2025-07-21 05:01:06', '2025-07-21 05:01:06', NULL);
INSERT INTO `models` VALUES (312, 'countries', NULL, 'Country', 'countries', 'Countries_controller', 'Countries_request', 'Countries_policy', 'purchases', NULL, NULL, NULL, NULL, 11, 2, 1, NULL, '2025-07-21 05:01:06', '2025-07-21 05:01:06', NULL);
INSERT INTO `models` VALUES (313, 'foreign_orders_report', NULL, 'purchase_reports/foreign_orders_report', 'foreign_orders_report', '', '', 'foreign_orders_report', 'purchases', NULL, NULL, NULL, NULL, 11, 3, 1, NULL, '2025-07-21 05:01:06', '2025-07-21 05:01:06', NULL);
INSERT INTO `models` VALUES (314, 'class_apis', NULL, 'Class_api', 'class_apis', 'Class_apis_controller', 'Class_apis_request', 'Class_apis_policy', 'educations', NULL, NULL, NULL, NULL, 27, 2, 1, NULL, '2025-07-21 05:01:06', '2025-07-21 05:01:06', NULL);
INSERT INTO `models` VALUES (315, 'class_apis_report', NULL, 'educations_reports/class_apis_report', 'class_apis_report', '', '', 'class_apis_report', 'educations', NULL, NULL, NULL, NULL, 27, 3, 1, NULL, '2025-07-21 05:01:06', '2025-07-21 05:01:06', NULL);
INSERT INTO `models` VALUES (316, 'user_specifications', NULL, 'User_specification', 'user_specifications', 'User_specifications_controller', 'User_specifications_request', 'User_specifications_policy', 'accounting', NULL, NULL, NULL, NULL, 6, 2, 1, NULL, '2025-07-21 05:01:06', '2025-07-21 05:01:06', NULL);
INSERT INTO `models` VALUES (317, 'user_specification_values', NULL, 'User_specification_value', 'user_specification_values', 'User_specification_values_controller', 'User_specification_values_rqeuest', 'User_specification_values_policy', 'accounting', NULL, NULL, NULL, NULL, 6, 2, 1, NULL, '2025-07-21 05:01:06', '2025-07-21 05:01:06', NULL);
INSERT INTO `models` VALUES (318, 'medical_clinics', NULL, NULL, 'medical_clinics', 'ApplicationsController@medical_clinics', NULL, 'ApplicationsPolicy@medical_clinics', 'medical_clinics', NULL, NULL, NULL, NULL, 29, 1, 1, NULL, '2025-07-21 05:01:06', '2025-07-21 05:01:06', NULL);
INSERT INTO `models` VALUES (319, 'invoice_maintenance_lines', NULL, 'Invoice_maintenance_line', 'invoice_maintenance_lines', 'Invoice_maintenance_lines_controller', 'Invoice_maintenance_lines_request', 'Invoice_maintenance_lines_policy', 'maintenances', NULL, NULL, NULL, NULL, 16, 2, 1, NULL, '2025-07-21 05:01:06', '2025-07-21 05:01:06', NULL);
INSERT INTO `models` VALUES (320, 'credit_aging_report', NULL, 'accounting_reports/credit_aging_report', 'credit_aging_report', '', '', 'credit_aging_report', 'accounting', NULL, NULL, NULL, NULL, 6, 3, 1, NULL, '2025-07-21 05:01:06', '2025-07-21 05:01:06', NULL);
INSERT INTO `models` VALUES (321, 'sales_report_between_tow_dates', NULL, 'accounting_reports/sales_report_between_tow_dates', 'sales_report_between_tow_dates', '', '', 'sales_report_between_tow_dates', 'accounting', NULL, NULL, NULL, NULL, 6, 3, 1, NULL, '2025-07-21 05:01:06', '2025-07-21 05:01:06', NULL);
INSERT INTO `models` VALUES (322, 'po_custom_fields', NULL, 'Po_custom_field', 'po_custom_fields', 'Po_custom_fields_controller', 'Po_custom_fields_request', 'Po_custom_fields_policy', 'purchases', NULL, NULL, NULL, NULL, 11, 2, 1, NULL, '2025-07-21 05:01:06', '2025-07-21 05:01:06', NULL);
INSERT INTO `models` VALUES (323, 'working_contract_lines', NULL, 'Working_contract_line', 'working_contract_lines', 'Working_contract_lines_controller', 'Working_contract_lines_request', 'Working_contract_lines_policy', 'working_contracts', NULL, NULL, NULL, NULL, 28, 2, 1, NULL, '2025-07-21 05:01:06', '2025-07-21 05:01:06', NULL);
INSERT INTO `models` VALUES (324, 'credit_cards', NULL, 'Credit_card', 'credit_cards', 'Credit_cards_controller', 'Credit_cards_request', 'Credit_cards_policy', 'accounting', NULL, NULL, NULL, NULL, 6, 2, 1, NULL, '2025-07-21 05:01:06', '2025-07-21 05:01:06', NULL);
INSERT INTO `models` VALUES (325, 'delivery_types', NULL, 'Delivery_type', 'delivery_types', 'Delivery_types_controller', 'Delivery_types_request', 'Delivery_types_policy', 'purchases', NULL, NULL, NULL, NULL, 11, 2, 1, NULL, '2025-07-21 05:01:06', '2025-07-21 05:01:06', NULL);
INSERT INTO `models` VALUES (326, 'pos_sales_categories', NULL, 'Pos_sales_category', 'pos_sales_categories', 'Pos_sales_categories_controller', 'Pos_sales_categories_request', 'Pos_sales_categories_policy', 'pos', NULL, NULL, NULL, NULL, 4, 2, 1, NULL, '2025-07-21 05:01:06', '2025-07-21 05:01:06', NULL);
INSERT INTO `models` VALUES (327, 'product_schedule_user_lines', NULL, 'Product_schedule_user_line', 'product_schedule_user_lines', 'Product_schedule_user_lines_controller', 'Product_schedule_user_lines_request', 'Product_schedule_user_lines_policy', 'medical_clinics', NULL, NULL, NULL, NULL, 29, 2, 1, NULL, '2025-07-21 05:01:06', '2025-07-21 05:01:06', NULL);
INSERT INTO `models` VALUES (328, 'sms_lists', NULL, 'Sms_list', 'sms_lists', 'Sms_lists_controller', 'Sms_lists_request', 'Sms_lists_policy', 'sms_marketing', NULL, NULL, NULL, NULL, 22, 2, 1, NULL, '2025-07-21 05:01:06', '2025-07-21 05:01:06', NULL);
INSERT INTO `models` VALUES (329, 'sms_list_numbers', NULL, 'Sms_list_number', 'sms_list_numbers', 'Sms_list_numbers_controller', 'Sms_list_numbers_request', 'Sms_list_numbers_policy', 'sms_marketing', NULL, NULL, NULL, NULL, 22, 2, 1, NULL, '2025-07-21 05:01:06', '2025-07-21 05:01:06', NULL);
INSERT INTO `models` VALUES (330, 'send_sms_to_list', NULL, 'send_sms_to_list', 'send_sms_to_list', '', '', 'send_sms_to_list', 'sms_marketing', NULL, NULL, NULL, NULL, 22, 3, 1, NULL, '2025-07-21 05:01:06', '2025-07-21 05:01:06', NULL);
INSERT INTO `models` VALUES (331, 'sms_marketing_settings', NULL, 'Sms_marketing_setting', 'sms_marketing_settings', 'Sms_marketing_settings_controller', 'Sms_marketing_settings_request', 'Sms_marketing_settings_policy', 'sms_marketing', NULL, NULL, NULL, NULL, 22, 2, 1, NULL, '2025-07-21 05:01:06', '2025-07-21 05:01:06', NULL);
INSERT INTO `models` VALUES (332, 'clinic_rooms', NULL, 'Clinic_room', 'clinic_rooms', 'Clinic_rooms_controller', 'Clinic_rooms_request', 'Clinic_rooms_policy', 'medical_clinics', NULL, NULL, NULL, NULL, 29, 2, 1, NULL, '2025-07-21 05:01:06', '2025-07-21 05:01:06', NULL);
INSERT INTO `models` VALUES (333, 'insurance_companies', NULL, 'Insurance_company', 'insurance_companies', 'Insurance_companies_controller', 'Insurance_companies_request', 'Insurance_companies_policy', 'medical_clinics', NULL, NULL, NULL, NULL, 29, 2, 1, NULL, '2025-07-21 05:01:06', '2025-07-21 05:01:06', NULL);
INSERT INTO `models` VALUES (334, 'user_clinic_rooms', NULL, 'User_clinic_room', 'user_clinic_rooms', 'User_clinic_rooms_controller', 'User_clinic_rooms_request', 'User_clinic_rooms_policy', 'medical_clinics', NULL, NULL, NULL, NULL, 29, 2, 1, NULL, '2025-07-21 05:01:06', '2025-07-21 05:01:06', NULL);
INSERT INTO `models` VALUES (335, 'clinic_room_appointments', NULL, 'Clinic_room_appointment', 'clinic_room_appointments', 'Clinic_room_appointments_controller', 'Clinic_room_appointments_request', 'Clinic_room_appointments_policy', 'medical_clinics', NULL, NULL, NULL, NULL, 29, 2, 1, NULL, '2025-07-21 05:01:06', '2025-07-21 05:01:06', NULL);
INSERT INTO `models` VALUES (336, 'insurance_company_percentages', NULL, 'Insurance_company_percentage', 'insurance_company_percentages', 'Insurance_company_percentages_controller', 'Insurance_company_percentages_request', 'Insurance_company_percentages_policy', 'medical_clinics', NULL, NULL, NULL, NULL, 29, 2, 1, NULL, '2025-07-21 05:01:06', '2025-07-21 05:01:06', NULL);
INSERT INTO `models` VALUES (337, 'clinic_settings', NULL, 'Clinic_setting', 'clinic_settings', 'Clinic_settings_controller', 'Clinic_settings_request', 'Clinic_settings_policy', 'medical_clinics', NULL, NULL, NULL, NULL, 29, 2, 1, NULL, '2025-07-21 05:01:06', '2025-07-21 05:01:06', NULL);
INSERT INTO `models` VALUES (338, 'online_supplier_percentages', NULL, 'Online_supplier_percentage', 'online_supplier_percentages', 'Online_supplier_percentages_controller', 'Online_supplier_percentages_request', 'Online_supplier_percentages_policy', 'pos', NULL, NULL, NULL, NULL, 4, 2, 1, NULL, '2025-07-21 05:01:06', '2025-07-21 05:01:06', NULL);
INSERT INTO `models` VALUES (339, 'online_supplier_percentages_report', NULL, 'poss_reports/online_supplier_percentages_report', 'online_supplier_percentages_report', '', '', 'online_supplier_percentages_report', 'pos', NULL, NULL, NULL, NULL, 4, 3, 1, NULL, '2025-07-21 05:01:06', '2025-07-21 05:01:06', NULL);
INSERT INTO `models` VALUES (340, 'prescription_types', NULL, 'Prescription_type', 'prescription_types', 'Prescription_types_controller', 'Prescription_types_request', 'Prescription_types_policy', 'medical_clinics', NULL, NULL, NULL, NULL, 29, 2, 1, NULL, '2025-07-21 05:01:06', '2025-07-21 05:01:06', NULL);
INSERT INTO `models` VALUES (341, 'prescriptions', NULL, 'Prescription', 'prescriptions', 'Prescriptions_controller', 'Prescriptions_request', 'Prescriptions_policy', 'medical_clinics', NULL, NULL, NULL, NULL, 29, 2, 1, NULL, '2025-07-21 05:01:06', '2025-07-21 05:01:06', NULL);
INSERT INTO `models` VALUES (342, 'medicines', NULL, 'Medicine', 'medicines', 'Medicines_controller', 'Medicines_request', 'Medicines_policy', 'medical_clinics', NULL, NULL, NULL, NULL, 29, 2, 1, NULL, '2025-07-21 05:01:06', '2025-07-21 05:01:06', NULL);
INSERT INTO `models` VALUES (343, 'clinic_room_appointments_report', NULL, 'medical_clinics/clinic_room_appointments_report', 'clinic_room_appointments_report', '', '', 'clinic_room_appointments_report', 'medical_clinics', NULL, NULL, NULL, NULL, 29, 3, 1, NULL, '2025-07-21 05:01:06', '2025-07-21 05:01:06', NULL);
INSERT INTO `models` VALUES (344, 'insurance_companies_report', NULL, 'medical_clinics/insurance_companies_report', 'insurance_companies_report', '', '', 'insurance_companies_report', 'medical_clinics', NULL, NULL, NULL, NULL, 29, 3, 1, NULL, '2025-07-21 05:01:06', '2025-07-21 05:01:06', NULL);
INSERT INTO `models` VALUES (345, 'prescriptions_report', NULL, 'medical_clinics/prescriptions_report', 'prescriptions_report', '', '', 'prescriptions_report', 'medical_clinics', NULL, NULL, NULL, NULL, 29, 3, 1, NULL, '2025-07-21 05:01:06', '2025-07-21 05:01:06', NULL);
INSERT INTO `models` VALUES (346, 'accounting_settings', NULL, 'Accounting_setting', 'accounting_settings', 'Accounting_settings_controller', 'Accounting_settings_request', 'Accounting_settings_policy', 'accounting', NULL, NULL, NULL, NULL, 6, 2, 1, NULL, '2025-07-21 05:01:06', '2025-07-21 05:01:06', NULL);
INSERT INTO `models` VALUES (347, 'foreign_order_main_accounts', NULL, 'Foreign_order_main_account', 'foreign_order_main_accounts', 'Foreign_order_main_accounts_controller', 'Foreign_order_main_accounts_request', 'Foreign_order_main_accounts_policy', 'purchases', NULL, NULL, NULL, NULL, 11, 2, 1, NULL, '2025-07-21 05:01:06', '2025-07-21 05:01:06', NULL);
INSERT INTO `models` VALUES (348, 'foreign_order_accounts', NULL, 'Foreign_order_account', 'foreign_order_accounts', 'Foreign_order_accounts_controller', 'Foreign_order_accounts_request', 'Foreign_order_accounts_policy', 'purchases', NULL, NULL, NULL, NULL, 11, 2, 1, NULL, '2025-07-21 05:01:06', '2025-07-21 05:01:06', NULL);
INSERT INTO `models` VALUES (349, 'price_offer_types', NULL, 'Price_offer_type', 'price_offer_types', 'Price_offer_types_controller', 'Price_offer_types_request', 'Price_offer_types_policy', 'sales', NULL, NULL, NULL, NULL, 3, 2, 1, NULL, '2025-07-21 05:01:06', '2025-07-21 05:01:06', NULL);
INSERT INTO `models` VALUES (350, 'price_offers', NULL, 'Price_offer', 'price_offers', 'Price_offers_controller', 'Price_offers_request', 'Price_offers_policy', 'sales', NULL, NULL, NULL, NULL, 3, 2, 1, NULL, '2025-07-21 05:01:06', '2025-07-21 05:01:06', NULL);
INSERT INTO `models` VALUES (351, 'price_offers_in_all_branches', NULL, NULL, 'price_offers_in_all_branches', '', NULL, 'price_offers_in_all_branches', 'sales', NULL, NULL, NULL, NULL, 3, 1, 1, NULL, '2025-07-21 05:01:06', '2025-07-21 05:01:06', NULL);
INSERT INTO `models` VALUES (352, 'work_order_step_templates', NULL, 'Work_order_step_template', 'work_order_step_templates', 'Work_order_step_templates_controller', 'Work_order_step_templates_request', 'Work_order_step_templates_policy', 'working_contracts', NULL, NULL, NULL, NULL, 28, 2, 1, NULL, '2025-07-21 05:01:06', '2025-07-21 05:01:06', NULL);
INSERT INTO `models` VALUES (353, 'work_order_step_users', NULL, 'Work_order_step_user', 'work_order_step_users', 'Work_order_step_users_controller', 'Work_order_step_users_request', 'Work_order_step_users_policy', 'working_contracts', NULL, NULL, NULL, NULL, 28, 2, 1, NULL, '2025-07-21 05:01:06', '2025-07-21 05:01:06', NULL);
INSERT INTO `models` VALUES (354, 'accounts_in_all_branches', NULL, '', 'accounts_in_all_branches', '', '', 'accounts_in_all_branches', 'accounting', NULL, NULL, NULL, NULL, 6, 1, 1, NULL, '2025-07-21 05:01:06', '2025-07-21 05:01:06', NULL);
INSERT INTO `models` VALUES (355, 'journals_in_all_branches', NULL, '', 'journals_in_all_branches', '', '', 'journals_in_all_branches', 'accounting', NULL, NULL, NULL, NULL, 6, 1, 1, NULL, '2025-07-21 05:01:06', '2025-07-21 05:01:06', NULL);
INSERT INTO `models` VALUES (356, 'multiple_branches', NULL, '', 'multiple_branches', '', '', 'multiple_branches', 'accounting', NULL, NULL, NULL, NULL, 6, 1, 1, NULL, '2025-07-21 05:01:06', '2025-07-21 05:01:06', NULL);
INSERT INTO `models` VALUES (357, 'asset_maintenance_types', NULL, 'Asset_maintenance_type', 'asset_maintenance_types', 'Asset_maintenance_types_controller', 'Asset_maintenance_types_request', 'Asset_maintenance_types_policy', 'maintenances', NULL, NULL, NULL, NULL, 16, 2, 1, NULL, '2025-07-21 05:01:06', '2025-07-21 05:01:06', NULL);
INSERT INTO `models` VALUES (358, 'asset_maintenance_groups', NULL, 'Asset_maintenance_group', 'asset_maintenance_groups', 'Asset_maintenance_groups_controller', 'Asset_maintenance_groups_request', 'Asset_maintenance_groups_policy', 'maintenances', NULL, NULL, NULL, NULL, 16, 2, 1, NULL, '2025-07-21 05:01:06', '2025-07-21 05:01:06', NULL);
INSERT INTO `models` VALUES (359, 'asset_maintenance_request_groups', NULL, 'Asset_maintenance_request_group', 'asset_maintenance_request_groups', 'Asset_maintenance_request_groups_controller', 'Asset_maintenance_request_groups_request', 'Asset_maintenance_request_groups_policy', 'maintenances', NULL, NULL, NULL, NULL, 16, 2, 1, NULL, '2025-07-21 05:01:06', '2025-07-21 05:01:06', NULL);
INSERT INTO `models` VALUES (360, 'asset_maintenances', NULL, 'Asset_maintenance', 'asset_maintenances', 'Asset_maintenances_controller', 'Asset_maintenances_request', 'Asset_maintenances_policy', 'maintenances', NULL, NULL, NULL, NULL, 16, 2, 1, NULL, '2025-07-21 05:01:06', '2025-07-21 05:01:06', NULL);
INSERT INTO `models` VALUES (361, 'asset_maintenance_requests', NULL, 'Asset_maintenance_request', 'asset_maintenance_requests', 'Asset_maintenance_requests_controller', 'Asset_maintenance_requests_request', 'Asset_maintenance_requests_policy', 'maintenances', NULL, NULL, NULL, NULL, 16, 2, 1, NULL, '2025-07-21 05:01:06', '2025-07-21 05:01:06', NULL);
INSERT INTO `models` VALUES (362, 'component_templates', NULL, 'Component_template', 'component_templates', 'Component_templates_controller', 'Component_templates_request', 'Component_templates_policy', 'working_contracts', NULL, NULL, NULL, NULL, 28, 2, 1, NULL, '2025-07-21 05:01:06', '2025-07-21 05:01:06', NULL);
INSERT INTO `models` VALUES (363, 'garages', NULL, NULL, 'garages', 'ApplicationsController@garages', NULL, 'ApplicationsPolicy@garages', 'garages', NULL, NULL, NULL, NULL, 30, 1, 1, NULL, '2025-07-21 05:01:06', '2025-07-21 05:01:06', NULL);
INSERT INTO `models` VALUES (364, 'car_receipt_groups', NULL, 'Car_receipt_group', 'car_receipt_groups', 'Car_receipt_groups_controller', 'Car_receipt_groups_request', 'Car_receipt_groups_policy', 'garages', NULL, NULL, NULL, NULL, 30, 2, 1, NULL, '2025-07-21 05:01:06', '2025-07-21 05:01:06', NULL);
INSERT INTO `models` VALUES (365, 'car_receipts', NULL, 'Car_receipt', 'car_receipts', 'Car_receipts_controller', 'Car_receipts_request', 'Car_receipts_policy', 'garages', NULL, NULL, NULL, NULL, 30, 2, 1, NULL, '2025-07-21 05:01:06', '2025-07-21 05:01:06', NULL);
INSERT INTO `models` VALUES (366, 'car_models', NULL, 'Car_model', 'car_models', 'Car_models_controller', 'Car_models_request', 'Car_models_policy', 'garages', NULL, NULL, NULL, NULL, 30, 2, 1, NULL, '2025-07-21 05:01:06', '2025-07-21 05:01:06', NULL);
INSERT INTO `models` VALUES (367, 'car_status', NULL, 'Car_state', 'car_status', 'Car_status_controller', 'Car_status_request', 'Car_status_policy', 'garages', NULL, NULL, NULL, NULL, 30, 2, 1, NULL, '2025-07-21 05:01:06', '2025-07-21 05:01:06', NULL);
INSERT INTO `models` VALUES (368, 'car_groups', NULL, 'Car_group', 'car_groups', 'Car_groups_controller', 'Car_groups_request', 'Car_groups_policy', 'garages', NULL, NULL, NULL, NULL, 30, 2, 1, NULL, '2025-07-21 05:01:06', '2025-07-21 05:01:06', NULL);
INSERT INTO `models` VALUES (369, 'cars', NULL, 'Car', 'cars', 'Cars_contorller', 'Cars_request', 'Cars_policy', 'garages', NULL, NULL, NULL, NULL, 30, 2, 1, NULL, '2025-07-21 05:01:06', '2025-07-21 05:01:06', NULL);
INSERT INTO `models` VALUES (370, 'car_maintenances', NULL, 'Car_maintenance', 'car_maintenances', 'Car_maintenances_controller', 'Car_maintenances_request', 'Car_maintenances_policy', 'garages', NULL, NULL, NULL, NULL, 30, 2, 1, NULL, '2025-07-21 05:01:06', '2025-07-21 05:01:06', NULL);
INSERT INTO `models` VALUES (371, 'cars_report', NULL, 'garages_reports/cars_report', 'cars_report', '', '', 'cars_report', 'garages', NULL, NULL, NULL, NULL, 30, 3, 1, NULL, '2025-07-21 05:01:06', '2025-07-21 05:01:06', NULL);
INSERT INTO `models` VALUES (372, 'car_receipts_report', NULL, 'garages_reports/car_receipts_report', 'car_receipts_report', '', '', 'car_receipts_report', 'garages', NULL, NULL, NULL, NULL, 30, 3, 1, NULL, '2025-07-21 05:01:06', '2025-07-21 05:01:06', NULL);
INSERT INTO `models` VALUES (373, 'car_maintenances_report', NULL, 'garages_reports/car_maintenances_report', 'car_maintenances_report', '', '', 'car_maintenances_report', 'garages', NULL, NULL, NULL, NULL, 30, 3, 1, NULL, '2025-07-21 05:01:06', '2025-07-21 05:01:06', NULL);
INSERT INTO `models` VALUES (374, 'journal_entry_tokens', NULL, 'Journal_entry_token', 'journal_entry_tokens', 'Journal_entry_tokens_controller', 'Journal_entry_tokens_request', 'Journal_entry_tokens_policy', 'accounting', NULL, NULL, NULL, NULL, 6, 2, 1, NULL, '2025-07-21 05:01:06', '2025-07-21 05:01:06', NULL);
INSERT INTO `models` VALUES (375, 'add_account_to_note_voucher', NULL, NULL, 'add_account_to_note_voucher', '', NULL, 'add_account_to_note_voucher', 'inventory', NULL, NULL, NULL, NULL, 9, 1, 1, NULL, '2025-07-21 05:01:06', '2025-07-21 05:01:06', NULL);
INSERT INTO `models` VALUES (376, 'add_employee_to_note_voucher', NULL, NULL, 'add_employee_to_note_voucher', '', NULL, 'add_employee_to_note_voucher', 'inventory', NULL, NULL, NULL, NULL, 9, 1, 1, NULL, '2025-07-21 05:01:06', '2025-07-21 05:01:06', NULL);
INSERT INTO `models` VALUES (377, 'product_specification_templates', NULL, 'Product_specification_template', 'product_specification_templates', 'Product_specification_templates_controller', 'Product_specification_templates_request', 'Product_specification_templates_policy', 'working_contracts', NULL, NULL, NULL, NULL, 28, 2, 1, NULL, '2025-07-21 05:01:06', '2025-07-21 05:01:06', NULL);
INSERT INTO `models` VALUES (378, 'can_see_finance_in_garage', NULL, NULL, 'can_see_finance_in_garage', '', '', 'can_see_finance_in_garage', 'garages', NULL, NULL, NULL, NULL, 30, 1, 1, NULL, '2025-07-21 05:01:06', '2025-07-21 05:01:06', NULL);
INSERT INTO `models` VALUES (379, 'reserve_material_order_with_note_voucher', NULL, NULL, 'reserve_material_order_with_note_voucher', '', NULL, 'reserve_material_order_with_note_voucher', 'working_contracts', NULL, NULL, NULL, NULL, 9, 1, 1, NULL, '2025-07-21 05:01:06', '2025-07-21 05:01:06', NULL);
INSERT INTO `models` VALUES (380, 'product_categories_sales_report', NULL, 'accounting_reports/product_categories_sales_report', 'product_categories_sales_report', '', '', 'product_categories_sales_report', 'accounting', NULL, NULL, NULL, NULL, 6, 3, 1, NULL, '2025-07-21 05:01:06', '2025-07-21 05:01:06', NULL);
INSERT INTO `models` VALUES (381, 'journal_increments', NULL, 'Journal_increment', 'journal_increments', '', '', '', 'accounting', NULL, NULL, NULL, NULL, 7, 2, 1, NULL, '2025-07-21 05:01:06', '2025-07-21 05:01:06', NULL);
INSERT INTO `models` VALUES (382, 'foreign_order_accounts_report', NULL, 'purchase_reports/foreign_order_accounts_report', 'foreign_order_accounts_report', '', '', 'foreign_order_accounts_report', 'purchases', NULL, NULL, NULL, NULL, 11, 3, 1, NULL, '2025-07-21 05:01:06', '2025-07-21 05:01:06', NULL);
INSERT INTO `models` VALUES (383, 'advanced_product_report', NULL, 'purchase_reports/advanced_product_report', 'advanced_product_report', '', '', 'advanced_product_report', 'purchases', NULL, NULL, NULL, NULL, 11, 3, 1, NULL, '2025-07-21 05:01:06', '2025-07-21 05:01:06', NULL);
INSERT INTO `models` VALUES (384, 'expire_date_report', NULL, 'inventory_reports/expire_date_report', 'expire_date_report', '', '', 'expire_date_report', 'inventory', NULL, NULL, NULL, NULL, 9, 3, 1, NULL, '2025-07-21 05:01:06', '2025-07-21 05:01:06', NULL);
INSERT INTO `models` VALUES (385, 'user_account_statment_permissions', NULL, 'User_account_statment_permission', 'user_account_statment_permissions', '', '', '', 'accounting', NULL, NULL, NULL, NULL, 7, 2, 1, NULL, '2025-07-21 05:01:06', '2025-07-21 05:01:06', NULL);
INSERT INTO `models` VALUES (386, 'pos_card_points', NULL, 'Pos_card_point', 'pos_card_points', 'Pos_card_points_controller', 'Pos_card_points_request', 'Pos_card_points_policy', 'poss', NULL, NULL, NULL, NULL, 4, 2, 1, NULL, '2025-07-21 05:01:06', '2025-07-21 05:01:06', NULL);
INSERT INTO `models` VALUES (387, 'vendors_purchase_report', NULL, 'purchase_reports/vendors_purchase_report', 'vendors_purchase_report', '', '', 'vendors_purchase_report', 'purchases', NULL, NULL, NULL, NULL, 11, 3, 1, NULL, '2025-07-21 05:01:06', '2025-07-21 05:01:06', NULL);
INSERT INTO `models` VALUES (388, 'reserve_templates', NULL, 'Reserve_template', 'reserve_templates', 'Reserve_templates_controller', 'Reserve_templates_request', 'Reserve_templates_policy', 'inventory', NULL, NULL, NULL, NULL, 9, 2, 1, NULL, '2025-07-21 05:01:06', '2025-07-21 05:01:06', NULL);
INSERT INTO `models` VALUES (389, 'car_maintenances_with_totals_report', NULL, 'garages_reports/car_maintenances_with_totals_report', 'car_maintenances_with_totals_report', '', '', 'car_maintenances_with_totals_report', 'garages', NULL, NULL, NULL, NULL, 30, 3, 1, NULL, '2025-07-21 05:01:06', '2025-07-21 05:01:06', NULL);
INSERT INTO `models` VALUES (390, 'purchase_stocktaking_report', NULL, 'purchase_reports/purchase_stocktaking_report', 'purchase_stocktaking_report', '', '', 'purchase_stocktaking_report', 'purchases', NULL, NULL, NULL, NULL, 11, 3, 1, NULL, '2025-07-21 05:01:06', '2025-07-21 05:01:06', NULL);
INSERT INTO `models` VALUES (391, 'show_product_cost', NULL, NULL, 'show_product_cost', '', NULL, 'show_product_cost', 'inventory', NULL, NULL, NULL, NULL, 9, 1, 1, NULL, '2025-07-21 05:01:06', '2025-07-21 05:01:06', NULL);
INSERT INTO `models` VALUES (392, 'product_categories_profits_report_last', NULL, 'accounting_reports/product_categories_profits_report_last', 'product_categories_profits_report_last', '', '', 'product_categories_profits_report_last', 'accounting', NULL, NULL, NULL, NULL, 6, 3, 1, NULL, '2025-07-21 05:01:06', '2025-07-21 05:01:06', NULL);
INSERT INTO `models` VALUES (393, 'employee_visa_status', NULL, 'Employee_visa_state', 'employee_visa_status', 'Employee_visa_status_controller', 'Employee_visa_status_request', 'Employee_visa_status_request', 'employees', NULL, NULL, NULL, NULL, 17, 2, 1, NULL, '2025-07-21 05:01:06', '2025-07-21 05:01:06', NULL);
INSERT INTO `models` VALUES (394, 'employee_status', NULL, 'Employee_state', 'employee_status', 'Employee_status_controller', 'Employee_status_request', 'Employee_status_policy', 'employees', NULL, NULL, NULL, NULL, 17, 2, 1, NULL, '2025-07-21 05:01:06', '2025-07-21 05:01:06', NULL);
INSERT INTO `models` VALUES (395, 'permit_types', NULL, 'Permit_type', 'permit_types', 'Permit_types_controller', 'Permit_types_request', 'Permit_types_policy', 'employees', NULL, NULL, NULL, NULL, 17, 2, 1, NULL, '2025-07-21 05:01:06', '2025-07-21 05:01:06', NULL);
INSERT INTO `models` VALUES (396, 'lounge_tables', NULL, 'Lounge_table', 'lounge_tables', 'Lounge_tables_controller', 'Lounge_tables_request', 'Lounge_tables_policy', 'pos', NULL, NULL, NULL, NULL, 4, 2, 1, NULL, '2025-07-21 05:01:06', '2025-07-21 05:01:06', NULL);
INSERT INTO `models` VALUES (397, 'pos_printers', NULL, 'Pos_printer', 'pos_printers', 'Pos_printers_controller', 'Pos_printers_request', 'Pos_printers_policy', 'pos', NULL, NULL, NULL, NULL, 4, 2, 1, NULL, '2025-07-21 05:01:06', '2025-07-21 05:01:06', NULL);
INSERT INTO `models` VALUES (398, 'price_offers_report', NULL, 'sales_reports/price_offers_report', 'price_offers_report', '', '', 'price_offers_report', 'sales', NULL, NULL, NULL, NULL, 3, 3, 1, NULL, '2025-07-21 05:01:06', '2025-07-21 05:01:06', NULL);
INSERT INTO `models` VALUES (399, 'can_close_pos_invoice', NULL, NULL, 'can_close_pos_invoice', '', '', 'can_close_pos_invoice', 'poss', NULL, NULL, NULL, NULL, 4, 1, 1, NULL, '2025-07-21 05:01:06', '2025-07-21 05:01:06', NULL);
INSERT INTO `models` VALUES (400, 'shift_holidays_report', NULL, 'hrm_reports/shift_holidays_report', 'shift_holidays_report', '', '', 'shift_holidays_report', 'payrolls', NULL, NULL, NULL, NULL, 19, 3, 1, NULL, '2025-07-21 05:01:06', '2025-07-21 05:01:06', NULL);
INSERT INTO `models` VALUES (401, 'subscription', NULL, NULL, 'subscription', 'ApplicationsController@subscription', NULL, 'ApplicationsPolicy@subscription', 'subscription', NULL, NULL, NULL, NULL, 31, 1, 1, NULL, '2025-07-21 05:01:06', '2025-07-21 05:01:06', NULL);
INSERT INTO `models` VALUES (402, 'subscription_groups', NULL, 'Subscription_group', 'subscription_groups', 'Subscription_groups_controller', 'Subscription_groups_request', 'Subscription_groups_policy', 'subscription', NULL, NULL, NULL, NULL, 31, 2, 1, NULL, '2025-07-21 05:01:06', '2025-07-21 05:01:06', NULL);
INSERT INTO `models` VALUES (403, 'subscriptions', NULL, 'Subscription', 'subscriptions', 'Subscriptions_controller', 'Subscriptions_request', 'Subscriptions_policy', 'subscription', NULL, NULL, NULL, NULL, 31, 2, 1, NULL, '2025-07-21 05:01:06', '2025-07-21 05:01:06', NULL);
INSERT INTO `models` VALUES (404, 'user_subscriptions', NULL, 'User_subscription', 'user_subscriptions', 'User_subscriptions_controller', 'User_subscriptions_request', 'User_subscriptions_policy', 'subscription', NULL, NULL, NULL, NULL, 31, 2, 1, NULL, '2025-07-21 05:01:06', '2025-07-21 05:01:06', NULL);
INSERT INTO `models` VALUES (405, 'subscriptions_report', NULL, 'subscriptions_reports/subscriptions_report', 'subscriptions_report', '', '', 'subscriptions_report', 'subscription', NULL, NULL, NULL, NULL, 31, 3, 1, NULL, '2025-07-21 05:01:06', '2025-07-21 05:01:06', NULL);
INSERT INTO `models` VALUES (406, 'attendances_report', NULL, 'subscriptions_reports/attendances_report', 'attendances_report', '', '', 'attendances_report', 'subscription', NULL, NULL, NULL, NULL, 31, 3, 1, NULL, '2025-07-21 05:01:06', '2025-07-21 05:01:06', NULL);
INSERT INTO `models` VALUES (407, 'all_user_subscriptions', NULL, 'all_user_subscriptions', 'all_user_subscriptions', '', '', 'all_user_subscriptions', 'subscription', NULL, NULL, NULL, NULL, 31, 1, 1, NULL, '2025-07-21 05:01:06', '2025-07-21 05:01:06', NULL);
INSERT INTO `models` VALUES (408, 'info', NULL, NULL, 'info', NULL, NULL, 'info', 'info', NULL, NULL, NULL, NULL, 1, 1, 1, NULL, '2025-07-21 05:01:06', '2025-07-21 05:01:06', NULL);
INSERT INTO `models` VALUES (409, 'working_contract_schedules', NULL, 'Working_contract_schedule', 'working_contract_schedules', 'Working_contract_schedules_controller', 'Working_contract_schedules_request', 'Working_contract_schedules_policy', 'working_contracts', NULL, NULL, NULL, NULL, 28, 2, 1, NULL, '2025-07-21 05:01:06', '2025-07-21 05:01:06', NULL);
INSERT INTO `models` VALUES (410, 'working_contracts_schedule_report', NULL, 'working_contract_reports/working_contracts_schedule_report', 'working_contracts_schedule_report', '', '', 'working_contracts_schedule_report', 'working_contracts', NULL, NULL, NULL, NULL, 28, 3, 1, NULL, '2025-07-21 05:01:06', '2025-07-21 05:01:06', NULL);
INSERT INTO `models` VALUES (411, 'pipeline_types', NULL, 'Pipeline_type', 'pipeline_types', 'Pipeline_types_controller', 'Pipeline_types_request', 'Pipeline_types_policy', 'crm', NULL, NULL, NULL, NULL, 25, 2, 1, NULL, '2025-07-21 05:01:06', '2025-07-21 05:01:06', NULL);
INSERT INTO `models` VALUES (412, 'pipeline_lost_reasons', NULL, 'Pipeline_lost_reason', 'pipeline_lost_reasons', 'Pipeline_lost_reasons_controller', 'Pipeline_lost_reasons_request', 'Pipeline_lost_reasons_policy', 'crm', NULL, NULL, NULL, NULL, 25, 2, 1, NULL, '2025-07-21 05:01:06', '2025-07-21 05:01:06', NULL);
INSERT INTO `models` VALUES (413, 'activity_actions', NULL, 'Activity_action', 'activity_actions', 'Activity_actions_controller', 'Activity_actions_request', 'Activity_actions_policy', 'crm', NULL, NULL, NULL, NULL, 25, 2, 1, NULL, '2025-07-21 05:01:06', '2025-07-21 05:01:06', NULL);
INSERT INTO `models` VALUES (414, 'sales_teams', NULL, 'Sales_team', 'sales_teams', 'Sales_teams_controller', 'Sales_teams_request', 'Sales_teams_policy', 'crm', NULL, NULL, NULL, NULL, 25, 2, 1, NULL, '2025-07-21 05:01:06', '2025-07-21 05:01:06', NULL);
INSERT INTO `models` VALUES (415, 'sales_persons', NULL, 'Sales_person', 'sales_persons', 'Sales_persons_controller', 'Sales_persons_request', 'Sales_persons_policy', 'crm', NULL, NULL, NULL, NULL, 25, 2, 1, NULL, '2025-07-21 05:01:06', '2025-07-21 05:01:06', NULL);
INSERT INTO `models` VALUES (416, 'stages', NULL, 'Stage', 'stages', 'Stages_controller', 'Stages_request', 'Stages_policy', 'crm', NULL, NULL, NULL, NULL, 25, 2, 1, NULL, '2025-07-21 05:01:06', '2025-07-21 05:01:06', NULL);
INSERT INTO `models` VALUES (417, 'pipelines', NULL, 'Pipeline', 'pipelines', 'Pipelines_controller', 'Pipelines_request', 'Pipelines_policy', 'crm', NULL, NULL, NULL, NULL, 25, 2, 1, NULL, '2025-07-21 05:01:06', '2025-07-21 05:01:06', NULL);
INSERT INTO `models` VALUES (418, 'activity_types', NULL, 'Activity_type', 'activity_types', 'Activity_types_controller', 'Activity_types_request', 'Activity_types_policy', 'crm', NULL, NULL, NULL, NULL, 25, 2, 1, NULL, '2025-07-21 05:01:06', '2025-07-21 05:01:06', NULL);
INSERT INTO `models` VALUES (419, 'schedule_activitys', NULL, 'Schedule_activity', 'schedule_activitys', 'Schedule_activitys_controller', 'Schedule_activitys_request', 'Schedule_activitys_policy', 'crm', NULL, NULL, NULL, NULL, 25, 2, 1, NULL, '2025-07-21 05:01:06', '2025-07-21 05:01:06', NULL);
INSERT INTO `models` VALUES (420, 'sales_person_product_percentages', NULL, 'Sales_person_product_percentage', 'sales_person_product_percentages', 'Sales_person_product_percentages_controller', 'Sales_person_product_percentages_request', 'Sales_person_product_percentages_policy', 'crm', NULL, NULL, NULL, NULL, 25, 2, 1, NULL, '2025-07-21 05:01:06', '2025-07-21 05:01:06', NULL);
INSERT INTO `models` VALUES (421, 'sales_person_report', NULL, 'accounting_reports/sales_person_report', 'sales_person_report', 'Reports\\AccountingReportsController@sales_person_report', 'Reports\\Accounting\\sales_person_report', 'sales_person_report', 'accounting', NULL, NULL, NULL, NULL, 6, 3, 1, NULL, '2025-07-21 05:01:06', '2025-07-21 05:01:06', NULL);
INSERT INTO `models` VALUES (422, 'ultramsgs', NULL, 'Ultramsg', 'ultramsgs', 'ultramsgs_controller', 'ultramsgs_request', 'ultramsgs_policy', 'settings', NULL, NULL, NULL, NULL, 1, 2, 1, NULL, '2025-07-21 05:01:06', '2025-07-21 05:01:06', NULL);
INSERT INTO `models` VALUES (423, 'journal_entry_reminders', NULL, 'Journal_entry_reminder', 'journal_entry_reminders', 'Journal_entry_reminders_controller', 'Journal_entry_reminders_request', 'Journal_entry_reminders_policy', 'accounting', NULL, NULL, NULL, NULL, 6, 2, 1, NULL, '2025-07-21 05:01:06', '2025-07-21 05:01:06', NULL);
INSERT INTO `models` VALUES (424, 'journal_entry_reminders_report', NULL, 'accounting_reports/journal_entry_reminders_report', 'journal_entry_reminders_report', '', '', 'journal_entry_reminders_report', 'accounting', NULL, NULL, NULL, NULL, 6, 3, 1, NULL, '2025-07-21 05:01:06', '2025-07-21 05:01:06', NULL);
INSERT INTO `models` VALUES (425, 'online_pos_featured_products', NULL, 'Online_pos_featured_product', 'online_pos_featured_products', 'Online_pos_featured_products_controller', 'Online_pos_featured_products_request', 'Online_pos_featured_products_policy', 'online_pos_order', NULL, NULL, NULL, NULL, 26, 2, 1, NULL, '2025-07-21 05:01:06', '2025-07-21 05:01:06', NULL);
INSERT INTO `models` VALUES (426, 'online_pos_product_category_ps', NULL, 'Online_pos_product_category_p', 'online_pos_product_category_ps', 'Online_pos_product_category_ps_controller', 'Online_pos_product_category_ps_request', 'Online_pos_product_category_ps_policy', 'online_pos_order', NULL, NULL, NULL, NULL, 26, 2, 1, NULL, '2025-07-21 05:01:06', '2025-07-21 05:01:06', NULL);
INSERT INTO `models` VALUES (427, 'online_pos_product_categories', NULL, 'Online_pos_product_category', 'online_pos_product_categories', 'Online_pos_product_categories_controller', 'Online_pos_product_categories_request', 'Online_pos_product_categories_policy', 'online_pos_order', NULL, NULL, NULL, NULL, 26, 2, 1, NULL, '2025-07-21 05:01:06', '2025-07-21 05:01:06', NULL);
INSERT INTO `models` VALUES (428, 'online_store_settings', NULL, 'Online_store_setting', 'online_store_settings', 'Online_store_settings_controller', 'Online_store_settings_request', 'Online_store_settings_policy', 'online_pos_order', NULL, NULL, NULL, NULL, 26, 2, 1, NULL, '2025-07-21 05:01:06', '2025-07-21 05:01:06', NULL);
INSERT INTO `models` VALUES (429, 'online_store_invoice_status', NULL, 'Online_store_invoice_state', 'online_store_invoice_status', 'Online_store_invoice_status_controller', 'Online_store_invoice_status_request', 'Online_store_invoice_status_plicy', 'online_pos_order', NULL, NULL, NULL, NULL, 26, 2, 1, NULL, '2025-07-21 05:01:06', '2025-07-21 05:01:06', NULL);
INSERT INTO `models` VALUES (430, 'o_s_invoice_customer_status', NULL, 'O_s_invoice_customer_state', 'o_s_invoice_customer_status', 'O_s_invoice_customer_status_controller', 'O_s_invoice_customer_status_request', 'O_s_invoice_customer_status_policy', 'online_pos_order', NULL, NULL, NULL, NULL, 26, 2, 1, NULL, '2025-07-21 05:01:06', '2025-07-21 05:01:06', NULL);
INSERT INTO `models` VALUES (431, 'online_store_invoices', NULL, 'Online_store_invoice', 'online_store_invoices', 'Online_store_invoices_controller', 'Online_store_invoices_request', 'Online_store_invoices_policy', 'online_pos_order', NULL, NULL, NULL, NULL, 26, 2, 1, NULL, '2025-07-21 05:01:06', '2025-07-21 05:01:06', NULL);
INSERT INTO `models` VALUES (432, 'pipelines_report', NULL, 'crm_reports/pipelines_report', 'pipelines_report', '', '', 'pipelines_report', 'crm', NULL, NULL, NULL, NULL, 25, 3, 1, NULL, '2025-07-21 05:01:06', '2025-07-21 05:01:06', NULL);
INSERT INTO `models` VALUES (433, 'sales_team_report', NULL, 'crm_reports/sales_team_report', 'sales_team_report', '', '', 'sales_team_report', 'crm', NULL, NULL, NULL, NULL, 25, 3, 1, NULL, '2025-07-21 05:01:06', '2025-07-21 05:01:06', NULL);
INSERT INTO `models` VALUES (434, 'sales_person_report', NULL, 'crm_reports/sales_person_report', 'sales_person_report', '', '', 'sales_person_report', 'crm', NULL, NULL, NULL, NULL, 25, 3, 1, NULL, '2025-07-21 05:01:06', '2025-07-21 05:01:06', NULL);
INSERT INTO `models` VALUES (435, 'daily_stocktaking_report', NULL, 'inventory_reports/daily_stocktaking_report', 'daily_stocktaking_report', '', '', 'daily_stocktaking_report', 'inventory', NULL, NULL, NULL, NULL, 9, 3, 1, NULL, '2025-07-21 05:01:06', '2025-07-21 05:01:06', NULL);
INSERT INTO `models` VALUES (436, 'all_stages', NULL, NULL, 'all_stages', '', '', 'all_stages', 'crm', NULL, NULL, NULL, NULL, 25, 3, 1, NULL, '2025-07-21 05:01:06', '2025-07-21 05:01:06', NULL);
INSERT INTO `models` VALUES (437, 'convert_pos_online_order', NULL, NULL, 'convert_pos_online_order', '', NULL, 'convert_pos_online_order', 'pos_online_order', NULL, NULL, NULL, NULL, 26, 1, 1, NULL, '2025-07-21 05:01:06', '2025-07-21 05:01:06', NULL);
INSERT INTO `models` VALUES (438, 'convert_pos_online_order_in_all_branches', NULL, NULL, 'convert_pos_online_order_in_all_branches', '', NULL, 'convert_pos_online_order_in_all_branches', 'pos_online_order', NULL, NULL, NULL, NULL, 26, 1, 1, NULL, '2025-07-21 05:01:06', '2025-07-21 05:01:06', NULL);
INSERT INTO `models` VALUES (439, 'online_pos_menu_categories', NULL, 'Online_pos_menu_category', 'online_pos_menu_categories', 'Online_pos_menu_categories_controller', 'Online_pos_menu_categories_request', 'Online_pos_menu_categories_policy', 'pos_online_order', NULL, NULL, NULL, NULL, 26, 2, 1, NULL, '2025-07-21 05:01:06', '2025-07-21 05:01:06', NULL);
INSERT INTO `models` VALUES (440, 'online_pos_menu_category_products', NULL, 'Online_pos_menu_category_product', 'online_pos_menu_category_products', 'Online_pos_menu_category_products_controller', 'Online_pos_menu_category_products_request', 'Online_pos_menu_category_products_policy', 'pos_online_order', NULL, NULL, NULL, NULL, 26, 2, 1, NULL, '2025-07-21 05:01:06', '2025-07-21 05:01:06', NULL);
INSERT INTO `models` VALUES (441, 'social_media_crm', NULL, NULL, 'social_media_crm', 'ApplicationsController@social_media_crm', NULL, 'ApplicationsPolicy@social_media_crm', 'social_media_crm', NULL, NULL, NULL, NULL, 3, 1, 1, NULL, '2025-07-21 05:01:06', '2025-07-21 05:01:06', NULL);
INSERT INTO `models` VALUES (442, 'facebook_settings', NULL, 'Facebook_setting', 'facebook_settings', 'Facebook_settings_controller', 'Facebook_settings_request', 'Facebook_settings_policy', 'social_media_crm', NULL, NULL, NULL, NULL, 32, 2, 1, NULL, '2025-07-21 05:01:06', '2025-07-21 05:01:06', NULL);
INSERT INTO `models` VALUES (443, 'view_social_media_crm_messages', NULL, NULL, 'view_social_media_crm_messages', '', NULL, 'view_social_media_crm_messages', 'social_media_crm', NULL, NULL, NULL, NULL, 32, 1, 1, NULL, '2025-07-21 05:01:06', '2025-07-21 05:01:06', NULL);
INSERT INTO `models` VALUES (444, 'social_media_crm_messages_report', NULL, 'social_media_crm_reports/social_media_crm_messages_report', 'social_media_crm_messages_report', '', '', 'social_media_crm_messages_report', 'social_media_crm', NULL, NULL, NULL, NULL, 32, 3, 1, NULL, '2025-07-21 05:01:06', '2025-07-21 05:01:06', NULL);
INSERT INTO `models` VALUES (445, 'delivery_companies', NULL, 'Delivery_company', 'delivery_companies', 'Delivery_companies_controller', 'Delivery_companies_request', 'Delivery_companies_policy', 'social_media_crm', NULL, NULL, NULL, NULL, 32, 2, 1, NULL, '2025-07-21 05:01:06', '2025-07-21 05:01:06', NULL);
INSERT INTO `models` VALUES (446, 'searchable_categories', NULL, 'Searchable_category', 'searchable_categories', 'Searchable_categories_controller', 'Searchable_categories_request', 'Searchable_categories_policy', 'inventory', NULL, NULL, NULL, NULL, 9, 2, 1, NULL, '2025-07-21 05:01:06', '2025-07-21 05:01:06', NULL);
INSERT INTO `models` VALUES (447, 'facebook_message_templates', NULL, 'Facebook_message_template', 'facebook_message_templates', 'Facebook_message_templates_controller', 'Facebook_message_templates_request', 'Facebook_message_templates_policy', 'social_media_crm', NULL, NULL, NULL, NULL, 32, 2, 1, NULL, '2025-07-21 05:01:06', '2025-07-21 05:01:06', NULL);
INSERT INTO `models` VALUES (448, 'facebook_customer_groups', NULL, 'Facebook_customer_group', 'facebook_customer_groups', 'Facebook_customer_groups_controller', 'Facebook_customer_groups_request', 'Facebook_customer_groups_policy', 'social_media_crm', NULL, NULL, NULL, NULL, 32, 2, 1, NULL, '2025-07-21 05:01:06', '2025-07-21 05:01:06', NULL);
INSERT INTO `models` VALUES (449, 'facebook_customers_report', NULL, 'social_media_crm_reports/facebook_customers_report', 'facebook_customers_report', '', '', 'facebook_customers_report', 'social_media_crm', NULL, NULL, NULL, NULL, 32, 3, 1, NULL, '2025-07-21 05:01:06', '2025-07-21 05:01:06', NULL);
INSERT INTO `models` VALUES (450, 'user_banks', NULL, 'User_bank', 'user_banks', 'User_banks_controller', 'User_banks_request', 'User_banks_policy', 'accounting', NULL, NULL, NULL, NULL, 6, 2, 1, NULL, '2025-07-21 05:01:06', '2025-07-21 05:01:06', NULL);
INSERT INTO `models` VALUES (451, 'user_bank_transfer_requests', NULL, 'User_bank_transfer_request', 'user_bank_transfer_requests', 'User_bank_transfer_requests_controller', 'User_bank_transfer_requests_request', 'User_bank_transfer_requests_policy', 'accounting', NULL, NULL, NULL, NULL, 6, 2, 1, NULL, '2025-07-21 05:01:06', '2025-07-21 05:01:06', NULL);
INSERT INTO `models` VALUES (452, 'reservation_groups', NULL, 'Reservation_group', 'reservation_groups', 'Reservation_groups_controller', 'Reservation_groups_request', 'Reservation_groups_policy', 'subscription', NULL, NULL, NULL, NULL, 31, 2, 1, NULL, '2025-07-21 05:01:06', '2025-07-21 05:01:06', NULL);
INSERT INTO `models` VALUES (453, 'reservations', NULL, 'Reservation', 'reservations', 'Reservations_controller', 'Reservations_request', 'Reservations_policy', 'subscription', NULL, NULL, NULL, NULL, 31, 2, 1, NULL, '2025-07-21 05:01:06', '2025-07-21 05:01:06', NULL);
INSERT INTO `models` VALUES (454, 'reservations_report', NULL, 'subscriptions_reports/reservations_report', 'reservations_report', '', '', 'reservations_report', 'subscription', NULL, NULL, NULL, NULL, 31, 3, 1, NULL, '2025-07-21 05:01:06', '2025-07-21 05:01:06', NULL);
INSERT INTO `models` VALUES (455, 'show_all_reservations', NULL, NULL, 'show_all_reservations', '', NULL, '', 'subscription', NULL, NULL, NULL, NULL, 31, 1, 1, NULL, '2025-07-21 05:01:06', '2025-07-21 05:01:06', NULL);
INSERT INTO `models` VALUES (456, 'user_pos_printers', NULL, 'User_pos_printer', 'user_pos_printers', 'User_pos_printers_controller', 'User_pos_printers_request', 'User_pos_printers_policy', 'pos', NULL, NULL, NULL, NULL, 4, 2, 1, NULL, '2025-07-21 05:01:06', '2025-07-21 05:01:06', NULL);
INSERT INTO `models` VALUES (457, 'screen_to_prepare_only_user', NULL, '', 'screen_to_prepare_only_user', '', '', 'screen_to_prepare_only_user', 'poss', NULL, NULL, NULL, NULL, 4, 1, 1, NULL, '2025-07-21 05:01:06', '2025-07-21 05:01:06', NULL);
INSERT INTO `models` VALUES (458, 'screen_to_prepare_all', NULL, '', 'screen_to_prepare_all', '', '', 'screen_to_prepare_all', 'poss', NULL, NULL, NULL, NULL, 4, 1, 1, NULL, '2025-07-21 05:01:06', '2025-07-21 05:01:06', NULL);
INSERT INTO `models` VALUES (459, 'clinic_sessions', NULL, 'Clinic_session', 'clinic_sessions', 'Clinic_sessions_controller', 'Clinic_sessions_request', 'Clinic_sessions_policy', 'medical_clinics', NULL, NULL, NULL, NULL, 29, 2, 1, NULL, '2025-07-21 05:01:06', '2025-07-21 05:01:06', NULL);
INSERT INTO `models` VALUES (460, 'second_cost_centers', NULL, 'Second_cost_center', 'second_cost_centers', 'Second_cost_centers_controller', 'Second_cost_centers_request', 'Second_cost_centers_policy', 'accounting', NULL, NULL, NULL, NULL, 6, 2, 1, NULL, '2025-07-21 05:01:06', '2025-07-21 05:01:06', NULL);
INSERT INTO `models` VALUES (461, 'purchase_settings', NULL, 'Purchase_setting', 'purchase_settings', 'Purchase_settings_controller', 'Purchase_settings_request', 'Purchase_settings_policy', 'purchases', NULL, NULL, NULL, NULL, 11, 2, 1, NULL, '2025-07-21 05:01:06', '2025-07-21 05:01:06', NULL);
INSERT INTO `models` VALUES (462, 'hrm_settings', NULL, 'Hrm_setting', 'hrm_settings', 'Hrm_settings_controller', 'Hrm_settings_request', 'Hrm_settings_policy', 'employees', NULL, NULL, NULL, NULL, 17, 2, 1, NULL, '2025-07-21 05:01:06', '2025-07-21 05:01:06', NULL);
INSERT INTO `models` VALUES (463, 'second_cost_center_report', NULL, 'accounting_reports/second_cost_center_report', 'second_cost_center_report', 'Reports\\Accounting_reportsController@second_cost_center_report', 'Reports\\reports\\second_cost_center_report', 'second_cost_center_report', 'accounting', NULL, NULL, NULL, NULL, 6, 3, 1, NULL, '2025-07-21 05:01:06', '2025-07-21 05:01:06', NULL);
INSERT INTO `models` VALUES (464, 'journal_entry_installments', NULL, 'Journal_entry_installment', 'journal_entry_installments', 'Journal_entry_installments_controller', 'Journal_entry_installments_request', 'Journal_entry_installments_policy', 'accounting', NULL, NULL, NULL, NULL, 6, 2, 1, NULL, '2025-07-21 05:01:06', '2025-07-21 05:01:06', NULL);
INSERT INTO `models` VALUES (465, 'journal_entry_installments_report', NULL, 'accounting_reports/journal_entry_installments_report', 'journal_entry_installments_report', 'Reports\\AccountingReportsController@journal_entry_installments_report', 'Reports\\Accounting\\journal_entry_installments_report', 'journal_entry_installments_report', 'accounting', NULL, NULL, NULL, NULL, 6, 3, 1, NULL, '2025-07-21 05:01:06', '2025-07-21 05:01:06', NULL);
INSERT INTO `models` VALUES (466, 'request_for_quotations_compare', NULL, 'purchase_reports/request_for_quotations_compare', 'request_for_quotations_compare', '', '', 'request_for_quotations_compare', 'purchases', NULL, NULL, NULL, NULL, 11, 3, 1, NULL, '2025-07-21 05:01:06', '2025-07-21 05:01:06', NULL);
INSERT INTO `models` VALUES (467, 'working_contract_settings', NULL, 'Working_contract_setting', 'working_contract_settings', 'Working_contract_settings_controller', 'Working_contract_settings_request', 'Working_contract_settings_ploicy', 'working_contracts', NULL, NULL, NULL, NULL, 28, 2, 1, NULL, '2025-07-21 05:01:06', '2025-07-21 05:01:06', NULL);
INSERT INTO `models` VALUES (468, 'can_change_price_in_invoices', NULL, NULL, 'can_change_price_in_invoices', '', '', 'can_change_price_in_invoices', 'accounting', NULL, NULL, NULL, NULL, 6, 1, 1, NULL, '2025-07-21 05:01:06', '2025-07-21 05:01:06', NULL);
INSERT INTO `models` VALUES (469, 'press', NULL, NULL, 'press', 'ApplicationsController@press', NULL, 'ApplicationsPolicy@press', 'press', NULL, NULL, NULL, NULL, 33, 1, 1, NULL, '2025-07-21 05:01:06', '2025-07-21 05:01:06', NULL);
INSERT INTO `models` VALUES (470, 'press_templates', NULL, 'Press_template', 'press_templates', 'Press_templates_controller', 'Press_templates_request', 'Press_templates_policy', 'press', NULL, NULL, NULL, NULL, 33, 2, 1, NULL, '2025-07-21 05:01:06', '2025-07-21 05:01:06', NULL);
INSERT INTO `models` VALUES (471, 'printing_names', NULL, 'Printing_name', 'printing_names', 'Printing_names_controller', 'Printing_names_request', 'Printing_names_policy', 'press', NULL, NULL, NULL, NULL, 33, 2, 1, NULL, '2025-07-21 05:01:06', '2025-07-21 05:01:06', NULL);
INSERT INTO `models` VALUES (472, 'printing_papers', NULL, 'Printing_paper', 'printing_papers', 'Printing_papers_controller', 'Printing_papers_request', 'Printing_papers_policy', 'press', NULL, NULL, NULL, NULL, 33, 2, 1, NULL, '2025-07-21 05:01:06', '2025-07-21 05:01:06', NULL);
INSERT INTO `models` VALUES (473, 'press_order_groups', NULL, 'Press_order_group', 'press_order_groups', 'Press_order_groups_controller', 'Press_order_groups_request', 'Press_order_groups_policy', 'press', NULL, NULL, NULL, NULL, 33, 2, 1, NULL, '2025-07-21 05:01:06', '2025-07-21 05:01:06', NULL);
INSERT INTO `models` VALUES (474, 'press_orders', NULL, 'Press_order', 'press_orders', 'Press_orders_controller', 'Press_orders_request', 'Press_orders_policy', 'press', NULL, NULL, NULL, NULL, 33, 2, 1, NULL, '2025-07-21 05:01:06', '2025-07-21 05:01:06', NULL);
INSERT INTO `models` VALUES (475, 'press_order_quantites', NULL, 'Press_order_quantite', 'press_order_quantites', 'Press_order_quantites_controller', 'Press_order_quantites_request', 'Press_order_quantites_policy', 'press', NULL, NULL, NULL, NULL, 33, 2, 1, NULL, '2025-07-21 05:01:06', '2025-07-21 05:01:06', NULL);
INSERT INTO `models` VALUES (476, 'press_order_report', NULL, 'press_order_reports/press_order_report', 'press_order_report', '', '', 'press_order_report', 'press', NULL, NULL, NULL, NULL, 33, 3, 1, NULL, '2025-07-21 05:01:06', '2025-07-21 05:01:06', NULL);
INSERT INTO `models` VALUES (477, 'show_working_contract_files', NULL, NULL, 'show_working_contract_files', '', NULL, 'show_working_contract_files', 'working_contracts', NULL, NULL, NULL, NULL, 28, 1, 1, NULL, '2025-07-21 05:01:06', '2025-07-21 05:01:06', NULL);
INSERT INTO `models` VALUES (478, 'show_work_order_files', NULL, NULL, 'show_work_order_files', '', NULL, 'show_work_order_files', 'working_contracts', NULL, NULL, NULL, NULL, 28, 1, 1, NULL, '2025-07-21 05:01:06', '2025-07-21 05:01:06', NULL);
INSERT INTO `models` VALUES (479, 'product_group_offers', NULL, 'Product_group_offer', 'product_group_offers', 'Product_group_offers_controller', 'Product_group_offers_request', 'Product_group_offers_policy', 'pos', NULL, NULL, NULL, NULL, 4, 2, 1, NULL, '2025-07-21 05:01:06', '2025-07-21 05:01:06', NULL);
INSERT INTO `models` VALUES (480, 'pos_payment_methods', NULL, 'Pos_payment_method', 'pos_payment_methods', 'Pos_payment_methods_controller', 'Pos_payment_methods_request', 'Pos_payment_methods_policy', 'pos', NULL, NULL, NULL, NULL, 4, 2, 1, NULL, '2025-07-21 05:01:06', '2025-07-21 05:01:06', NULL);
INSERT INTO `models` VALUES (481, 'all_working_contracts', NULL, NULL, 'all_working_contracts', '', NULL, 'all_working_contracts', 'working_contracts', NULL, NULL, NULL, NULL, 28, 1, 1, NULL, '2025-07-21 05:01:06', '2025-07-21 05:01:06', NULL);
INSERT INTO `models` VALUES (482, 'edit_one_way_journals', NULL, '', 'edit_one_way_journals', '', '', 'edit_one_way_journals', 'accounting', NULL, NULL, NULL, NULL, 6, 1, 1, NULL, '2025-07-21 05:01:06', '2025-07-21 05:01:06', NULL);
INSERT INTO `models` VALUES (483, 'can_give_discount_on_invoice', NULL, '', 'can_give_discount_on_invoice', '', '', 'can_give_discount_on_invoice', 'accounting', NULL, NULL, NULL, NULL, 6, 1, 1, NULL, '2025-07-21 05:01:06', '2025-07-21 05:01:06', NULL);
INSERT INTO `models` VALUES (484, 'printing_names_report', NULL, 'press_order_reports/printing_names_report', 'printing_names_report', '', '', 'printing_names_report', 'press', NULL, NULL, NULL, NULL, 33, 3, 1, NULL, '2025-07-21 05:01:06', '2025-07-21 05:01:06', NULL);
INSERT INTO `models` VALUES (485, 'can_give_discount_on_invoice_above_limit', NULL, '', 'can_give_discount_on_invoice_above_limit', '', '', 'can_give_discount_on_invoice_above_limit', 'accounting', NULL, NULL, NULL, NULL, 6, 1, 1, NULL, '2025-07-21 05:01:06', '2025-07-21 05:01:06', NULL);
INSERT INTO `models` VALUES (486, 'asset_maintenance_request_report', NULL, 'maintenances_reports/asset_maintenance_request_report', 'asset_maintenance_request_report', '', '', 'asset_maintenance_request_report', 'maintenances', NULL, NULL, NULL, NULL, 16, 3, 1, NULL, '2025-07-21 05:01:06', '2025-07-21 05:01:06', NULL);
INSERT INTO `models` VALUES (487, 'employee_trial_balance', NULL, 'hrm_reports/employee_trial_balance', 'employee_trial_balance', '', '', 'employee_trial_balance', 'payrolls', NULL, NULL, NULL, NULL, 19, 3, 1, NULL, '2025-07-21 05:01:06', '2025-07-21 05:01:06', NULL);
INSERT INTO `models` VALUES (488, 'cliche_order_types', NULL, 'Cliche_order_type', 'cliche_order_types', 'Cliche_order_types_controller', 'Cliche_order_types_request', 'Cliche_order_types_policy', 'press', NULL, NULL, NULL, NULL, 33, 2, 1, NULL, '2025-07-21 05:01:06', '2025-07-21 05:01:06', NULL);
INSERT INTO `models` VALUES (489, 'shabak_types', NULL, 'Shabak_type', 'shabak_types', 'Shabak_types_controller', 'Shabak_types_requst', 'Shabak_types_policy', 'press', NULL, NULL, NULL, NULL, 33, 2, 1, NULL, '2025-07-21 05:01:06', '2025-07-21 05:01:06', NULL);
INSERT INTO `models` VALUES (490, 'plate_types', NULL, 'Plate_type', 'plate_types', 'Plate_types_controller', 'Plate_types_request', 'Plate_types_policy', 'press', NULL, NULL, NULL, NULL, 33, 2, 1, NULL, '2025-07-21 05:01:06', '2025-07-21 05:01:06', NULL);
INSERT INTO `models` VALUES (491, 'cliche_thinknesss', NULL, 'Cliche_thinkness', 'cliche_thinknesss', 'Cliche_thinknesss_controller', 'Cliche_thinknesss_request', 'Cliche_thinknesss_policy', 'press', NULL, NULL, NULL, NULL, 33, 2, 1, NULL, '2025-07-21 05:01:06', '2025-07-21 05:01:06', NULL);
INSERT INTO `models` VALUES (492, 'cliche_printing_qualitys', NULL, 'Cliche_printing_quality', 'cliche_printing_qualitys', 'Cliche_printing_qualitys_controller', 'Cliche_printing_qualitys_request', 'Cliche_printing_qualitys_policy', 'press', NULL, NULL, NULL, NULL, 33, 2, 1, NULL, '2025-07-21 05:01:06', '2025-07-21 05:01:06', NULL);
INSERT INTO `models` VALUES (493, 'cliche_orders', NULL, 'Cliche_order', 'cliche_orders', 'Cliche_orders_controller', 'Cliche_orders_request', 'Cliche_orders_policy', 'press', NULL, NULL, NULL, NULL, 33, 2, 1, NULL, '2025-07-21 05:01:06', '2025-07-21 05:01:06', NULL);
INSERT INTO `models` VALUES (494, 'cliche_orders_report', NULL, 'press_order_reports/cliche_orders_report', 'cliche_orders_report', '', '', 'cliche_orders_report', 'press', NULL, NULL, NULL, NULL, 33, 3, 1, NULL, '2025-07-21 05:01:06', '2025-07-21 05:01:06', NULL);
INSERT INTO `models` VALUES (495, 'change_cliche_order_state', NULL, NULL, 'change_cliche_order_state', '', NULL, 'change_cliche_order_state', 'press', NULL, NULL, NULL, NULL, 33, 1, 1, NULL, '2025-07-21 05:01:06', '2025-07-21 05:01:06', NULL);
INSERT INTO `models` VALUES (496, 'pos_lounges_report', NULL, 'poss_reports/pos_lounges_report', 'pos_lounges_report', '', '', 'pos_lounges_report', 'poss', NULL, NULL, NULL, NULL, 4, 3, 1, NULL, '2025-07-21 05:01:06', '2025-07-21 05:01:06', NULL);
INSERT INTO `models` VALUES (497, 'product_report_with_detales', NULL, 'inventory_reports/product_report_with_detales', 'product_report_with_detales', '', '', 'product_report_with_detales', 'inventory', NULL, NULL, NULL, NULL, 9, 3, 1, NULL, '2025-07-21 05:01:06', '2025-07-21 05:01:06', NULL);
INSERT INTO `models` VALUES (498, 'price_offer_type_users', NULL, 'Price_offer_type_user', 'price_offer_type_users', 'Price_offer_type_users_controller', 'Price_offer_type_users_request', 'Price_offer_type_users_policy', 'sales', NULL, NULL, NULL, NULL, 3, 2, 1, NULL, '2025-07-21 05:01:06', '2025-07-21 05:01:06', NULL);
INSERT INTO `models` VALUES (499, 'show_price_offer_after_changed_to_invoice', NULL, NULL, 'show_price_offer_after_changed_to_invoice', '', NULL, 'show_price_offer_after_changed_to_invoice', 'sales', NULL, NULL, NULL, NULL, 3, 1, 1, NULL, '2025-07-21 05:01:06', '2025-07-21 05:01:06', NULL);
INSERT INTO `models` VALUES (500, 'jordan_einvoice_datas', NULL, 'Jordan_einvoice_data', 'jordan_einvoice_datas', 'Jordan_einvoice_datas_controller', 'Jordan_einvoice_datas_request', 'Jordan_einvoice_datas_policy', 'settings', NULL, NULL, NULL, NULL, 1, 2, 1, NULL, '2025-07-21 05:01:06', '2025-07-21 05:01:06', NULL);
INSERT INTO `models` VALUES (501, 'my_pipeline_and_other_pipelines', NULL, NULL, 'my_pipeline_and_other_pipelines', '', NULL, 'my_pipeline_and_other_pipelines', 'sales', NULL, NULL, NULL, NULL, 25, 1, 1, NULL, '2025-07-21 05:01:06', '2025-07-21 05:01:06', NULL);
INSERT INTO `models` VALUES (502, 'employee_permit_types', NULL, 'Employee_permit_type', 'employee_permit_types', 'Employee_permit_types_controller', 'Employee_permit_types_request', 'Employee_permit_types_policy', 'payrolls', NULL, NULL, NULL, NULL, 19, 2, 1, NULL, '2025-07-21 05:01:06', '2025-07-21 05:01:06', NULL);
INSERT INTO `models` VALUES (503, 'can_sell_even_if_the_month_is_close', NULL, NULL, 'can_sell_even_if_the_month_is_close', '', NULL, 'can_sell_even_if_the_month_is_close', 'accounting', NULL, NULL, NULL, NULL, 6, 1, 1, NULL, '2025-07-21 05:01:06', '2025-07-21 05:01:06', NULL);
INSERT INTO `models` VALUES (504, 'car_auctions_application', NULL, NULL, 'car_auctions_application', 'ApplicationsController@car_auctions_application', NULL, 'ApplicationsPolicy@car_auctions_application', 'car_auctions_application', NULL, NULL, NULL, NULL, 34, 1, 1, NULL, '2025-07-21 05:01:06', '2025-07-21 05:01:06', NULL);
INSERT INTO `models` VALUES (505, 'car_auction_groups', NULL, 'Car_auction_group', 'car_auction_groups', 'Car_auction_groups_controller', 'Car_auction_groups_request', 'Car_auction_groups_policy', 'car_auctions', NULL, NULL, NULL, NULL, 34, 2, 1, NULL, '2025-07-21 05:01:06', '2025-07-21 05:01:06', NULL);
INSERT INTO `models` VALUES (506, 'car_auction_stages', NULL, 'Car_auction_stage', 'car_auction_stages', 'Car_auction_stages_controller', 'Car_auction_stages_request', 'Car_auction_stages_policy', 'car_auctions_application', NULL, NULL, NULL, NULL, 34, 2, 1, NULL, '2025-07-21 05:01:06', '2025-07-21 05:01:06', NULL);
INSERT INTO `models` VALUES (507, 'terminals', NULL, 'Terminal', 'terminals', 'Terminals_controller', 'Terminals_request', 'Terminals_policy', 'car_auctions_application', NULL, NULL, NULL, NULL, 34, 2, 1, NULL, '2025-07-21 05:01:06', '2025-07-21 05:01:06', NULL);
INSERT INTO `models` VALUES (508, 'car_auction_destinations', NULL, 'Car_auction_destination', 'car_auction_destinations', 'Car_auction_destinations_controller', 'Car_auction_destinations_request', 'Car_auction_destinations_policy', 'car_auctions_application', NULL, NULL, NULL, NULL, 34, 2, 1, NULL, '2025-07-21 05:01:06', '2025-07-21 05:01:06', NULL);
INSERT INTO `models` VALUES (509, 'car_auction_accounts', NULL, 'Car_auction_account', 'car_auction_accounts', 'Car_auction_accounts_controller', 'Car_auction_accounts_request', 'Car_auction_accounts_policy', 'car_auctions_application', NULL, NULL, NULL, NULL, 34, 2, 1, NULL, '2025-07-21 05:01:06', '2025-07-21 05:01:06', NULL);
INSERT INTO `models` VALUES (510, 'car_auctions_expenses_types', NULL, 'Car_auctions_expenses_type', 'car_auctions_expenses_types', 'Car_auctions_expenses_types_controller', 'Car_auctions_expenses_types_request', 'Car_auctions_expenses_types_policy', 'car_auctions_application', NULL, NULL, NULL, NULL, 34, 2, 1, NULL, '2025-07-21 05:01:06', '2025-07-21 05:01:06', NULL);
INSERT INTO `models` VALUES (511, 'car_auctions', NULL, 'Car_auction', 'car_auctions', 'Car_auctions_controller', 'Car_auctions_request', 'Car_auctions_policy', 'car_auctions_application', NULL, NULL, NULL, NULL, 34, 2, 1, NULL, '2025-07-21 05:01:06', '2025-07-21 05:01:06', NULL);
INSERT INTO `models` VALUES (512, 'car_auction_settings', NULL, 'Car_auction_setting', 'car_auction_settings', 'Car_auction_settings_controller', 'Car_auction_settings_request', 'Car_auction_settings_policy', 'car_auctions_application', NULL, NULL, NULL, NULL, 34, 2, 1, NULL, '2025-07-21 05:01:06', '2025-07-21 05:01:06', NULL);
INSERT INTO `models` VALUES (513, 'shipping_companies', NULL, 'Shipping_company', 'shipping_companies', 'Shipping_companies_controller', 'Shipping_companies_request', 'Shipping_companies_policy', 'car_auctions_application', NULL, NULL, NULL, NULL, 34, 2, 1, NULL, '2025-07-21 05:01:06', '2025-07-21 05:01:06', NULL);
INSERT INTO `models` VALUES (514, 'clearance_companies', NULL, 'Clearance_company', 'clearance_companies', 'clearance_companies_controller', 'clearance_companies_request', 'clearance_companies_policy', 'car_auctions_application', NULL, NULL, NULL, NULL, 34, 2, 1, NULL, '2025-07-21 05:01:06', '2025-07-21 05:01:06', NULL);
INSERT INTO `models` VALUES (515, 'car_auction_refundable_insurances', NULL, 'Car_auction_refundable_insurance', 'car_auction_refundable_insurances', 'Car_auction_refundable_insurances_controller', 'Car_auction_refundable_insurances_request', 'Car_auction_refundable_insurances_policy', 'car_auctions_application', NULL, NULL, NULL, NULL, 34, 2, 1, NULL, '2025-07-21 05:01:06', '2025-07-21 05:01:06', NULL);
INSERT INTO `models` VALUES (516, 'qc_companies', NULL, 'qc_company', 'qc_companies', 'Qc_companies_controller', 'Qc_companies_request', 'Qc_companies_policy', 'car_auctions_application', NULL, NULL, NULL, NULL, 34, 2, 1, NULL, '2025-07-21 05:01:06', '2025-07-21 05:01:06', NULL);
INSERT INTO `models` VALUES (517, 'car_auction_fines', NULL, 'Car_auction_fine', 'car_auction_fines', 'Car_auction_fines_controller', 'Car_auction_fines_request', 'Car_auction_fines_policy', 'car_auctions_application', NULL, NULL, NULL, NULL, 34, 2, 1, NULL, '2025-07-21 05:01:06', '2025-07-21 05:01:06', NULL);
INSERT INTO `models` VALUES (518, 'car_auctions_report', NULL, 'car_auctions_reports/car_auctions_report', 'car_auctions_report', '', '', 'car_auctions_report', 'car_auctions_application', NULL, NULL, NULL, NULL, 34, 3, NULL, NULL, NULL, NULL, NULL);
INSERT INTO `models` VALUES (519, 'transfer_car_auction_from_branch_to_branch', NULL, NULL, 'transfer_car_auction_from_branch_to_branch', '', NULL, 'transfer_car_auction_from_branch_to_branch', 'car_auctions_application', NULL, NULL, NULL, NULL, 34, 1, 1, NULL, '2025-07-21 05:01:06', '2025-07-21 05:01:06', NULL);
INSERT INTO `models` VALUES (520, 'shipping_and_clearing_application', NULL, NULL, 'shipping_and_clearing_application', 'ApplicationsController@shipping_and_clearing_application', NULL, 'ApplicationsPolicy@shipping_and_clearing_application', 'shipping_and_clearing_application', NULL, NULL, NULL, NULL, 35, 1, 1, NULL, '2025-07-21 05:01:06', '2025-07-21 05:01:06', NULL);
INSERT INTO `models` VALUES (521, 'all_shipping_and_clearing', NULL, NULL, 'all_shipping_and_clearing', 'ApplicationsController@all_shipping_and_clearing', NULL, 'all_shipping_and_clearing', 'shipping_and_clearing_application', NULL, NULL, NULL, NULL, 35, 1, 1, NULL, '2025-07-21 05:01:06', '2025-07-21 05:01:06', NULL);
INSERT INTO `models` VALUES (522, 'shipping_invoice_groups', NULL, 'Shipping_invoice_group', 'shipping_invoice_groups', 'Shipping_invoice_groups_controller', 'Shipping_invoice_groups_request', 'Shipping_invoice_groups_policy', 'shipping_and_clearing_application', NULL, NULL, NULL, NULL, 35, 2, 1, NULL, '2025-07-21 05:01:06', '2025-07-21 05:01:06', NULL);
INSERT INTO `models` VALUES (523, 'mbl_types', NULL, 'Mbl_type', 'mbl_types', 'Mbl_types_controller', 'Mbl_types_request', 'Mbl_types_policy', 'shipping_and_clearing_application', NULL, NULL, NULL, NULL, 35, 2, 1, NULL, '2025-07-21 05:01:06', '2025-07-21 05:01:06', NULL);
INSERT INTO `models` VALUES (524, 'shipping_banks', NULL, 'Shipping_bank', 'shipping_banks', 'Shipping_banks_controller', 'Shipping_banks_request', 'Shipping_banks_policy', 'shipping_and_clearing_application', NULL, NULL, NULL, NULL, 35, 2, 1, NULL, '2025-07-21 05:01:06', '2025-07-21 05:01:06', NULL);
INSERT INTO `models` VALUES (525, 'shipping_expenses_types', NULL, 'Shipping_expenses_type', 'shipping_expenses_types', 'Shipping_expenses_types_controller', 'Shipping_expenses_types_request', 'Shipping_expenses_types_policy', 'shipping_and_clearing_application', NULL, NULL, NULL, NULL, 35, 2, 1, NULL, '2025-07-21 05:01:06', '2025-07-21 05:01:06', NULL);
INSERT INTO `models` VALUES (526, 'shipping_income_types', NULL, 'Shipping_income_type', 'shipping_income_types', 'Shipping_income_types_controller', 'Shipping_income_types_request', 'Shipping_income_types_policy', 'shipping_and_clearing_application', NULL, NULL, NULL, NULL, 35, 2, 1, NULL, '2025-07-21 05:01:06', '2025-07-21 05:01:06', NULL);
INSERT INTO `models` VALUES (527, 'shipping_invoices', NULL, 'Shipping_invoice', 'shipping_invoices', 'Shipping_invoices_controller', 'Shipping_invoices_request', 'Shipping_invoices_policy', 'shipping_and_clearing_application', NULL, NULL, NULL, NULL, 35, 2, 1, NULL, '2025-07-21 05:01:06', '2025-07-21 05:01:06', NULL);
INSERT INTO `models` VALUES (528, 'shipping_invoices_report', NULL, 'shipping_and_clearing_reports/shipping_invoices_report', 'shipping_invoices_report', '', '', 'shipping_invoices_report', 'shipping_and_clearing_application', NULL, NULL, NULL, NULL, 35, 3, NULL, NULL, NULL, NULL, NULL);
INSERT INTO `models` VALUES (529, 'working_contract_holidays', NULL, 'Working_contract_holiday', 'working_contract_holidays', 'Working_contract_holidays_controller', 'Working_contract_holidays_request', 'Working_contract_holidays_policy', 'working_contracts', NULL, NULL, NULL, NULL, 28, 2, 1, NULL, '2025-07-21 05:01:06', '2025-07-21 05:01:06', NULL);
INSERT INTO `models` VALUES (530, 'manufacturing_order_work_order_s', NULL, 'Manufacturing_order_work_order_', 'manufacturing_order_work_order_s', 'Manufacturing_order_work_order_s_controller', 'Manufacturing_order_work_order_s_request', 'Manufacturing_order_work_order_s_policy', 'manufacturing', NULL, NULL, NULL, NULL, 15, 2, 1, NULL, '2025-07-21 05:01:06', '2025-07-21 05:01:06', NULL);
INSERT INTO `models` VALUES (531, 'can_change_manufacturing_order_step_status', NULL, NULL, 'can_change_manufacturing_order_step_status', '', NULL, 'can_change_manufacturing_order_step_status', 'manufacturing', NULL, NULL, NULL, NULL, 15, 1, 1, NULL, '2025-07-21 05:01:06', '2025-07-21 05:01:06', NULL);
INSERT INTO `models` VALUES (532, 'can_make_manufacturing_order_step_quantity', NULL, NULL, 'can_make_manufacturing_order_step_quantity', '', NULL, 'can_make_manufacturing_order_step_quantity', 'manufacturing', NULL, NULL, NULL, NULL, 15, 1, 1, NULL, '2025-07-21 05:01:06', '2025-07-21 05:01:06', NULL);
INSERT INTO `models` VALUES (533, 'pos_settings', NULL, 'Pos_setting', 'pos_settings', 'Pos_settings_contrller', 'Pos_settings_request', 'Pos_settings_policy', 'pos', NULL, NULL, NULL, NULL, 4, 2, 1, NULL, '2025-07-21 05:01:06', '2025-07-21 05:01:06', NULL);
INSERT INTO `models` VALUES (534, 'employee_loan_maturity_dates', NULL, 'Employee_loan_maturity_date', 'employee_loan_maturity_dates', 'Employee_loan_maturity_dates_controller', 'Employee_loan_maturity_dates_request', 'Employee_loan_maturity_dates_policy', 'payrolls', NULL, NULL, NULL, NULL, 19, 2, 1, NULL, '2025-07-21 05:01:06', '2025-07-21 05:01:06', NULL);
INSERT INTO `models` VALUES (535, 'contract_specifications', NULL, 'Contract_specification', 'contract_specifications', 'Contract_specifications_controller', 'Contract_specifications_request', 'Contract_specifications_policy', 'rental', NULL, NULL, NULL, NULL, 5, 2, 1, NULL, '2025-07-21 05:01:06', '2025-07-21 05:01:06', NULL);
INSERT INTO `models` VALUES (536, 'contract_specification_values', NULL, 'Contract_specification_value', 'contract_specification_values', 'Contract_specification_values_controller', 'Contract_specification_values_request', 'Contract_specification_values_policy', 'rental', NULL, NULL, NULL, NULL, 5, 2, 1, NULL, '2025-07-21 05:01:06', '2025-07-21 05:01:06', NULL);
INSERT INTO `models` VALUES (537, 'employee_loans_report', NULL, 'hrm_reports/employee_loans_report', 'employee_loans_report', '', '', 'employee_loans_report', 'payrolls', NULL, NULL, NULL, NULL, 19, 3, 1, NULL, '2025-07-21 05:01:06', '2025-07-21 05:01:06', NULL);
INSERT INTO `models` VALUES (538, 'multiable_product_offers', NULL, 'Multiable_product_offer', 'multiable_product_offers', 'Multiable_product_offers_controller', 'Multiable_product_offers_request', 'Multiable_product_offers_policy', 'pos', NULL, NULL, NULL, NULL, 4, 2, 1, NULL, '2025-07-21 05:01:06', '2025-07-21 05:01:06', NULL);
INSERT INTO `models` VALUES (539, 'order_groups', NULL, 'Order_group', 'order_groups', 'Order_groups_controller', 'Order_groups_request', 'Order_groups_policy', 'pos_online_order', NULL, NULL, NULL, NULL, 26, 2, 1, NULL, '2025-07-21 05:01:06', '2025-07-21 05:01:06', NULL);
INSERT INTO `models` VALUES (540, 'order_operators', NULL, 'Order_operator', 'order_operators', 'Order_operators_controller', 'Order_operators_request', 'Order_operators_policy', 'pos_online_order', NULL, NULL, NULL, NULL, 26, 2, 1, NULL, '2025-07-21 05:01:06', '2025-07-21 05:01:06', NULL);
INSERT INTO `models` VALUES (541, 'order_stages', NULL, 'Order_stage', 'order_stages', 'Order_stages_controller', 'Order_stages_request', 'Order_stages_policy', 'pos_online_order', NULL, NULL, NULL, NULL, 26, 2, 1, NULL, '2025-07-21 05:01:06', '2025-07-21 05:01:06', NULL);
INSERT INTO `models` VALUES (542, 'orders', NULL, 'Order', 'orders', 'Orders_controller', 'Orders_request', 'Orders_policy', 'pos_online_order', NULL, NULL, NULL, NULL, 26, 2, 1, NULL, '2025-07-21 05:01:06', '2025-07-21 05:01:06', NULL);
INSERT INTO `models` VALUES (543, 'vacation_allowances', NULL, 'Vacation_allowance', 'vacation_allowances', 'Vacation_allowances_controller', 'Vacation_allowances_request', 'Vacation_allowances_policy', 'payrolls', NULL, NULL, NULL, NULL, 19, 2, 1, NULL, '2025-07-21 05:01:06', '2025-07-21 05:01:06', NULL);
INSERT INTO `models` VALUES (544, 'pos_online_order_settings', NULL, 'Pos_online_order_setting', 'pos_online_order_settings', 'Pos_online_order_settings_controller', 'Pos_online_order_settings_request', 'Pos_online_order_settings_policy', 'pos_online_order', NULL, NULL, NULL, NULL, 26, 2, 1, NULL, '2025-07-21 05:01:06', '2025-07-21 05:01:06', NULL);
INSERT INTO `models` VALUES (545, 'delivery_areas', NULL, 'Delivery_area', 'delivery_areas', 'Delivery_areas_controller', 'Delivery_areas_request', 'Delivery_areas_policy', 'pos_online_order', NULL, NULL, NULL, NULL, 26, 2, 1, NULL, '2025-07-21 05:01:06', '2025-07-21 05:01:06', NULL);
INSERT INTO `models` VALUES (546, 'can_enter_to_the_order_manufacturing', NULL, NULL, 'can_enter_to_the_order_manufacturing', '', NULL, 'can_enter_to_the_order_manufacturing', 'pos_online_order', NULL, NULL, NULL, NULL, 26, 1, 1, NULL, '2025-07-21 05:01:06', '2025-07-21 05:01:06', NULL);
INSERT INTO `models` VALUES (547, 'can_close_the_order', NULL, NULL, 'can_close_the_order', '', NULL, 'can_close_the_order', 'pos_online_order', NULL, NULL, NULL, NULL, 26, 1, 1, NULL, '2025-07-21 05:01:06', '2025-07-21 05:01:06', NULL);
INSERT INTO `models` VALUES (548, 'can_close_the_order_delivery', NULL, NULL, 'can_close_the_order_delivery', '', NULL, 'can_close_the_order_delivery', 'pos_online_order', NULL, NULL, NULL, NULL, 26, 1, 1, NULL, '2025-07-21 05:01:06', '2025-07-21 05:01:06', NULL);
INSERT INTO `models` VALUES (549, 'order_receipt', NULL, NULL, 'order_receipt', '', NULL, 'order_receipt', 'pos_online_order', NULL, NULL, NULL, NULL, 26, 1, 1, NULL, '2025-07-21 05:01:06', '2025-07-21 05:01:06', NULL);
INSERT INTO `models` VALUES (550, 'order_insurance_back', NULL, NULL, 'order_insurance_back', '', NULL, 'order_insurance_back', 'pos_online_order', NULL, NULL, NULL, NULL, 26, 1, 1, NULL, '2025-07-21 05:01:06', '2025-07-21 05:01:06', NULL);
INSERT INTO `models` VALUES (551, 'order_drivers', NULL, 'Order_driver', 'order_drivers', 'Order_drivers_controller', 'Order_drivers_request', 'Order_drivers_policy', 'pos_online_order', NULL, NULL, NULL, NULL, 26, 2, 1, NULL, '2025-07-21 05:01:06', '2025-07-21 05:01:06', NULL);
INSERT INTO `models` VALUES (552, 'see_all_finshed_order', NULL, NULL, 'see_all_finshed_order', '', NULL, 'see_all_finshed_order', 'pos_online_order', NULL, NULL, NULL, NULL, 26, 1, 1, NULL, '2025-07-21 05:01:06', '2025-07-21 05:01:06', NULL);
INSERT INTO `models` VALUES (553, 'order_report', NULL, 'poss_reports/order_report', 'order_report', '', NULL, 'order_report', 'pos_online_order', NULL, NULL, NULL, NULL, 26, 3, 1, NULL, '2025-07-21 05:01:06', '2025-07-21 05:01:06', NULL);
INSERT INTO `models` VALUES (554, 'pos_product_extras', NULL, 'Pos_product_extra', 'pos_product_extras', 'Pos_product_extras_controller', 'Pos_product_extras_request', 'Pos_product_extras_policy', 'pos', NULL, NULL, NULL, NULL, 4, 2, 1, NULL, '2025-07-21 05:01:06', '2025-07-21 05:01:06', NULL);
INSERT INTO `models` VALUES (555, 'collected_money_in_pos_values', NULL, 'Collected_money_in_pos_value', 'collected_money_in_pos_values', 'Collected_money_in_pos_values_controller', 'Collected_money_in_pos_values_request', 'Collected_money_in_pos_values_policy', 'pos', NULL, NULL, NULL, NULL, 4, 2, 1, NULL, '2025-07-21 05:01:06', '2025-07-21 05:01:06', NULL);
INSERT INTO `models` VALUES (556, 'employee_departures', NULL, 'Employee_departure', 'employee_departures', 'Employee_departures_controller', 'Employee_departures_request', 'Employee_departures_policy', 'payrolls', NULL, NULL, NULL, NULL, 19, 2, 1, NULL, '2025-07-21 05:01:06', '2025-07-21 05:01:06', NULL);
INSERT INTO `models` VALUES (557, 'stocktaking_report_with_note_vouchers', NULL, 'inventory_reports/stocktaking_report_with_note_vouchers', 'stocktaking_report_with_note_vouchers', '', '', 'stocktaking_report_with_note_vouchers', 'inventory', NULL, NULL, NULL, NULL, 9, 3, 1, NULL, '2025-07-21 05:01:06', '2025-07-21 05:01:06', NULL);
INSERT INTO `models` VALUES (558, 'product_insurances', NULL, 'Product_insurance', 'product_insurances', 'Product_insurances_controller', 'Product_insurances_request', 'Product_insurances_policy', 'pos_online_order', NULL, NULL, NULL, NULL, 26, 2, 1, NULL, '2025-07-21 05:01:06', '2025-07-21 05:01:06', NULL);
INSERT INTO `models` VALUES (559, 'winding_directions', NULL, 'Winding_direction', 'winding_directions', 'Winding_directions_controller', 'Winding_directions_request', 'Winding_directions_policy', 'press', NULL, NULL, NULL, NULL, 33, 2, 1, NULL, '2025-07-21 05:01:06', '2025-07-21 05:01:06', NULL);
INSERT INTO `models` VALUES (560, 'can_return_amount_of_insurance', NULL, NULL, 'can_return_amount_of_insurance', '', NULL, 'can_return_amount_of_insurance', 'pos_online_order', NULL, NULL, NULL, NULL, 26, 1, 1, NULL, '2025-07-21 05:01:06', '2025-07-21 05:01:06', NULL);
INSERT INTO `models` VALUES (561, 'statement_of_balances_in_totals', NULL, 'accounting_reports/statement_of_balances_in_totals', 'statement_of_balances_in_totals', '', '', 'statement_of_balances_in_totals', 'accounting', NULL, NULL, NULL, NULL, 6, 3, 1, NULL, '2025-07-21 05:01:06', '2025-07-21 05:01:06', NULL);
INSERT INTO `models` VALUES (562, 'auditing', NULL, NULL, 'auditing', 'ApplicationsController@auditing', NULL, 'ApplicationsPolicy@auditing', 'auditing', NULL, NULL, NULL, NULL, 36, 1, 1, NULL, '2025-07-21 05:01:06', '2025-07-21 05:01:06', NULL);
INSERT INTO `models` VALUES (563, 'balance_sheet_rejects', NULL, 'Balance_sheet_reject', 'balance_sheet_rejects', 'Balance_sheet_rejects_controller', 'Balance_sheet_rejects_request', 'Balance_sheet_rejects_policy', 'auditing', NULL, NULL, NULL, NULL, 36, 2, 1, NULL, '2025-07-21 05:01:06', '2025-07-21 05:01:06', NULL);
INSERT INTO `models` VALUES (564, 'balance_sheet_status', NULL, 'Balance_sheet_state', 'balance_sheet_status', 'Balance_sheet_status_controller', 'Balance_sheet_status_request', 'Balance_sheet_status_policy', 'auditing', NULL, NULL, NULL, NULL, 36, 2, 1, NULL, '2025-07-21 05:01:06', '2025-07-21 05:01:06', NULL);
INSERT INTO `models` VALUES (565, 'audit_options', NULL, 'Audit_option', 'audit_options', 'Audit_options_controller', 'Audit_options_request', 'Audit_options_policy', 'auditing', NULL, NULL, NULL, NULL, 36, 2, 1, NULL, '2025-07-21 05:01:06', '2025-07-21 05:01:06', NULL);
INSERT INTO `models` VALUES (566, 'balance_sheets', NULL, 'Balance_sheet', 'balance_sheets', 'Balance_sheets_controller', 'Balance_sheets_request', 'Balance_sheets_policy', 'auditing', NULL, NULL, NULL, NULL, 36, 2, 1, NULL, '2025-07-21 05:01:06', '2025-07-21 05:01:06', NULL);
INSERT INTO `models` VALUES (567, 'auditing_groups', NULL, 'Auditing_group', 'auditing_groups', 'Auditing_groups_controller', 'Auditing_groups_request', 'Auditing_groups_policy', 'auditing', NULL, NULL, NULL, NULL, 36, 2, 1, NULL, '2025-07-21 05:01:06', '2025-07-21 05:01:06', NULL);
INSERT INTO `models` VALUES (568, 'see_balance_sheet_cost', NULL, NULL, 'see_balance_sheet_cost', '', NULL, 'see_balance_sheet_cost', 'auditing', NULL, NULL, NULL, NULL, 36, 1, 1, NULL, '2025-07-21 05:01:06', '2025-07-21 05:01:06', NULL);
INSERT INTO `models` VALUES (569, 'balance_sheet_audit', NULL, NULL, 'balance_sheet_audit', '', NULL, 'balance_sheet_audit', 'auditing', NULL, NULL, NULL, NULL, 36, 1, 1, NULL, '2025-07-21 05:01:06', '2025-07-21 05:01:06', NULL);
INSERT INTO `models` VALUES (570, 'balance_sheets_report', NULL, 'auditing_reports/balance_sheets_report', 'balance_sheets_report', '', '', 'balance_sheets_report', 'auditing', NULL, NULL, NULL, NULL, 36, 3, 1, NULL, '2025-07-21 05:01:06', '2025-07-21 05:01:06', NULL);
INSERT INTO `models` VALUES (571, 'balance_sheet_files', NULL, 'Balance_sheet_file', 'balance_sheet_files', 'Balance_sheet_files_controller', 'Balance_sheet_files_request', 'Balance_sheet_files_policy', 'auditing', NULL, NULL, NULL, NULL, 36, 2, 1, NULL, '2025-07-21 05:01:06', '2025-07-21 05:01:06', NULL);
INSERT INTO `models` VALUES (572, 'auditing_settings', NULL, 'Auditing_setting', 'auditing_settings', 'Auditing_settings_controller', 'Auditing_settings_request', 'Auditing_settings_policy', 'auditing', NULL, NULL, NULL, NULL, 36, 2, 1, NULL, '2025-07-21 05:01:06', '2025-07-21 05:01:06', NULL);
INSERT INTO `models` VALUES (573, 'balance_sheet_financial_claims', NULL, 'Balance_sheet_financial_claim', 'balance_sheet_financial_claims', 'Balance_sheet_financial_claims_controller', 'Balance_sheet_financial_claims_request', 'Balance_sheet_financial_claims_policy', 'auditing', NULL, NULL, NULL, NULL, 36, 2, 1, NULL, '2025-07-21 05:01:06', '2025-07-21 05:01:06', NULL);
INSERT INTO `models` VALUES (574, 'can_see_financial_claim', NULL, NULL, 'can_see_financial_claim', '', NULL, 'can_see_financial_claim', 'auditing', NULL, NULL, NULL, NULL, 36, 1, 1, NULL, '2025-07-21 05:01:06', '2025-07-21 05:01:06', NULL);
INSERT INTO `models` VALUES (575, 'can_give_signature_on_balance_sheet', NULL, NULL, 'can_give_signature_on_balance_sheet', '', NULL, 'can_give_signature_on_balance_sheet', 'auditing', NULL, NULL, NULL, NULL, 36, 1, 1, NULL, '2025-07-21 05:01:06', '2025-07-21 05:01:06', NULL);
INSERT INTO `models` VALUES (576, 'change_balance_sheet_state_to_delivered', NULL, NULL, 'change_balance_sheet_state_to_delivered', '', NULL, 'change_balance_sheet_state_to_delivered', 'auditing', NULL, NULL, NULL, NULL, 36, 1, 1, NULL, '2025-07-21 05:01:06', '2025-07-21 05:01:06', NULL);
INSERT INTO `models` VALUES (577, 'final_balance_sheets', NULL, 'Final_balance_sheet', 'final_balance_sheets', 'Final_balance_sheets_controller', 'Final_balance_sheets_request', 'Final_balance_sheets_policy', 'auditing', NULL, NULL, NULL, NULL, 36, 2, 1, NULL, '2025-07-21 05:01:06', '2025-07-21 05:01:06', NULL);
INSERT INTO `models` VALUES (578, 'category_relations', NULL, 'Category_relation', 'category_relations', 'Category_relations_controller', 'Category_relations_request', 'Category_relations_policy', 'pos', NULL, NULL, NULL, NULL, 4, 2, 1, NULL, '2025-07-21 05:01:06', '2025-07-21 05:01:06', NULL);
INSERT INTO `models` VALUES (579, 'partner_product_categories', NULL, 'Partner_product_category', 'partner_product_categories', 'Partner_product_categories_controller', 'Partner_product_categories_request', 'Partner_product_categories_policy', 'accounting', NULL, NULL, NULL, NULL, 6, 2, 1, NULL, '2025-07-21 05:01:06', '2025-07-21 05:01:06', NULL);
INSERT INTO `models` VALUES (580, 'pipeline_specifications', NULL, 'Pipeline_specification', 'pipeline_specifications', 'Pipeline_specifications_controller', 'Pipeline_specifications_request', 'Pipeline_specifications_policy', 'crm', NULL, NULL, NULL, NULL, 25, 2, 1, NULL, '2025-07-21 05:01:06', '2025-07-21 05:01:06', NULL);
INSERT INTO `models` VALUES (581, 'pipeline_specification_values', NULL, 'Pipeline_specification_value', 'pipeline_specification_values', 'Pipeline_specification_values_controller', 'Pipeline_specification_values_request', 'Pipeline_specification_values_policy', 'crm', NULL, NULL, NULL, NULL, 25, 2, 1, NULL, '2025-07-21 05:01:06', '2025-07-21 05:01:06', NULL);
INSERT INTO `models` VALUES (582, 'stage_users', NULL, 'Stage_user', 'stage_users', 'Stage_users_controller', 'Stage_users_request', 'Stage_users_policy', 'crm', NULL, NULL, NULL, NULL, 25, 2, 1, NULL, '2025-07-21 05:01:06', '2025-07-21 05:01:06', NULL);
INSERT INTO `models` VALUES (583, 'information_vouchers', NULL, 'accounting_reports/information_vouchers', 'information_vouchers', '', '', 'information_vouchers', 'accounting', NULL, NULL, NULL, NULL, 6, 3, 1, NULL, '2025-07-21 05:01:06', '2025-07-21 05:01:06', NULL);
INSERT INTO `models` VALUES (584, 'change_product_image_in_product_report', NULL, NULL, 'change_product_image_in_product_report', '', NULL, 'change_product_image_in_product_report', '', NULL, NULL, NULL, NULL, 9, 1, 1, NULL, '2025-07-21 05:01:06', '2025-07-21 05:01:06', NULL);
INSERT INTO `models` VALUES (585, 'supply_chain_dashboard', NULL, NULL, 'supply_chain_dashboard', '', NULL, 'supply_chain_dashboard', '', NULL, NULL, NULL, NULL, 9, 1, 1, NULL, '2025-07-21 05:01:06', '2025-07-21 05:01:06', NULL);
INSERT INTO `models` VALUES (586, 'wc_finshed_date_holidays', NULL, 'Wc_finshed_date_holiday', 'wc_finshed_date_holidays', 'Wc_finshed_date_holidays_controller', 'Wc_finshed_date_holidays_request', 'Wc_finshed_date_holidays_policy', 'working_contracts', NULL, NULL, NULL, NULL, 28, 2, 1, NULL, '2025-07-21 05:01:06', '2025-07-21 05:01:06', NULL);
INSERT INTO `models` VALUES (587, 'wc_finshed_date_report', NULL, 'working_contract_reports/wc_finshed_date_report', 'wc_finshed_date_report', '', '', 'wc_finshed_date_report', 'working_contracts', NULL, NULL, NULL, NULL, 28, 3, 1, NULL, '2025-07-21 05:01:06', '2025-07-21 05:01:06', NULL);
INSERT INTO `models` VALUES (588, 'edit_working_contract_dates', NULL, NULL, 'edit_working_contract_dates', '', NULL, 'edit_working_contract_dates', 'working_contracts', NULL, NULL, NULL, NULL, 28, 1, 1, NULL, '2025-07-21 05:01:06', '2025-07-21 05:01:06', NULL);
INSERT INTO `models` VALUES (589, 'tasks_application', NULL, 'Task', 'tasks', 'ApplicationsController@tasks', NULL, 'ApplicationsPolicy@tasks', 'tasks', NULL, NULL, NULL, NULL, 37, 1, 1, NULL, '2025-07-21 05:01:06', '2025-07-21 05:01:06', NULL);
INSERT INTO `models` VALUES (590, 'employee_teams', NULL, 'Employee_team', 'employee_teams', 'Employee_teams_controller', 'Employee_teams_request', 'Employee_teams_policy', 'tasks', NULL, NULL, NULL, NULL, 37, 2, 1, NULL, '2025-07-21 05:01:06', '2025-07-21 05:01:06', NULL);
INSERT INTO `models` VALUES (591, 'task_status', NULL, 'Task_state', 'task_status', 'Task_status_controller', '', 'Task_status_policy', 'tasks', NULL, NULL, NULL, NULL, 37, 2, 1, NULL, '2025-07-21 05:01:06', '2025-07-21 05:01:06', NULL);
INSERT INTO `models` VALUES (592, 'task_groups', NULL, 'Task_group', 'task_groups', 'Task_groups_controller', '', 'Task_groups_policy', 'tasks', NULL, NULL, NULL, NULL, 37, 2, 1, NULL, '2025-07-21 05:01:06', '2025-07-21 05:01:06', NULL);
INSERT INTO `models` VALUES (593, 'tasks', NULL, 'Task', 'tasks', 'Tasks_controller', '', 'Tasks_policy', 'tasks', NULL, NULL, NULL, NULL, 37, 2, 1, NULL, '2025-07-21 05:01:06', '2025-07-21 05:01:06', NULL);
INSERT INTO `models` VALUES (594, 'task_report', NULL, 'task_reports/task_report', 'task_report', '', '', 'task_report', 'tasks', NULL, NULL, NULL, NULL, 37, 3, 1, NULL, '2025-07-21 05:01:06', '2025-07-21 05:01:06', NULL);
INSERT INTO `models` VALUES (595, 'show_task_statistics', NULL, '', 'show_task_statistics', '', '', 'show_task_statistics', 'tasks', NULL, NULL, NULL, NULL, 37, 1, 1, NULL, '2025-07-21 05:01:06', '2025-07-21 05:01:06', NULL);
INSERT INTO `models` VALUES (596, 'can_change_task_status', NULL, '', 'can_change_task_status', '', '', 'can_change_task_status', 'tasks', NULL, NULL, NULL, NULL, 37, 1, 1, NULL, '2025-07-21 05:01:06', '2025-07-21 05:01:06', NULL);
INSERT INTO `models` VALUES (597, 'summary_invoice_status', NULL, 'Summary_invoice_state', 'summary_invoice_status', '', '', '', 'sales', NULL, NULL, NULL, NULL, 3, 2, 1, NULL, '2025-07-21 05:01:06', '2025-07-21 05:01:06', NULL);
INSERT INTO `models` VALUES (598, 'summary_invoice_groups', NULL, 'Summary_invoice_group', 'summary_invoice_groups', '', '', '', 'sales', NULL, NULL, NULL, NULL, 3, 2, 1, NULL, '2025-07-21 05:01:06', '2025-07-21 05:01:06', NULL);
INSERT INTO `models` VALUES (599, 'summary_invoices', NULL, 'Summary_invoice', 'summary_invoices', '', '', '', 'sales', NULL, NULL, NULL, NULL, 3, 2, 1, NULL, '2025-07-21 05:01:06', '2025-07-21 05:01:06', NULL);
INSERT INTO `models` VALUES (600, 'summary_invoices_report', NULL, 'sales_reports/summary_invoices_report', 'summary_invoices_report', '', '', 'summary_invoices_report', 'sales', NULL, NULL, NULL, NULL, 3, 3, 1, NULL, '2025-07-21 05:01:06', '2025-07-21 05:01:06', NULL);
INSERT INTO `models` VALUES (601, 'all_summary_invoices', NULL, 'all_summary_invoices', 'all_summary_invoices', '', '', 'all_summary_invoices', 'sales', NULL, NULL, NULL, NULL, 3, 1, 1, NULL, '2025-07-21 05:01:06', '2025-07-21 05:01:06', NULL);
INSERT INTO `models` VALUES (602, 'see_other_journal_entries', NULL, '', 'see_other_journal_entries', '', '', 'see_other_journal_entries', 'accounting', NULL, NULL, NULL, NULL, 6, 1, 1, NULL, '2025-07-21 05:01:06', '2025-07-21 05:01:06', NULL);
INSERT INTO `models` VALUES (603, 'transfer_to_e_invoice', NULL, '', 'transfer_to_e_invoice', '', '', 'transfer_to_e_invoice', 'accounting', NULL, NULL, NULL, NULL, 6, 1, 1, NULL, '2025-07-21 05:01:06', '2025-07-21 05:01:06', NULL);
INSERT INTO `models` VALUES (604, 'material_inspection_report', NULL, 'inventory_reports/material_inspection_report', 'material_inspection_report', '', '', 'material_inspection_report', 'inventory', NULL, NULL, NULL, NULL, 9, 3, 1, NULL, '2025-07-21 05:01:06', '2025-07-21 05:01:06', NULL);
INSERT INTO `models` VALUES (605, 'tenants', NULL, 'tenant', 'tenants', 'tenants_controller', 'tenants_request', 'tenants_policy', 'settings', NULL, NULL, NULL, NULL, 1, 2, 1, NULL, '2025-07-21 05:01:06', '2025-07-21 05:01:06', NULL);
INSERT INTO `models` VALUES (606, 'configurations', NULL, 'configuration', 'configurations', 'configurations_controller', 'configurations_request', 'configurations_policy', 'settings', NULL, NULL, NULL, NULL, 1, 2, 1, NULL, '2025-07-21 05:01:06', '2025-07-21 05:01:06', NULL);
INSERT INTO `models` VALUES (607, 'sales_rate_report', NULL, 'inventory_reports/sales_rate_report', 'sales_rate_report', '', '', 'sales_rate_report', 'inventory', NULL, NULL, NULL, NULL, 9, 3, 1, NULL, '2025-07-21 05:01:06', '2025-07-21 05:01:06', NULL);
INSERT INTO `models` VALUES (608, 'ticket_departments', NULL, 'Ticket_department', 'ticket_departments', 'Ticket_departments_controller', 'Ticket_departments_request', 'Ticket_departments_policy', 'settings', NULL, NULL, NULL, NULL, 1, 2, 1, NULL, '2025-07-21 05:01:06', '2025-07-21 05:01:06', NULL);
INSERT INTO `models` VALUES (609, 'view_other_tickets', NULL, NULL, 'view_other_tickets', '', NULL, 'view_other_tickets', 'settings', NULL, NULL, NULL, NULL, 1, 1, 1, NULL, '2025-07-21 05:01:06', '2025-07-21 05:01:06', NULL);
INSERT INTO `models` VALUES (610, 'view_team_tickets', NULL, NULL, 'view_team_tickets', '', NULL, 'view_team_tickets', 'settings', NULL, NULL, NULL, NULL, 1, 1, 1, NULL, '2025-07-21 05:01:06', '2025-07-21 05:01:06', NULL);
INSERT INTO `models` VALUES (611, 'tickets', NULL, 'Ticket', 'tickets', 'Tickets_controller', 'Tickets_request', 'Tickets_policy', 'settings', NULL, NULL, NULL, NULL, 1, 2, 1, NULL, '2025-07-21 05:01:06', '2025-07-21 05:01:06', NULL);
INSERT INTO `models` VALUES (612, 'Ticket_replys', NULL, 'Ticket_reply', 'Ticket_replys', 'Ticket_replys_controller', 'Ticket_replys_request', 'Ticket_replys_policy', '', NULL, NULL, NULL, NULL, 1, 2, 1, NULL, '2025-07-21 05:01:06', '2025-07-21 05:01:06', NULL);
INSERT INTO `models` VALUES (613, 'products_with_expiry_report', NULL, 'inventory_reports/products_with_expiry_report', 'products_with_expiry_report', '', '', 'products_with_expiry_report', 'inventory', NULL, NULL, NULL, NULL, 9, 3, 1, NULL, '2025-07-21 05:01:06', '2025-07-21 05:01:06', NULL);
INSERT INTO `models` VALUES (614, 'note_voucher_line_serials', NULL, 'Note_voucher_line_serial', 'note_voucher_line_serials', 'note_voucher_line_serials_controller', '', '', 'accounting', NULL, NULL, NULL, NULL, 6, 2, 1, NULL, '2025-07-21 05:01:06', '2025-07-21 05:01:06', NULL);
INSERT INTO `models` VALUES (615, 'comprehensive_rental_report', NULL, 'contracts_reports/comprehensive_rental_report', 'comprehensive_rental_report', '', '', 'comprehensive_rental_report', 'rental', NULL, NULL, NULL, NULL, 5, 3, 1, NULL, '2025-07-21 05:01:06', '2025-07-21 05:01:06', NULL);
INSERT INTO `models` VALUES (616, 'monthly_contracts_report', NULL, 'contracts_reports/monthly_contracts_report', 'monthly_contracts_report', '', '', 'monthly_contracts_report', 'rental', NULL, NULL, NULL, NULL, 5, 3, 1, NULL, '2025-07-21 05:01:06', '2025-07-21 05:01:06', NULL);
INSERT INTO `models` VALUES (617, 'annual_rentals_report', NULL, 'contracts_reports/annual_rentals_report', 'annual_rentals_report', '', '', 'annual_rentals_report', 'rental', NULL, NULL, NULL, NULL, 5, 3, 1, NULL, '2025-07-21 05:01:06', '2025-07-21 05:01:06', NULL);
INSERT INTO `models` VALUES (618, 'point_of_sale_closure_report', NULL, 'poss_reports/point_of_sale_closure_report', 'point_of_sale_closure_report', '', '', 'point_of_sale_closure_report', 'poss', NULL, NULL, NULL, NULL, 4, 3, 1, NULL, '2025-07-21 05:01:06', '2025-07-21 05:01:06', NULL);
INSERT INTO `models` VALUES (619, 'daily_sales_by_hour', NULL, 'poss_reports/daily_sales_by_hour', 'daily_sales_by_hour', '', '', 'daily_sales_by_hour', 'poss', NULL, NULL, NULL, NULL, 4, 3, 1, NULL, '2025-07-21 05:01:06', '2025-07-21 05:01:06', NULL);
INSERT INTO `models` VALUES (620, 'sales_by_tax_rate', NULL, 'poss_reports/sales_by_tax_rate', 'sales_by_tax_rate', '', '', 'sales_by_tax_rate', 'poss', NULL, NULL, NULL, NULL, 4, 3, 1, NULL, '2025-07-21 05:01:06', '2025-07-21 05:01:06', NULL);

-- ----------------------------
